{"id":12639,"date":"2025-06-29T14:33:57","date_gmt":"2025-06-29T12:33:57","guid":{"rendered":"https:\/\/uj.adatbank.ro\/lexikon\/termek\/kornis-kata-gonczruszkai-br-petki-janosne\/"},"modified":"2025-06-29T14:33:57","modified_gmt":"2025-06-29T12:33:57","slug":"kornis-kata-gonczruszkai-br-petki-janosne","status":"publish","type":"product","link":"https:\/\/uj.adatbank.ro\/lexikon\/termek\/kornis-kata-gonczruszkai-br-petki-janosne\/","title":{"rendered":"KORNIS Kata, g\u00f6nczruszkai br., Petki J\u00e1nosn\u00e9"},"content":{"rendered":"<p>? \u2020 Derzs, 1638. jan. 10.: f\u00f6ldbirtokos, Apja K. Farkas, anyja Petki Kata. Testv\u00e9re K. Judit, P\u00e9chi Simonn\u00e9. Le\u00e1nya Petki Borb\u00e1ra, Apafi Gy\u00f6rgyn\u00e9. Unok\u00e1ja Apafi Kata, Toldalagi Ferencn\u00e9. <br \/><strong>Irod.:<\/strong> D\u00e1lnoki Nagy Mih\u00e1ly: Halotti besz\u00e9d Petki J\u00e1nos I. \u00f6zvegye, K. K. felett = K\u00e9nosi-Uzoni 2.; <\/br><\/p>\n","protected":false},"excerpt":{"rendered":"<p>? \u2020 Derzs, 1638. jan. 10.: f\u00f6ldbirtokos, Apja K. Farkas, anyja Petki Kata. Testv\u00e9re K. Judit, P\u00e9chi Simonn\u00e9. Le\u00e1nya Petki Borb\u00e1ra, Apafi Gy\u00f6rgyn\u00e9. Unok\u00e1ja Apafi Kata, Toldalagi Ferencn\u00e9. Irod.: D\u00e1lnoki Nagy Mih\u00e1ly: Halotti besz\u00e9d Petki J\u00e1nos I. \u00f6zvegye, K. K. felett = K\u00e9nosi-Uzoni 2.;<\/p>\n","protected":false},"featured_media":0,"comment_status":"open","ping_status":"closed","template":"","meta":[],"product_brand":[],"product_cat":[137],"product_tag":[],"class_list":{"0":"post-12639","1":"product","2":"type-product","3":"status-publish","5":"product_cat-maros-megyei-eletrajzi-lexikon","7":"first","8":"instock","9":"shipping-taxable","10":"product-type-simple"},"_links":{"self":[{"href":"https:\/\/uj.adatbank.ro\/lexikon\/wp-json\/wp\/v2\/product\/12639","targetHints":{"allow":["GET"]}}],"collection":[{"href":"https:\/\/uj.adatbank.ro\/lexikon\/wp-json\/wp\/v2\/product"}],"about":[{"href":"https:\/\/uj.adatbank.ro\/lexikon\/wp-json\/wp\/v2\/types\/product"}],"replies":[{"embeddable":true,"href":"https:\/\/uj.adatbank.ro\/lexikon\/wp-json\/wp\/v2\/comments?post=12639"}],"wp:attachment":[{"href":"https:\/\/uj.adatbank.ro\/lexikon\/wp-json\/wp\/v2\/media?parent=12639"}],"wp:term":[{"taxonomy":"product_brand","embeddable":true,"href":"https:\/\/uj.adatbank.ro\/lexikon\/wp-json\/wp\/v2\/product_brand?post=12639"},{"taxonomy":"product_cat","embeddable":true,"href":"https:\/\/uj.adatbank.ro\/lexikon\/wp-json\/wp\/v2\/product_cat?post=12639"},{"taxonomy":"product_tag","embeddable":true,"href":"https:\/\/uj.adatbank.ro\/lexikon\/wp-json\/wp\/v2\/product_tag?post=12639"}],"curies":[{"name":"wp","href":"https:\/\/api.w.org\/{rel}","templated":true}]}}