{"id":12641,"date":"2025-06-29T14:33:59","date_gmt":"2025-06-29T12:33:59","guid":{"rendered":"https:\/\/uj.adatbank.ro\/lexikon\/termek\/kornis-klarissza-karolyi-edene\/"},"modified":"2025-06-29T14:33:59","modified_gmt":"2025-06-29T12:33:59","slug":"kornis-klarissza-karolyi-edene","status":"publish","type":"product","link":"https:\/\/uj.adatbank.ro\/lexikon\/termek\/kornis-klarissza-karolyi-edene\/","title":{"rendered":"KORNIS Klarissza, K\u00e1rolyi Ed\u00e9n\u00e9"},"content":{"rendered":"<p>1834. jan. 29., Ker. Dics\u0151szentm\u00e1rton, 1834. febr. 8. \u2020 Abbazia, 1906. dec 10. Tem. F\u00f3t, Pest vm., 1906. dec. 14. \u2013 Kornis Mih\u00e1ly \u00e9s Bethlen Kata le\u00e1nya. <br \/><strong>Irod.:<\/strong> Bir\u00f3 J\u00f3zsef. A bonchidai B\u00e1nffy-kast\u00e9ly csal\u00e1di arck\u00e9pei  =  Lyka eml\u00e9kk.; Gudenus<\/br><\/p>\n","protected":false},"excerpt":{"rendered":"<p>1834. jan. 29., Ker. Dics\u0151szentm\u00e1rton, 1834. febr. 8. \u2020 Abbazia, 1906. dec 10. Tem. F\u00f3t, Pest vm., 1906. dec. 14. \u2013 Kornis Mih\u00e1ly \u00e9s Bethlen Kata le\u00e1nya. Irod.: Bir\u00f3 J\u00f3zsef. A bonchidai B\u00e1nffy-kast\u00e9ly csal\u00e1di arck\u00e9pei = Lyka eml\u00e9kk.; Gudenus<\/p>\n","protected":false},"featured_media":0,"comment_status":"open","ping_status":"closed","template":"","meta":[],"product_brand":[],"product_cat":[137],"product_tag":[],"class_list":{"0":"post-12641","1":"product","2":"type-product","3":"status-publish","5":"product_cat-maros-megyei-eletrajzi-lexikon","7":"first","8":"instock","9":"shipping-taxable","10":"product-type-simple"},"_links":{"self":[{"href":"https:\/\/uj.adatbank.ro\/lexikon\/wp-json\/wp\/v2\/product\/12641","targetHints":{"allow":["GET"]}}],"collection":[{"href":"https:\/\/uj.adatbank.ro\/lexikon\/wp-json\/wp\/v2\/product"}],"about":[{"href":"https:\/\/uj.adatbank.ro\/lexikon\/wp-json\/wp\/v2\/types\/product"}],"replies":[{"embeddable":true,"href":"https:\/\/uj.adatbank.ro\/lexikon\/wp-json\/wp\/v2\/comments?post=12641"}],"wp:attachment":[{"href":"https:\/\/uj.adatbank.ro\/lexikon\/wp-json\/wp\/v2\/media?parent=12641"}],"wp:term":[{"taxonomy":"product_brand","embeddable":true,"href":"https:\/\/uj.adatbank.ro\/lexikon\/wp-json\/wp\/v2\/product_brand?post=12641"},{"taxonomy":"product_cat","embeddable":true,"href":"https:\/\/uj.adatbank.ro\/lexikon\/wp-json\/wp\/v2\/product_cat?post=12641"},{"taxonomy":"product_tag","embeddable":true,"href":"https:\/\/uj.adatbank.ro\/lexikon\/wp-json\/wp\/v2\/product_tag?post=12641"}],"curies":[{"name":"wp","href":"https:\/\/api.w.org\/{rel}","templated":true}]}}