{"id":12642,"date":"2025-06-29T14:34:01","date_gmt":"2025-06-29T12:34:01","guid":{"rendered":"https:\/\/uj.adatbank.ro\/lexikon\/termek\/kornis-klementina-goncruszkai-gr-szentkereszty-gyorgyne\/"},"modified":"2025-06-29T14:34:01","modified_gmt":"2025-06-29T12:34:01","slug":"kornis-klementina-goncruszkai-gr-szentkereszty-gyorgyne","status":"publish","type":"product","link":"https:\/\/uj.adatbank.ro\/lexikon\/termek\/kornis-klementina-goncruszkai-gr-szentkereszty-gyorgyne\/","title":{"rendered":"KORNIS Klementina, g\u00f6ncruszkai gr., Szentkereszty Gy\u00f6rgyn\u00e9"},"content":{"rendered":"<p>1849., \u2020 1916.: hossz\u00faasz\u00f3i f\u00f6ldbirtokos. \u2013 Ferenc (1818\u20131861) \u00e9s Grundermann Emma(1827\u201396) l\u00e1nya. F\u00e9rje z\u00e1goni Szentkereszty Gy\u00f6rgy (1840\u20131932). Gyermekei: Emma, Anna \u00e9s Istv\u00e1n Hunyadmegye f\u0151isp\u00e1nja, ogyi k\u00e9pv., hossz\u00faasz\u00f3i birtokos, sz\u0151ll\u0151termeszt\u0151. A mez\u0151paniti birtokot anyj\u00e1t\u00f3l \u00f6r\u00f6k\u00f6lte. Az egyh\u00e1zat megaj\u00e1nd\u00e9kozta. A rom\u00e1n bet\u0151r\u00e9s alatt menek\u00fclve halt meg. <br \/><strong>Irod.:<\/strong> Bicsok-Orb\u00e1n; Gudenus; Lukinich; Mez\u0151panit; Veress Endre 1917<\/br><\/p>\n","protected":false},"excerpt":{"rendered":"<p>1849., \u2020 1916.: hossz\u00faasz\u00f3i f\u00f6ldbirtokos. \u2013 Ferenc (1818\u20131861) \u00e9s Grundermann Emma(1827\u201396) l\u00e1nya. F\u00e9rje z\u00e1goni Szentkereszty Gy\u00f6rgy (1840\u20131932). Gyermekei: Emma, Anna \u00e9s Istv\u00e1n Hunyadmegye f\u0151isp\u00e1nja, ogyi k\u00e9pv., hossz\u00faasz\u00f3i birtokos, sz\u0151ll\u0151termeszt\u0151. A mez\u0151paniti birtokot anyj\u00e1t\u00f3l \u00f6r\u00f6k\u00f6lte. Az egyh\u00e1zat megaj\u00e1nd\u00e9kozta. A rom\u00e1n bet\u0151r\u00e9s alatt menek\u00fclve halt meg. Irod.: Bicsok-Orb\u00e1n; Gudenus; Lukinich; Mez\u0151panit; Veress Endre 1917<\/p>\n","protected":false},"featured_media":0,"comment_status":"open","ping_status":"closed","template":"","meta":[],"product_brand":[],"product_cat":[137],"product_tag":[],"class_list":{"0":"post-12642","1":"product","2":"type-product","3":"status-publish","5":"product_cat-maros-megyei-eletrajzi-lexikon","7":"first","8":"instock","9":"shipping-taxable","10":"product-type-simple"},"_links":{"self":[{"href":"https:\/\/uj.adatbank.ro\/lexikon\/wp-json\/wp\/v2\/product\/12642","targetHints":{"allow":["GET"]}}],"collection":[{"href":"https:\/\/uj.adatbank.ro\/lexikon\/wp-json\/wp\/v2\/product"}],"about":[{"href":"https:\/\/uj.adatbank.ro\/lexikon\/wp-json\/wp\/v2\/types\/product"}],"replies":[{"embeddable":true,"href":"https:\/\/uj.adatbank.ro\/lexikon\/wp-json\/wp\/v2\/comments?post=12642"}],"wp:attachment":[{"href":"https:\/\/uj.adatbank.ro\/lexikon\/wp-json\/wp\/v2\/media?parent=12642"}],"wp:term":[{"taxonomy":"product_brand","embeddable":true,"href":"https:\/\/uj.adatbank.ro\/lexikon\/wp-json\/wp\/v2\/product_brand?post=12642"},{"taxonomy":"product_cat","embeddable":true,"href":"https:\/\/uj.adatbank.ro\/lexikon\/wp-json\/wp\/v2\/product_cat?post=12642"},{"taxonomy":"product_tag","embeddable":true,"href":"https:\/\/uj.adatbank.ro\/lexikon\/wp-json\/wp\/v2\/product_tag?post=12642"}],"curies":[{"name":"wp","href":"https:\/\/api.w.org\/{rel}","templated":true}]}}