{"id":12643,"date":"2025-06-29T14:34:03","date_gmt":"2025-06-29T12:34:03","guid":{"rendered":"https:\/\/uj.adatbank.ro\/lexikon\/termek\/kornis-krisztina-goncruszkai-gr-bornemisza-ignacne\/"},"modified":"2025-06-29T14:34:03","modified_gmt":"2025-06-29T12:34:03","slug":"kornis-krisztina-goncruszkai-gr-bornemisza-ignacne","status":"publish","type":"product","link":"https:\/\/uj.adatbank.ro\/lexikon\/termek\/kornis-krisztina-goncruszkai-gr-bornemisza-ignacne\/","title":{"rendered":"KORNIS Krisztina, g\u00f6ncruszkai gr.; Bornemisza Ign\u00e1cn\u00e9"},"content":{"rendered":"<p>1715., \u2020 ? 1776 m\u00e9g \u00e9lt: g\u00f6rg\u00e9nyi f\u00f6ldbirtokos. \u2013 K. Istv\u00e1n (1680\u20131741), f\u0151isp\u00e1n, gub. vbtt \u00e9s gyer\u0151monostori Gyer\u0151ffi Borb\u00e1la (1684\u20131727) l\u00e1nya. K\u00e1szonimp\u00e9rfalvi br. Bornemisza Ign\u00e1c (1707\u20131769) erd\u00e9lyi kincst\u00e1rnok, a g\u00f6rg\u00e9nyi uradalom birtokos\u00e1nak feles\u00e9ge, a g\u00f6rg\u00e9nyi uradalomban tartott\u00e1k f\u00e9nyes esk\u00fcv\u0151j\u00fcket (1734). Gyermekei: Anna, Kl\u00e1ra- Haller G\u00e1born\u00e9, J\u00e1nos (1734\u20131810), Krisztina- Nemes Gy\u00f6rgyn\u00e9. <br \/><strong>Irod.:<\/strong> Kelemen Lajos 2006; P\u00e1lmay; Veress Endre 1917<\/br><\/p>\n","protected":false},"excerpt":{"rendered":"<p>1715., \u2020 ? 1776 m\u00e9g \u00e9lt: g\u00f6rg\u00e9nyi f\u00f6ldbirtokos. \u2013 K. Istv\u00e1n (1680\u20131741), f\u0151isp\u00e1n, gub. vbtt \u00e9s gyer\u0151monostori Gyer\u0151ffi Borb\u00e1la (1684\u20131727) l\u00e1nya. K\u00e1szonimp\u00e9rfalvi br. Bornemisza Ign\u00e1c (1707\u20131769) erd\u00e9lyi kincst\u00e1rnok, a g\u00f6rg\u00e9nyi uradalom birtokos\u00e1nak feles\u00e9ge, a g\u00f6rg\u00e9nyi uradalomban tartott\u00e1k f\u00e9nyes esk\u00fcv\u0151j\u00fcket (1734). Gyermekei: Anna, Kl\u00e1ra- Haller G\u00e1born\u00e9, J\u00e1nos (1734\u20131810), Krisztina- Nemes Gy\u00f6rgyn\u00e9. Irod.: Kelemen Lajos 2006; P\u00e1lmay; [&hellip;]<\/p>\n","protected":false},"featured_media":0,"comment_status":"open","ping_status":"closed","template":"","meta":[],"product_brand":[],"product_cat":[137],"product_tag":[],"class_list":{"0":"post-12643","1":"product","2":"type-product","3":"status-publish","5":"product_cat-maros-megyei-eletrajzi-lexikon","7":"first","8":"instock","9":"shipping-taxable","10":"product-type-simple"},"_links":{"self":[{"href":"https:\/\/uj.adatbank.ro\/lexikon\/wp-json\/wp\/v2\/product\/12643","targetHints":{"allow":["GET"]}}],"collection":[{"href":"https:\/\/uj.adatbank.ro\/lexikon\/wp-json\/wp\/v2\/product"}],"about":[{"href":"https:\/\/uj.adatbank.ro\/lexikon\/wp-json\/wp\/v2\/types\/product"}],"replies":[{"embeddable":true,"href":"https:\/\/uj.adatbank.ro\/lexikon\/wp-json\/wp\/v2\/comments?post=12643"}],"wp:attachment":[{"href":"https:\/\/uj.adatbank.ro\/lexikon\/wp-json\/wp\/v2\/media?parent=12643"}],"wp:term":[{"taxonomy":"product_brand","embeddable":true,"href":"https:\/\/uj.adatbank.ro\/lexikon\/wp-json\/wp\/v2\/product_brand?post=12643"},{"taxonomy":"product_cat","embeddable":true,"href":"https:\/\/uj.adatbank.ro\/lexikon\/wp-json\/wp\/v2\/product_cat?post=12643"},{"taxonomy":"product_tag","embeddable":true,"href":"https:\/\/uj.adatbank.ro\/lexikon\/wp-json\/wp\/v2\/product_tag?post=12643"}],"curies":[{"name":"wp","href":"https:\/\/api.w.org\/{rel}","templated":true}]}}