{"id":12646,"date":"2025-06-29T14:34:08","date_gmt":"2025-06-29T12:34:08","guid":{"rendered":"https:\/\/uj.adatbank.ro\/lexikon\/termek\/kornis-mihaly-antal-goncruszkai-gr\/"},"modified":"2025-06-29T14:34:08","modified_gmt":"2025-06-29T12:34:08","slug":"kornis-mihaly-antal-goncruszkai-gr","status":"publish","type":"product","link":"https:\/\/uj.adatbank.ro\/lexikon\/termek\/kornis-mihaly-antal-goncruszkai-gr\/","title":{"rendered":"KORNIS Mih\u00e1ly Antal, g\u00f6ncruszkai gr."},"content":{"rendered":"<p>D\u00e9s, 1796. \u00e1pr. 24., \u2020 H\u00e9derf\u00e1ja, 1835. nov. 27., tem. D\u00e9s. dec. 8 a Ferencrendi templomban.: cs. kir. kamar\u00e1s, erd\u00e9lyi kincst\u00e1ri tan\u00e1csos, az MTA tagja, h\u00e9derf\u00e1ji f\u00f6ldbirtokos. \u2013 K. Ign\u00e1c (1760\u20131819), \u00e9s sz\u00e9ki Teleki Anna (1772\u20131836) fia. Feles\u00e9ge ikt\u00e1ri gr. Bethlen Katalin (1814\u20131871. febr. 24) B. S\u00e1muel \u00e9s S\u00e1rdi Sim\u00e9n Kl\u00e1ra le\u00e1nya. Esk\u00fcv\u0151: (Mv. 1830. j\u00fal. 4.) Gyermekeik: Mikl\u00f3s (1831\u201366), \u00c1d\u00e1m (1832\u201368); Klarissza (1834\u20131906) gr. K\u00e1rolyi S\u00e1ndorn\u00e9; Anna (1836\u20131901). \u2013 Tanulm\u00e1nyait Kv.-on elv\u00e9gezve (1815) a kir. korm\u00e1nysz\u00e9kn\u00e9l irnok lett de t\u00f6rv\u00e9nygyakorl\u00e1s v\u00e9gett Mv. -re ment a kir. t\u00e1bl\u00e1hoz ahol k\u00e9t \u00e9v m\u00falva v\u00e9gzett (1816). A korm\u00e1nysz\u00e9kn\u00e9l fogalmaz\u00f3 (1816\u2013); az erd\u00e9lyi udvari kancell\u00e1ri\u00e1n fogalmaz\u00f3 (1821\u2013), a korm\u00e1nysz\u00e9kn\u00e9l titk\u00e1r (1823\u2013); emellett K\u0151v\u00e1r vid\u00e9k\u00e9nek (1826\u2013), majd Kolozsv\u00e1rmegy\u00e9nek (1826\u2013) f\u0151isp\u00e1ni helytart\u00f3ja, f\u0151isp\u00e1nja (1829\u201332), ezt k\u00f6vet\u0151en a kir. kincstart\u00f3s\u00e1gn\u00e1l tan\u00e1csos (1832\u2013). A nagym\u0171velts\u00e9g\u0171 s a hazai irodalmat p\u00e1rtol\u00f3 hazafit a MTA els\u0151 alap\u00edt\u00f3i azonnal felvett\u00e9k az igazgat\u00f3i tan\u00e1csba (1830); r\u00e9szt vett az erd\u00e9lyi orsz\u00e1ggy\u0171l\u00e9sen (1834), tagja a nevezetes br\u00fcnni k\u00fcld\u00f6tts\u00e9gnek, de elhatalmasodott t\u00fcd\u0151v\u00e9sze miatt B\u00e9csb\u0151l csal\u00e1dja k\u00f6r\u00e9be H\u00e9derf\u00e1j\u00e1ra k\u00f6lt\u00f6z\u00f6tt. Kazinczyval j\u00f3bar\u00e1ts\u00e1gban \u00e9s levelez\u00e9sben volt (1821\u2013); Olaszorsz\u00e1gi \u00e9s g\u00f6r\u00f6gorsz\u00e1gi utaz\u00e1s\u00e1r\u00f3l cikkekben sz\u00e1molt be az erd\u00e9lyi lapokban. Bo\u00e9r M\u00e1rton megfestette arck\u00e9p\u00e9t Kelemen Lajos szerint : 1820 \u00e9s meghalt 1832. <br \/><strong>Irod.:<\/strong> Gudenus; Kelemen; Kelemen Lajos 2006; Mo. f\u0151isp\u00e1njai; P\u00e1l-Antal 2009; Szil\u00e1gyi S\u00e1ndor: Okm\u00e1nyok az erd\u00e9lyi tud\u00f3st\u00e1rsas\u00e1gi igyekezetek t\u00f6rt\u00e9net\u00e9hez. 1793\u20131845. = M. t\u00f6rt. t\u00e1r 9.; Szinnyei, Veress Endre 1917<\/br><\/p>\n","protected":false},"excerpt":{"rendered":"<p>D\u00e9s, 1796. \u00e1pr. 24., \u2020 H\u00e9derf\u00e1ja, 1835. nov. 27., tem. D\u00e9s. dec. 8 a Ferencrendi templomban.: cs. kir. kamar\u00e1s, erd\u00e9lyi kincst\u00e1ri tan\u00e1csos, az MTA tagja, h\u00e9derf\u00e1ji f\u00f6ldbirtokos. \u2013 K. Ign\u00e1c (1760\u20131819), \u00e9s sz\u00e9ki Teleki Anna (1772\u20131836) fia. Feles\u00e9ge ikt\u00e1ri gr. Bethlen Katalin (1814\u20131871. febr. 24) B. S\u00e1muel \u00e9s S\u00e1rdi Sim\u00e9n Kl\u00e1ra le\u00e1nya. Esk\u00fcv\u0151: (Mv. 1830. [&hellip;]<\/p>\n","protected":false},"featured_media":0,"comment_status":"open","ping_status":"closed","template":"","meta":[],"product_brand":[],"product_cat":[137],"product_tag":[],"class_list":{"0":"post-12646","1":"product","2":"type-product","3":"status-publish","5":"product_cat-maros-megyei-eletrajzi-lexikon","7":"first","8":"instock","9":"shipping-taxable","10":"product-type-simple"},"_links":{"self":[{"href":"https:\/\/uj.adatbank.ro\/lexikon\/wp-json\/wp\/v2\/product\/12646","targetHints":{"allow":["GET"]}}],"collection":[{"href":"https:\/\/uj.adatbank.ro\/lexikon\/wp-json\/wp\/v2\/product"}],"about":[{"href":"https:\/\/uj.adatbank.ro\/lexikon\/wp-json\/wp\/v2\/types\/product"}],"replies":[{"embeddable":true,"href":"https:\/\/uj.adatbank.ro\/lexikon\/wp-json\/wp\/v2\/comments?post=12646"}],"wp:attachment":[{"href":"https:\/\/uj.adatbank.ro\/lexikon\/wp-json\/wp\/v2\/media?parent=12646"}],"wp:term":[{"taxonomy":"product_brand","embeddable":true,"href":"https:\/\/uj.adatbank.ro\/lexikon\/wp-json\/wp\/v2\/product_brand?post=12646"},{"taxonomy":"product_cat","embeddable":true,"href":"https:\/\/uj.adatbank.ro\/lexikon\/wp-json\/wp\/v2\/product_cat?post=12646"},{"taxonomy":"product_tag","embeddable":true,"href":"https:\/\/uj.adatbank.ro\/lexikon\/wp-json\/wp\/v2\/product_tag?post=12646"}],"curies":[{"name":"wp","href":"https:\/\/api.w.org\/{rel}","templated":true}]}}