{"id":12654,"date":"2025-06-29T14:34:24","date_gmt":"2025-06-29T12:34:24","guid":{"rendered":"https:\/\/uj.adatbank.ro\/lexikon\/termek\/kornis-zsigmond-homorodszentpali-goncruszkai-l-br-aranysarkanytyus-lovag-foispan\/"},"modified":"2025-06-29T14:34:24","modified_gmt":"2025-06-29T12:34:24","slug":"kornis-zsigmond-homorodszentpali-goncruszkai-l-br-aranysarkanytyus-lovag-foispan","status":"publish","type":"product","link":"https:\/\/uj.adatbank.ro\/lexikon\/termek\/kornis-zsigmond-homorodszentpali-goncruszkai-l-br-aranysarkanytyus-lovag-foispan\/","title":{"rendered":"KORNIS Zsigmond, homor\u00f3dszentp\u00e1li, g\u00f6ncruszkai l. br., aranysarkanyty\u00fas lovag, f\u0151isp\u00e1n"},"content":{"rendered":"<p>1578. k., \u2020 Radn\u00f3t, 1648. nov. 3.: fejedelmi tan\u00e1csos, nagybirtokos. \u2013 K. G\u00e1sp\u00e1r m\u00e1ramarosi f\u0151isp\u00e1n, huszti kapit\u00e1ny (\u2020 1601) erd\u00e9lyi f\u0151\u00far \u00e9s nagyszalontai Tholdy Erzs\u00e9bet fia, K. Boldizs\u00e1r \u00f6ccse. Feles\u00e9ge erd\u0151di P\u00e1lffy Ilona (1606\u20131637). \u2013 B\u00e1sta sereg\u00e9ben harcolt (1603); B\u00e1thori G\u00e1bor erd\u00e9lyi fejedelem egyik k\u00f6vetek\u00e9nt a b\u00e9csi udvar k\u00e9pvisel\u0151ivel t\u00e1rgyalt (1608), \u0151sszel egyik k\u00f6vetk\u00e9nt jelen volt a kir\u00e1lyv\u00e1laszt\u00f3 ogy.-en. Lehet, hogy r\u00e9szese volt a B\u00e1thori G\u00e1bor elleni \u00f6sszeesk\u00fcv\u00e9snek (1610) Magyaro.-ra menek\u00fclt, t\u00e1voll\u00e9t\u00e9ben f\u0151- \u00e9s vagyonveszt\u00e9sre \u00edt\u00e9lt\u00e9k; Forg\u00e1ch Zsigmond sereg\u00e9ben r\u00e9szt vett az erd\u00e9lyi hadj\u00e1ratban (1611), a szebeni ogy. \u00f6r\u00f6k\u00f6s proskripci\u00f3ra \u00edt\u00e9lte (1612). Tev\u00e9kenyen t\u00e1mogatta Bethlen G\u00e1bor fejedelems\u00e9g\u00e9nek elismertet\u00e9s\u00e9t (1613), a fejedelem \u00f3haj\u00e1ra az ellene hozott \u00edt\u00e9letet az ogy. megsemmisitette (1614). A csehek megseg\u00edt\u00e9s\u00e9re k\u00fcld\u00f6tt erd\u00e9lyi had egyik parancsnoka (1620\u201321). Bethlen G\u00e1bor majd I. R\u00e1k\u00f3czi Gy\u00f6rgy alatt fejedelmi tan\u00e1csos (1629\u201348), bihari (1622, vagy 1626\u201345) \u00e9s zar\u00e1ndi f\u0151isp\u00e1n (1629\u2013), aranysarkanty\u00fas vit\u00e9z. A fejedelmi tan\u00e1cs tagja (1929\u2013) R\u00e1k\u00f3czi Zsigmond sereg\u00e9nek f\u0151vez\u00e9re (1644\u2013) az erd\u00e9lyi hadak gener\u00e1lisa (1645-ig). Mint fejedelmi tan\u00e1csos jelen volt Mv.-en a K\u00f6peczi h\u00e1zban (1633) amikor I. R\u00e1k\u00f3czi Gy\u00f6rgy elfogatta a p\u00e1rt\u00fct\u0151 Z\u00f3lyomi D\u00e1vidot. A t\u00f6r\u00f6k elleni szalontai csat\u00e1ban az erd\u00e9lyi csapatok parancsnoka (1636. okt.), r\u00e9szt vett a havasalf\u00f6ldi hadj\u00e1ratban (1639). B\u00e1r\u00f3i rangot kapott (1636. febr. 11.). Kiterjedt birtokai voltak Bihar megy\u00e9ben. Megv\u00e1s\u00e1rolta a ludasi birtokot P\u00e9csi Simont\u00f3l (1630). A radn\u00f3ti v\u00e1rat Bethlen G\u00e1bor fejedelemt\u0151l kapta adom\u00e1nyk\u00e9nt (1629), az \u00e1tv\u00e9tel ut\u00e1n folytatta k\u00e9t b\u00e1stya \u00e9p\u00edt\u00e9s\u00e9t. Hal\u00e1la ut\u00e1n unoka\u00f6ccse Ferenc \u00f6r\u00f6k\u00f6lte az uradalmat, aki lemondott II. R\u00e1k\u00f3czi Gy\u00f6rgy jav\u00e1ra (1649). <br \/><strong>Irod.:<\/strong> Bicsok-Orb\u00e1n; Documente privitoare la istoria Ardealului, Moldovei \u015fi \u0162\u0103rii Rom\u00e2ne\u015fti (Buc., 1929\u201338); Ferenczi S\u00e1ndor 2012; Gindely Antal: Bethlen G\u00e1bor \u00e9s udvara (Bp., 1890); Id\u0151t\u00e1r 1; Keresztes; Kov\u00e1cs Andr\u00e1s; Kov\u00e1cs Andr\u00e1s: A radn\u00f3ti v\u00e1rkast\u00e9ly (Kv., 1994); Kutschera Rolf: Guvernatorii Transilvaniei (Sibiu, 1943); Marossz\u00e9ki kr\u00f3nik\u00e1k 1; M\u00c9L; Mo. f\u0151isp\u00e1njai; Szekeres Ad\u00e9l: Ludas a XV \u2013 XVIII. sz\u00e1zad k\u00f6z\u00f6tt (N\u00fa., 1996. m\u00e1rc. 13.); Szov\u00e1ta; Tr\u00f3cs\u00e1nyi 2008; \u00daM\u00c9L; Veress Endre 1917<\/br><\/p>\n","protected":false},"excerpt":{"rendered":"<p>1578. k., \u2020 Radn\u00f3t, 1648. nov. 3.: fejedelmi tan\u00e1csos, nagybirtokos. \u2013 K. G\u00e1sp\u00e1r m\u00e1ramarosi f\u0151isp\u00e1n, huszti kapit\u00e1ny (\u2020 1601) erd\u00e9lyi f\u0151\u00far \u00e9s nagyszalontai Tholdy Erzs\u00e9bet fia, K. Boldizs\u00e1r \u00f6ccse. Feles\u00e9ge erd\u0151di P\u00e1lffy Ilona (1606\u20131637). \u2013 B\u00e1sta sereg\u00e9ben harcolt (1603); B\u00e1thori G\u00e1bor erd\u00e9lyi fejedelem egyik k\u00f6vetek\u00e9nt a b\u00e9csi udvar k\u00e9pvisel\u0151ivel t\u00e1rgyalt (1608), \u0151sszel egyik k\u00f6vetk\u00e9nt jelen [&hellip;]<\/p>\n","protected":false},"featured_media":0,"comment_status":"open","ping_status":"closed","template":"","meta":[],"product_brand":[],"product_cat":[137],"product_tag":[],"class_list":{"0":"post-12654","1":"product","2":"type-product","3":"status-publish","5":"product_cat-maros-megyei-eletrajzi-lexikon","7":"first","8":"instock","9":"shipping-taxable","10":"product-type-simple"},"_links":{"self":[{"href":"https:\/\/uj.adatbank.ro\/lexikon\/wp-json\/wp\/v2\/product\/12654","targetHints":{"allow":["GET"]}}],"collection":[{"href":"https:\/\/uj.adatbank.ro\/lexikon\/wp-json\/wp\/v2\/product"}],"about":[{"href":"https:\/\/uj.adatbank.ro\/lexikon\/wp-json\/wp\/v2\/types\/product"}],"replies":[{"embeddable":true,"href":"https:\/\/uj.adatbank.ro\/lexikon\/wp-json\/wp\/v2\/comments?post=12654"}],"wp:attachment":[{"href":"https:\/\/uj.adatbank.ro\/lexikon\/wp-json\/wp\/v2\/media?parent=12654"}],"wp:term":[{"taxonomy":"product_brand","embeddable":true,"href":"https:\/\/uj.adatbank.ro\/lexikon\/wp-json\/wp\/v2\/product_brand?post=12654"},{"taxonomy":"product_cat","embeddable":true,"href":"https:\/\/uj.adatbank.ro\/lexikon\/wp-json\/wp\/v2\/product_cat?post=12654"},{"taxonomy":"product_tag","embeddable":true,"href":"https:\/\/uj.adatbank.ro\/lexikon\/wp-json\/wp\/v2\/product_tag?post=12654"}],"curies":[{"name":"wp","href":"https:\/\/api.w.org\/{rel}","templated":true}]}}