{"id":12655,"date":"2025-06-29T14:34:27","date_gmt":"2025-06-29T12:34:27","guid":{"rendered":"https:\/\/uj.adatbank.ro\/lexikon\/termek\/kornis-zsuzsanna-zsofia-goncruszkai-gr-lazar-laszlone\/"},"modified":"2025-06-29T14:34:27","modified_gmt":"2025-06-29T12:34:27","slug":"kornis-zsuzsanna-zsofia-goncruszkai-gr-lazar-laszlone","status":"publish","type":"product","link":"https:\/\/uj.adatbank.ro\/lexikon\/termek\/kornis-zsuzsanna-zsofia-goncruszkai-gr-lazar-laszlone\/","title":{"rendered":"KORNIS Zsuzsanna Zs\u00f3fia, g\u00f6ncruszkai gr., L\u00e1z\u00e1r L\u00e1szl\u00f3n\u00e9"},"content":{"rendered":"<p>Mv., 1708. j\u00fan. 18 \u2020 Meggyesfalva, 1741. szept 16., temetve Meggyesfalva r. k. templom : f\u00f6ldbirtokos. \u2013 K. Zsigmond (1677\u20131731) erd\u00e9lyi gubern\u00e1tor \u00e9s t\u00f6visi B\u00e1lintitt Zsuzsa(1681\u20131738) le\u00e1nya. A mv.-i v\u00e1rban sz\u00fcletett val\u00f3sz\u00edn\u0171leg ott volt a Kornis h\u00e1z. F\u00e9rjhez ment sz\u00e1rhegyi L\u00e1z\u00e1r L\u00e1szl\u00f3hoz (1707-Meggyesfalva, 1732. m\u00e1j. 7), Esk\u00fcv\u0151 Meggyesfalv\u00e1n (1730. aug. 7), ezzel a h\u00e1zass\u00e1ggal \u00f6r\u00f6k\u00f6lt\u00e9k Meggyesfalv\u00e1t a L\u00e1z\u00e1rok. M\u00e1sodik f\u00e9rje Bilher J\u00f3zsef. Fia Antal (1731\u20131783). <br \/><strong>Irod.:<\/strong> Gudenus; Kelemen Lajos 2006; Kornis, Veress Endre 1917<\/br><\/p>\n","protected":false},"excerpt":{"rendered":"<p>Mv., 1708. j\u00fan. 18 \u2020 Meggyesfalva, 1741. szept 16., temetve Meggyesfalva r. k. templom : f\u00f6ldbirtokos. \u2013 K. Zsigmond (1677\u20131731) erd\u00e9lyi gubern\u00e1tor \u00e9s t\u00f6visi B\u00e1lintitt Zsuzsa(1681\u20131738) le\u00e1nya. A mv.-i v\u00e1rban sz\u00fcletett val\u00f3sz\u00edn\u0171leg ott volt a Kornis h\u00e1z. F\u00e9rjhez ment sz\u00e1rhegyi L\u00e1z\u00e1r L\u00e1szl\u00f3hoz (1707-Meggyesfalva, 1732. m\u00e1j. 7), Esk\u00fcv\u0151 Meggyesfalv\u00e1n (1730. aug. 7), ezzel a h\u00e1zass\u00e1ggal \u00f6r\u00f6k\u00f6lt\u00e9k [&hellip;]<\/p>\n","protected":false},"featured_media":0,"comment_status":"open","ping_status":"closed","template":"","meta":[],"product_brand":[],"product_cat":[137],"product_tag":[],"class_list":{"0":"post-12655","1":"product","2":"type-product","3":"status-publish","5":"product_cat-maros-megyei-eletrajzi-lexikon","7":"first","8":"instock","9":"shipping-taxable","10":"product-type-simple"},"_links":{"self":[{"href":"https:\/\/uj.adatbank.ro\/lexikon\/wp-json\/wp\/v2\/product\/12655","targetHints":{"allow":["GET"]}}],"collection":[{"href":"https:\/\/uj.adatbank.ro\/lexikon\/wp-json\/wp\/v2\/product"}],"about":[{"href":"https:\/\/uj.adatbank.ro\/lexikon\/wp-json\/wp\/v2\/types\/product"}],"replies":[{"embeddable":true,"href":"https:\/\/uj.adatbank.ro\/lexikon\/wp-json\/wp\/v2\/comments?post=12655"}],"wp:attachment":[{"href":"https:\/\/uj.adatbank.ro\/lexikon\/wp-json\/wp\/v2\/media?parent=12655"}],"wp:term":[{"taxonomy":"product_brand","embeddable":true,"href":"https:\/\/uj.adatbank.ro\/lexikon\/wp-json\/wp\/v2\/product_brand?post=12655"},{"taxonomy":"product_cat","embeddable":true,"href":"https:\/\/uj.adatbank.ro\/lexikon\/wp-json\/wp\/v2\/product_cat?post=12655"},{"taxonomy":"product_tag","embeddable":true,"href":"https:\/\/uj.adatbank.ro\/lexikon\/wp-json\/wp\/v2\/product_tag?post=12655"}],"curies":[{"name":"wp","href":"https:\/\/api.w.org\/{rel}","templated":true}]}}