{"id":12664,"date":"2025-06-29T14:34:46","date_gmt":"2025-06-29T12:34:46","guid":{"rendered":"https:\/\/uj.adatbank.ro\/lexikon\/termek\/korodi-jozsef-2\/"},"modified":"2025-06-29T14:34:46","modified_gmt":"2025-06-29T12:34:46","slug":"korodi-jozsef-2","status":"publish","type":"product","link":"https:\/\/uj.adatbank.ro\/lexikon\/termek\/korodi-jozsef-2\/","title":{"rendered":"KOR\u00d3DI J\u00f3zsef"},"content":{"rendered":"<p>Dics\u0151szentm\u00e1rton, 1914. j\u00fan. 22., \u2020 ?: m\u00fazeul\u00f3gos, restaur\u00e1tor. \u2013 K\u00f6z\u00e9piskol\u00e1it Mv.-en kezdte \u00e9s \u00e9retts\u00e9gizett Sepsiszentgy\u0151rgy\u0151n a Sz\u00e9kely Mik\u00f3 Koll.-ban (1932); az egyetemet Kv.-on (1934\u2013), \u00e9s Iasiban t\u00f6rt\u00e9nelem-f\u00f6ldrajz szakon v\u00e9gezte (1938). Tan\u00e1r Kv.-on a Kereskedelmi Fi\u00faliceumban (1940\u201348), majd a Tan\u00edt\u00f3k\u00e9pz\u0151 igazgat\u00f3ja (1948\u201350); politikai fogoly a Duna-Feketetenger csatorn\u00e1n\u00e1l (1950\u201351); Kv.-on tan\u00e1r (1951\u201358); a kv.-i Technofrig g\u00e9pgy\u00e1r modellez\u0151je (1958\u201360); az Erd\u00e9lyi T\u00f6rt\u00e9nelmi M\u00fazeum restaur\u00e1tora (1961\u201374); tudom\u00e1nyos f\u0151kutat\u00f3, laborat\u00f3rium vezet\u0151 nyugalomba vonul\u00e1s\u00e1ig (1974\u201377); a buk.-i restaur\u00e1tork\u00e9pz\u0151 tanfolyam tan\u00e1ra (1965\u2013). Restaur\u00e1tori ismereteit Magyaro-n. Csehszlov\u00e1ki\u00e1ban \u00e9s Franciao-ban gyarap\u00edtotta., r\u00e9szt vett az Erd\u00e9lyi T\u00f6rt\u00e9nelmi M\u00fazeum k\u00f6lni, r\u00f3mai, belgr\u00e1di ki\u00e1ll\u00edt\u00e1sainak rendez\u00e9s\u00e9ben valamint a buk.-i T\u00f6rt\u00e9neti M\u00fazeum munk\u00e1lataiban. Nev\u00e9hez f\u0171z\u0151dik a v\u00e1rhelyi \u201eDecebalus per Scorilo\u201e fel\u00edrat\u00fa kultikus d\u00e1k ed\u00e9ny restaur\u00e1l\u00e1sa. Kit\u0171ntet\u00e9k a Kultur\u00e1lis \u00c9rdemrend IV. Fokozat\u00e1val (1971). Szakter\u00fclete : a f\u00e9mek restaur\u00e1l\u00e1sa \u00e9s a m\u0171anyagok alkalmaz\u00e1sa a restaur\u00e1l\u00e1sban. Cikkei : Revista Muzeelor, Acta Musei Napocensis. R\u00e9szt vett rom\u00e1n t\u00f6rt\u00e9nelmi tank\u00f6nyvek magyarra ford\u00edt\u00e1s\u00e1ban \u2013 <strong>F. m.:<\/strong> A k\u00f6z\u00e9pkor \u00e9s \u00fajkor t\u00f6rt\u00e9nete (Kv., 1947). <br \/><strong>Irod.:<\/strong> KKACs; RMIL; RMKK<\/br><\/p>\n","protected":false},"excerpt":{"rendered":"<p>Dics\u0151szentm\u00e1rton, 1914. j\u00fan. 22., \u2020 ?: m\u00fazeul\u00f3gos, restaur\u00e1tor. \u2013 K\u00f6z\u00e9piskol\u00e1it Mv.-en kezdte \u00e9s \u00e9retts\u00e9gizett Sepsiszentgy\u0151rgy\u0151n a Sz\u00e9kely Mik\u00f3 Koll.-ban (1932); az egyetemet Kv.-on (1934\u2013), \u00e9s Iasiban t\u00f6rt\u00e9nelem-f\u00f6ldrajz szakon v\u00e9gezte (1938). Tan\u00e1r Kv.-on a Kereskedelmi Fi\u00faliceumban (1940\u201348), majd a Tan\u00edt\u00f3k\u00e9pz\u0151 igazgat\u00f3ja (1948\u201350); politikai fogoly a Duna-Feketetenger csatorn\u00e1n\u00e1l (1950\u201351); Kv.-on tan\u00e1r (1951\u201358); a kv.-i Technofrig g\u00e9pgy\u00e1r modellez\u0151je [&hellip;]<\/p>\n","protected":false},"featured_media":0,"comment_status":"open","ping_status":"closed","template":"","meta":[],"product_brand":[],"product_cat":[137],"product_tag":[],"class_list":{"0":"post-12664","1":"product","2":"type-product","3":"status-publish","5":"product_cat-maros-megyei-eletrajzi-lexikon","7":"first","8":"instock","9":"shipping-taxable","10":"product-type-simple"},"_links":{"self":[{"href":"https:\/\/uj.adatbank.ro\/lexikon\/wp-json\/wp\/v2\/product\/12664","targetHints":{"allow":["GET"]}}],"collection":[{"href":"https:\/\/uj.adatbank.ro\/lexikon\/wp-json\/wp\/v2\/product"}],"about":[{"href":"https:\/\/uj.adatbank.ro\/lexikon\/wp-json\/wp\/v2\/types\/product"}],"replies":[{"embeddable":true,"href":"https:\/\/uj.adatbank.ro\/lexikon\/wp-json\/wp\/v2\/comments?post=12664"}],"wp:attachment":[{"href":"https:\/\/uj.adatbank.ro\/lexikon\/wp-json\/wp\/v2\/media?parent=12664"}],"wp:term":[{"taxonomy":"product_brand","embeddable":true,"href":"https:\/\/uj.adatbank.ro\/lexikon\/wp-json\/wp\/v2\/product_brand?post=12664"},{"taxonomy":"product_cat","embeddable":true,"href":"https:\/\/uj.adatbank.ro\/lexikon\/wp-json\/wp\/v2\/product_cat?post=12664"},{"taxonomy":"product_tag","embeddable":true,"href":"https:\/\/uj.adatbank.ro\/lexikon\/wp-json\/wp\/v2\/product_tag?post=12664"}],"curies":[{"name":"wp","href":"https:\/\/api.w.org\/{rel}","templated":true}]}}