{"id":12666,"date":"2025-06-29T14:34:49","date_gmt":"2025-06-29T12:34:49","guid":{"rendered":"https:\/\/uj.adatbank.ro\/lexikon\/termek\/korodi-walter\/"},"modified":"2025-06-29T14:34:49","modified_gmt":"2025-06-29T12:34:49","slug":"korodi-walter","status":"publish","type":"product","link":"https:\/\/uj.adatbank.ro\/lexikon\/termek\/korodi-walter\/","title":{"rendered":"KORODI Walter"},"content":{"rendered":"<p>Sz\u00e1szr\u00e9gen, 1902. j\u00fal. 8. \u2020 ?: \u00fajs\u00e1g\u00edr\u00f3. \u2013 N\u00e9meto.-ban Sv\u00e1jcban \u00e9lt (1935\u2013). <br \/><strong>Irod.:<\/strong> Nagy Csaba<\/br><\/p>\n","protected":false},"excerpt":{"rendered":"<p>Sz\u00e1szr\u00e9gen, 1902. j\u00fal. 8. \u2020 ?: \u00fajs\u00e1g\u00edr\u00f3. \u2013 N\u00e9meto.-ban Sv\u00e1jcban \u00e9lt (1935\u2013). Irod.: Nagy Csaba<\/p>\n","protected":false},"featured_media":0,"comment_status":"open","ping_status":"closed","template":"","meta":[],"product_brand":[],"product_cat":[137],"product_tag":[],"class_list":{"0":"post-12666","1":"product","2":"type-product","3":"status-publish","5":"product_cat-maros-megyei-eletrajzi-lexikon","7":"first","8":"instock","9":"shipping-taxable","10":"product-type-simple"},"_links":{"self":[{"href":"https:\/\/uj.adatbank.ro\/lexikon\/wp-json\/wp\/v2\/product\/12666","targetHints":{"allow":["GET"]}}],"collection":[{"href":"https:\/\/uj.adatbank.ro\/lexikon\/wp-json\/wp\/v2\/product"}],"about":[{"href":"https:\/\/uj.adatbank.ro\/lexikon\/wp-json\/wp\/v2\/types\/product"}],"replies":[{"embeddable":true,"href":"https:\/\/uj.adatbank.ro\/lexikon\/wp-json\/wp\/v2\/comments?post=12666"}],"wp:attachment":[{"href":"https:\/\/uj.adatbank.ro\/lexikon\/wp-json\/wp\/v2\/media?parent=12666"}],"wp:term":[{"taxonomy":"product_brand","embeddable":true,"href":"https:\/\/uj.adatbank.ro\/lexikon\/wp-json\/wp\/v2\/product_brand?post=12666"},{"taxonomy":"product_cat","embeddable":true,"href":"https:\/\/uj.adatbank.ro\/lexikon\/wp-json\/wp\/v2\/product_cat?post=12666"},{"taxonomy":"product_tag","embeddable":true,"href":"https:\/\/uj.adatbank.ro\/lexikon\/wp-json\/wp\/v2\/product_tag?post=12666"}],"curies":[{"name":"wp","href":"https:\/\/api.w.org\/{rel}","templated":true}]}}