{"id":12682,"date":"2025-06-29T14:35:20","date_gmt":"2025-06-29T12:35:20","guid":{"rendered":"https:\/\/uj.adatbank.ro\/lexikon\/termek\/koronka-albert-csittszentivanyi\/"},"modified":"2025-06-29T14:35:20","modified_gmt":"2025-06-29T12:35:20","slug":"koronka-albert-csittszentivanyi","status":"publish","type":"product","link":"https:\/\/uj.adatbank.ro\/lexikon\/termek\/koronka-albert-csittszentivanyi\/","title":{"rendered":"KORONKA Albert, csittszentiv\u00e1nyi"},"content":{"rendered":"<p>1841.? \u2020 Mv., 1871. m\u00e1rc. 30. Kisg\u00f6rg\u00e9nyi csal\u00e1di s\u00edrboltba temett\u00e9k: jog\u00e1sz. \u2013 K. L\u00e1szl\u00f3 (\u2020 Mv., 1868) erd\u00e9lyi kir. f\u0151korm\u00e1nysz\u00e9ki tan\u00e1csos \u00e9s kib\u00e9di M\u00e1tyus Katalin (1817\u20131882. m\u00e1rc. 29.) fia. \u2013 Jogtudor \u00e9s kir. t\u00e1blai fogalmaz\u00f3, t\u00e1blai fogalmaz\u00f3. <br \/><strong>Irod.:<\/strong> Gy\u00e1szjelent\u0151<\/br><\/p>\n","protected":false},"excerpt":{"rendered":"<p>1841.? \u2020 Mv., 1871. m\u00e1rc. 30. Kisg\u00f6rg\u00e9nyi csal\u00e1di s\u00edrboltba temett\u00e9k: jog\u00e1sz. \u2013 K. L\u00e1szl\u00f3 (\u2020 Mv., 1868) erd\u00e9lyi kir. f\u0151korm\u00e1nysz\u00e9ki tan\u00e1csos \u00e9s kib\u00e9di M\u00e1tyus Katalin (1817\u20131882. m\u00e1rc. 29.) fia. \u2013 Jogtudor \u00e9s kir. t\u00e1blai fogalmaz\u00f3, t\u00e1blai fogalmaz\u00f3. Irod.: Gy\u00e1szjelent\u0151<\/p>\n","protected":false},"featured_media":0,"comment_status":"open","ping_status":"closed","template":"","meta":[],"product_brand":[],"product_cat":[137],"product_tag":[],"class_list":{"0":"post-12682","1":"product","2":"type-product","3":"status-publish","5":"product_cat-maros-megyei-eletrajzi-lexikon","7":"first","8":"instock","9":"shipping-taxable","10":"product-type-simple"},"_links":{"self":[{"href":"https:\/\/uj.adatbank.ro\/lexikon\/wp-json\/wp\/v2\/product\/12682","targetHints":{"allow":["GET"]}}],"collection":[{"href":"https:\/\/uj.adatbank.ro\/lexikon\/wp-json\/wp\/v2\/product"}],"about":[{"href":"https:\/\/uj.adatbank.ro\/lexikon\/wp-json\/wp\/v2\/types\/product"}],"replies":[{"embeddable":true,"href":"https:\/\/uj.adatbank.ro\/lexikon\/wp-json\/wp\/v2\/comments?post=12682"}],"wp:attachment":[{"href":"https:\/\/uj.adatbank.ro\/lexikon\/wp-json\/wp\/v2\/media?parent=12682"}],"wp:term":[{"taxonomy":"product_brand","embeddable":true,"href":"https:\/\/uj.adatbank.ro\/lexikon\/wp-json\/wp\/v2\/product_brand?post=12682"},{"taxonomy":"product_cat","embeddable":true,"href":"https:\/\/uj.adatbank.ro\/lexikon\/wp-json\/wp\/v2\/product_cat?post=12682"},{"taxonomy":"product_tag","embeddable":true,"href":"https:\/\/uj.adatbank.ro\/lexikon\/wp-json\/wp\/v2\/product_tag?post=12682"}],"curies":[{"name":"wp","href":"https:\/\/api.w.org\/{rel}","templated":true}]}}