{"id":12691,"date":"2025-06-29T14:35:39","date_gmt":"2025-06-29T12:35:39","guid":{"rendered":"https:\/\/uj.adatbank.ro\/lexikon\/termek\/koronka-mihaly\/"},"modified":"2025-06-29T14:35:39","modified_gmt":"2025-06-29T12:35:39","slug":"koronka-mihaly","status":"publish","type":"product","link":"https:\/\/uj.adatbank.ro\/lexikon\/termek\/koronka-mihaly\/","title":{"rendered":"KORONKA Mih\u00e1ly"},"content":{"rendered":"<p>? \u2020 ? : bergenyei sz\u00e9kely nemes. \u2013 Nemesi levelet nyert (1612. j\u00fan. 28). El\u0151sz\u00f6r eml\u00edtik nemesk\u00e9t (1590). B\u00e1sta idej\u00e9n l\u00f3f\u0151k\u00e9nt lustr\u00e1lt \u00e9s a cs\u00e1sz\u00e1r \u00e9s kir\u00e1ly h\u0171s\u00e9g\u00e9re esk\u00fcd\u00f6tt. \u0150 \u00e9s fiai -Gergely \u00e9s Andr\u00e1s B\u00e1thory G\u00e1bort\u00f3l szereztek c\u00edmeres primipilus levelet (1612 j\u00fan. 18).-irod.: Mez\u0151bergenye<\/br><\/p>\n","protected":false},"excerpt":{"rendered":"<p>? \u2020 ? : bergenyei sz\u00e9kely nemes. \u2013 Nemesi levelet nyert (1612. j\u00fan. 28). El\u0151sz\u00f6r eml\u00edtik nemesk\u00e9t (1590). B\u00e1sta idej\u00e9n l\u00f3f\u0151k\u00e9nt lustr\u00e1lt \u00e9s a cs\u00e1sz\u00e1r \u00e9s kir\u00e1ly h\u0171s\u00e9g\u00e9re esk\u00fcd\u00f6tt. \u0150 \u00e9s fiai -Gergely \u00e9s Andr\u00e1s B\u00e1thory G\u00e1bort\u00f3l szereztek c\u00edmeres primipilus levelet (1612 j\u00fan. 18).-irod.: Mez\u0151bergenye<\/p>\n","protected":false},"featured_media":0,"comment_status":"open","ping_status":"closed","template":"","meta":[],"product_brand":[],"product_cat":[137],"product_tag":[],"class_list":{"0":"post-12691","1":"product","2":"type-product","3":"status-publish","5":"product_cat-maros-megyei-eletrajzi-lexikon","7":"first","8":"instock","9":"shipping-taxable","10":"product-type-simple"},"_links":{"self":[{"href":"https:\/\/uj.adatbank.ro\/lexikon\/wp-json\/wp\/v2\/product\/12691","targetHints":{"allow":["GET"]}}],"collection":[{"href":"https:\/\/uj.adatbank.ro\/lexikon\/wp-json\/wp\/v2\/product"}],"about":[{"href":"https:\/\/uj.adatbank.ro\/lexikon\/wp-json\/wp\/v2\/types\/product"}],"replies":[{"embeddable":true,"href":"https:\/\/uj.adatbank.ro\/lexikon\/wp-json\/wp\/v2\/comments?post=12691"}],"wp:attachment":[{"href":"https:\/\/uj.adatbank.ro\/lexikon\/wp-json\/wp\/v2\/media?parent=12691"}],"wp:term":[{"taxonomy":"product_brand","embeddable":true,"href":"https:\/\/uj.adatbank.ro\/lexikon\/wp-json\/wp\/v2\/product_brand?post=12691"},{"taxonomy":"product_cat","embeddable":true,"href":"https:\/\/uj.adatbank.ro\/lexikon\/wp-json\/wp\/v2\/product_cat?post=12691"},{"taxonomy":"product_tag","embeddable":true,"href":"https:\/\/uj.adatbank.ro\/lexikon\/wp-json\/wp\/v2\/product_tag?post=12691"}],"curies":[{"name":"wp","href":"https:\/\/api.w.org\/{rel}","templated":true}]}}