{"id":12695,"date":"2025-06-29T14:35:48","date_gmt":"2025-06-29T12:35:48","guid":{"rendered":"https:\/\/uj.adatbank.ro\/lexikon\/termek\/koronka-mezobergenyei\/"},"modified":"2025-06-29T14:35:48","modified_gmt":"2025-06-29T12:35:48","slug":"koronka-mezobergenyei","status":"publish","type":"product","link":"https:\/\/uj.adatbank.ro\/lexikon\/termek\/koronka-mezobergenyei\/","title":{"rendered":"KORONKA, mez\u0151bergenyei"},"content":{"rendered":"<p>a r\u00e9gi sz\u00e9kely csal\u00e1d els\u0151 ismert \u0151se K. Mih\u00e1ly birtokos volt Bergeny\u00e9ben (1590), h\u0171s\u00e9get esk\u00fcd\u00f6tt a cs. \u00e9s kir. -nak B\u00e1sta f\u0151gener\u00e1lis rendelet\u00e9re (1602), fiai Gergely \u00e9s Andr\u00e1s nyertek B\u00e1thory G\u00e1bort\u00f3l c\u00edmeres nemeslevelet (1612. j\u00fan. 28.) ; G\u00e1bor \u00e9s fiai nemess\u00e9g\u00e9t (1785. dec 3.) legf. helyen igazolt\u00e1k. <br \/><strong>Irod.:<\/strong> Kempelen; P\u00e1lmay<\/br><\/p>\n","protected":false},"excerpt":{"rendered":"<p>a r\u00e9gi sz\u00e9kely csal\u00e1d els\u0151 ismert \u0151se K. Mih\u00e1ly birtokos volt Bergeny\u00e9ben (1590), h\u0171s\u00e9get esk\u00fcd\u00f6tt a cs. \u00e9s kir. -nak B\u00e1sta f\u0151gener\u00e1lis rendelet\u00e9re (1602), fiai Gergely \u00e9s Andr\u00e1s nyertek B\u00e1thory G\u00e1bort\u00f3l c\u00edmeres nemeslevelet (1612. j\u00fan. 28.) ; G\u00e1bor \u00e9s fiai nemess\u00e9g\u00e9t (1785. dec 3.) legf. helyen igazolt\u00e1k. Irod.: Kempelen; P\u00e1lmay<\/p>\n","protected":false},"featured_media":0,"comment_status":"open","ping_status":"closed","template":"","meta":[],"product_brand":[],"product_cat":[137],"product_tag":[],"class_list":{"0":"post-12695","1":"product","2":"type-product","3":"status-publish","5":"product_cat-maros-megyei-eletrajzi-lexikon","7":"first","8":"instock","9":"shipping-taxable","10":"product-type-simple"},"_links":{"self":[{"href":"https:\/\/uj.adatbank.ro\/lexikon\/wp-json\/wp\/v2\/product\/12695","targetHints":{"allow":["GET"]}}],"collection":[{"href":"https:\/\/uj.adatbank.ro\/lexikon\/wp-json\/wp\/v2\/product"}],"about":[{"href":"https:\/\/uj.adatbank.ro\/lexikon\/wp-json\/wp\/v2\/types\/product"}],"replies":[{"embeddable":true,"href":"https:\/\/uj.adatbank.ro\/lexikon\/wp-json\/wp\/v2\/comments?post=12695"}],"wp:attachment":[{"href":"https:\/\/uj.adatbank.ro\/lexikon\/wp-json\/wp\/v2\/media?parent=12695"}],"wp:term":[{"taxonomy":"product_brand","embeddable":true,"href":"https:\/\/uj.adatbank.ro\/lexikon\/wp-json\/wp\/v2\/product_brand?post=12695"},{"taxonomy":"product_cat","embeddable":true,"href":"https:\/\/uj.adatbank.ro\/lexikon\/wp-json\/wp\/v2\/product_cat?post=12695"},{"taxonomy":"product_tag","embeddable":true,"href":"https:\/\/uj.adatbank.ro\/lexikon\/wp-json\/wp\/v2\/product_tag?post=12695"}],"curies":[{"name":"wp","href":"https:\/\/api.w.org\/{rel}","templated":true}]}}