{"id":12712,"date":"2025-06-29T14:36:31","date_gmt":"2025-06-29T12:36:31","guid":{"rendered":"https:\/\/uj.adatbank.ro\/lexikon\/termek\/korosi-kalman\/"},"modified":"2025-06-29T14:36:31","modified_gmt":"2025-06-29T12:36:31","slug":"korosi-kalman","status":"publish","type":"product","link":"https:\/\/uj.adatbank.ro\/lexikon\/termek\/korosi-kalman\/","title":{"rendered":"K\u0150R\u00d6SI K\u00e1lm\u00e1n"},"content":{"rendered":"<p>? \u2020 ?: \u00e9p\u00edt\u00e9szm\u00e9rn\u00f6k. \u2013 Tervei alapj\u00e1n \u00e9p\u00fclt Mv.-en a volt II. R\u00e1k\u00f3czi Ferenc R. K. F\u0151gimn. szecesszi\u00f3s st\u00edlus\u00fa \u00e9p\u00fcletegy\u00fcttese (1903\u201305). Az \u00e9p\u00fcletet \u00e1llamos\u00edtott\u00e1k (1948), \u00e1tadt\u00e1k a m. tannyelv\u0171 l\u00edc. -nak, ahova a rom\u00e1n tannyelv\u0171 l\u00edc.-ot is bek\u00f6lt\u00f6ztett\u00e9 (1962) \u00e9s egyes\u00edtett\u00e9k a k\u00e9t iskol\u00e1t. <br \/><strong>Irod.:<\/strong> Fodor S\u00e1ndor: Unirea F\u0151gimn\u00e1zium (N\u00fa., Sz\u00ednes Vil\u00e1g, 2007. m\u00e1j. 26.)<\/br><\/p>\n","protected":false},"excerpt":{"rendered":"<p>? \u2020 ?: \u00e9p\u00edt\u00e9szm\u00e9rn\u00f6k. \u2013 Tervei alapj\u00e1n \u00e9p\u00fclt Mv.-en a volt II. R\u00e1k\u00f3czi Ferenc R. K. F\u0151gimn. szecesszi\u00f3s st\u00edlus\u00fa \u00e9p\u00fcletegy\u00fcttese (1903\u201305). Az \u00e9p\u00fcletet \u00e1llamos\u00edtott\u00e1k (1948), \u00e1tadt\u00e1k a m. tannyelv\u0171 l\u00edc. -nak, ahova a rom\u00e1n tannyelv\u0171 l\u00edc.-ot is bek\u00f6lt\u00f6ztett\u00e9 (1962) \u00e9s egyes\u00edtett\u00e9k a k\u00e9t iskol\u00e1t. Irod.: Fodor S\u00e1ndor: Unirea F\u0151gimn\u00e1zium (N\u00fa., Sz\u00ednes Vil\u00e1g, 2007. m\u00e1j. 26.)<\/p>\n","protected":false},"featured_media":0,"comment_status":"open","ping_status":"closed","template":"","meta":[],"product_brand":[],"product_cat":[137],"product_tag":[],"class_list":{"0":"post-12712","1":"product","2":"type-product","3":"status-publish","5":"product_cat-maros-megyei-eletrajzi-lexikon","7":"first","8":"instock","9":"shipping-taxable","10":"product-type-simple"},"_links":{"self":[{"href":"https:\/\/uj.adatbank.ro\/lexikon\/wp-json\/wp\/v2\/product\/12712","targetHints":{"allow":["GET"]}}],"collection":[{"href":"https:\/\/uj.adatbank.ro\/lexikon\/wp-json\/wp\/v2\/product"}],"about":[{"href":"https:\/\/uj.adatbank.ro\/lexikon\/wp-json\/wp\/v2\/types\/product"}],"replies":[{"embeddable":true,"href":"https:\/\/uj.adatbank.ro\/lexikon\/wp-json\/wp\/v2\/comments?post=12712"}],"wp:attachment":[{"href":"https:\/\/uj.adatbank.ro\/lexikon\/wp-json\/wp\/v2\/media?parent=12712"}],"wp:term":[{"taxonomy":"product_brand","embeddable":true,"href":"https:\/\/uj.adatbank.ro\/lexikon\/wp-json\/wp\/v2\/product_brand?post=12712"},{"taxonomy":"product_cat","embeddable":true,"href":"https:\/\/uj.adatbank.ro\/lexikon\/wp-json\/wp\/v2\/product_cat?post=12712"},{"taxonomy":"product_tag","embeddable":true,"href":"https:\/\/uj.adatbank.ro\/lexikon\/wp-json\/wp\/v2\/product_tag?post=12712"}],"curies":[{"name":"wp","href":"https:\/\/api.w.org\/{rel}","templated":true}]}}