{"id":12725,"date":"2025-06-29T14:37:00","date_gmt":"2025-06-29T12:37:00","guid":{"rendered":"https:\/\/uj.adatbank.ro\/lexikon\/termek\/korossy-gyorgy-magyarpeterlaki-korossi\/"},"modified":"2025-06-29T14:37:00","modified_gmt":"2025-06-29T12:37:00","slug":"korossy-gyorgy-magyarpeterlaki-korossi","status":"publish","type":"product","link":"https:\/\/uj.adatbank.ro\/lexikon\/termek\/korossy-gyorgy-magyarpeterlaki-korossi\/","title":{"rendered":"K\u0150R\u00d6SSY Gy\u00f6rgy, magyarp\u00e9terlaki; K\u00f6r\u00f6ssi"},"content":{"rendered":"<p>? \u2020 ? : Erd\u00e9ly fisk\u00e1lis directora. \u2013 M\u00e1rton szen\u00e1tor fia. P\u00e9terlak\u00e1ra telepedett (1700) n\u0151\u00fcl v\u00e9ve vajdaszentiv\u00e1nyi Bodoni Bal\u00e1zs egyetlen l\u00e1ny\u00e1t, Zsuzs\u00e1t. II. R\u00e1k\u00f3czi Ferenc nevezte ki Erd\u00e9ly fisk\u00e1lis director\u00e1nak. Saj\u00e1t k\u00f6lts\u00e9g\u00e9n szervezett haddal vette be G\u00f6rg\u00e9ny v\u00e1r\u00e1t. De amig a fejedelem mellett harcolt magyarp\u00e9terlaki udvarh\u00e1z\u00e1t a labancok kirabolt\u00e1k, \u00e9rt\u00e9kes csal\u00e1di lev\u00e9lt\u00e1r\u00e1t megsemmis\u00edtett\u00e9k. Mindv\u00e9gig R\u00e1k\u00f3czi Ferenc h\u00edve maradt. \u2013 <br \/><strong>Irod.:<\/strong> Kr\u00f3n F\u00fcz. (1940. 4. \/10); H\u00edres polg\u00e1rok; P\u00e1lmay<\/br><\/p>\n","protected":false},"excerpt":{"rendered":"<p>? \u2020 ? : Erd\u00e9ly fisk\u00e1lis directora. \u2013 M\u00e1rton szen\u00e1tor fia. P\u00e9terlak\u00e1ra telepedett (1700) n\u0151\u00fcl v\u00e9ve vajdaszentiv\u00e1nyi Bodoni Bal\u00e1zs egyetlen l\u00e1ny\u00e1t, Zsuzs\u00e1t. II. R\u00e1k\u00f3czi Ferenc nevezte ki Erd\u00e9ly fisk\u00e1lis director\u00e1nak. Saj\u00e1t k\u00f6lts\u00e9g\u00e9n szervezett haddal vette be G\u00f6rg\u00e9ny v\u00e1r\u00e1t. De amig a fejedelem mellett harcolt magyarp\u00e9terlaki udvarh\u00e1z\u00e1t a labancok kirabolt\u00e1k, \u00e9rt\u00e9kes csal\u00e1di lev\u00e9lt\u00e1r\u00e1t megsemmis\u00edtett\u00e9k. Mindv\u00e9gig R\u00e1k\u00f3czi [&hellip;]<\/p>\n","protected":false},"featured_media":0,"comment_status":"open","ping_status":"closed","template":"","meta":[],"product_brand":[],"product_cat":[137],"product_tag":[],"class_list":{"0":"post-12725","1":"product","2":"type-product","3":"status-publish","5":"product_cat-maros-megyei-eletrajzi-lexikon","7":"first","8":"instock","9":"shipping-taxable","10":"product-type-simple"},"_links":{"self":[{"href":"https:\/\/uj.adatbank.ro\/lexikon\/wp-json\/wp\/v2\/product\/12725","targetHints":{"allow":["GET"]}}],"collection":[{"href":"https:\/\/uj.adatbank.ro\/lexikon\/wp-json\/wp\/v2\/product"}],"about":[{"href":"https:\/\/uj.adatbank.ro\/lexikon\/wp-json\/wp\/v2\/types\/product"}],"replies":[{"embeddable":true,"href":"https:\/\/uj.adatbank.ro\/lexikon\/wp-json\/wp\/v2\/comments?post=12725"}],"wp:attachment":[{"href":"https:\/\/uj.adatbank.ro\/lexikon\/wp-json\/wp\/v2\/media?parent=12725"}],"wp:term":[{"taxonomy":"product_brand","embeddable":true,"href":"https:\/\/uj.adatbank.ro\/lexikon\/wp-json\/wp\/v2\/product_brand?post=12725"},{"taxonomy":"product_cat","embeddable":true,"href":"https:\/\/uj.adatbank.ro\/lexikon\/wp-json\/wp\/v2\/product_cat?post=12725"},{"taxonomy":"product_tag","embeddable":true,"href":"https:\/\/uj.adatbank.ro\/lexikon\/wp-json\/wp\/v2\/product_tag?post=12725"}],"curies":[{"name":"wp","href":"https:\/\/api.w.org\/{rel}","templated":true}]}}