{"id":12735,"date":"2025-06-29T14:37:24","date_gmt":"2025-06-29T12:37:24","guid":{"rendered":"https:\/\/uj.adatbank.ro\/lexikon\/termek\/korpos-erno-%c2%a7\/"},"modified":"2025-06-29T14:37:24","modified_gmt":"2025-06-29T12:37:24","slug":"korpos-erno-%c2%a7","status":"publish","type":"product","link":"https:\/\/uj.adatbank.ro\/lexikon\/termek\/korpos-erno-%c2%a7\/","title":{"rendered":"KORPOS Ern\u0151, \u00a7"},"content":{"rendered":"<p>Mikesz\u00e1sza, 1913. m\u00e1j. 6., \u2020 Mv., 1998. febr. 16.: jog\u00e1sz. \u2013 K. J\u00e1nos \u00e9s Bord\u00e1s Emma fia. Feles\u00e9ge: Filep Zs\u00f3ka? \u2013 Joggyakornok volt Mv.-en (1940. okt. 10. \u201341. \u00e1pr. 24.). Beh\u00edv\u00e1k a katonas\u00e1ghoz \u00e1tk\u00e9pz\u00e9sre. Hadapr\u00f3d \u0151rmesteri rendfokozatban szerelt le, majd tartal\u00e9kos z\u00e1szl\u00f3s (1\u00f6942. \u00e1pr. 1. \u2013). Beh\u00edvt\u00e1k szolg\u00e1latra (1944. m\u00e1j. \u2013), megs\u00e9r\u00fclt (1944. szept. 18.), majd amerikai fogs\u00e1gba esett, betegen Bp. -re sz\u00e1ll\u00edtott\u00e1k, haza\u00e9rkezett (1946. j\u00fal.). K\u00f6zjegyz\u0151 Mv.-en. A Szabads\u00e1g\u00fatcai Ref. Egyh\u00e1zk\u00f6zs\u00e9g alap\u00edt\u00f3 presbitere. <br \/><strong>Irod.:<\/strong> Berekm\u00e9ri; [Nekrol\u00f3g] (N\u00fa., 1998. febr. 18.)<\/br><\/p>\n","protected":false},"excerpt":{"rendered":"<p>Mikesz\u00e1sza, 1913. m\u00e1j. 6., \u2020 Mv., 1998. febr. 16.: jog\u00e1sz. \u2013 K. J\u00e1nos \u00e9s Bord\u00e1s Emma fia. Feles\u00e9ge: Filep Zs\u00f3ka? \u2013 Joggyakornok volt Mv.-en (1940. okt. 10. \u201341. \u00e1pr. 24.). Beh\u00edv\u00e1k a katonas\u00e1ghoz \u00e1tk\u00e9pz\u00e9sre. Hadapr\u00f3d \u0151rmesteri rendfokozatban szerelt le, majd tartal\u00e9kos z\u00e1szl\u00f3s (1\u00f6942. \u00e1pr. 1. \u2013). Beh\u00edvt\u00e1k szolg\u00e1latra (1944. m\u00e1j. \u2013), megs\u00e9r\u00fclt (1944. szept. 18.), [&hellip;]<\/p>\n","protected":false},"featured_media":0,"comment_status":"open","ping_status":"closed","template":"","meta":[],"product_brand":[],"product_cat":[137],"product_tag":[],"class_list":{"0":"post-12735","1":"product","2":"type-product","3":"status-publish","5":"product_cat-maros-megyei-eletrajzi-lexikon","7":"first","8":"instock","9":"shipping-taxable","10":"product-type-simple"},"_links":{"self":[{"href":"https:\/\/uj.adatbank.ro\/lexikon\/wp-json\/wp\/v2\/product\/12735","targetHints":{"allow":["GET"]}}],"collection":[{"href":"https:\/\/uj.adatbank.ro\/lexikon\/wp-json\/wp\/v2\/product"}],"about":[{"href":"https:\/\/uj.adatbank.ro\/lexikon\/wp-json\/wp\/v2\/types\/product"}],"replies":[{"embeddable":true,"href":"https:\/\/uj.adatbank.ro\/lexikon\/wp-json\/wp\/v2\/comments?post=12735"}],"wp:attachment":[{"href":"https:\/\/uj.adatbank.ro\/lexikon\/wp-json\/wp\/v2\/media?parent=12735"}],"wp:term":[{"taxonomy":"product_brand","embeddable":true,"href":"https:\/\/uj.adatbank.ro\/lexikon\/wp-json\/wp\/v2\/product_brand?post=12735"},{"taxonomy":"product_cat","embeddable":true,"href":"https:\/\/uj.adatbank.ro\/lexikon\/wp-json\/wp\/v2\/product_cat?post=12735"},{"taxonomy":"product_tag","embeddable":true,"href":"https:\/\/uj.adatbank.ro\/lexikon\/wp-json\/wp\/v2\/product_tag?post=12735"}],"curies":[{"name":"wp","href":"https:\/\/api.w.org\/{rel}","templated":true}]}}