{"id":12740,"date":"2025-06-29T14:37:34","date_gmt":"2025-06-29T12:37:34","guid":{"rendered":"https:\/\/uj.adatbank.ro\/lexikon\/termek\/kortesi-karoly\/"},"modified":"2025-06-29T14:37:34","modified_gmt":"2025-06-29T12:37:34","slug":"kortesi-karoly","status":"publish","type":"product","link":"https:\/\/uj.adatbank.ro\/lexikon\/termek\/kortesi-karoly\/","title":{"rendered":"K\u00d6RTESI K\u00e1roly"},"content":{"rendered":"<p>Zilah, 1907., \u2020 ?: f\u00e9nyk\u00e9p\u00e9sz. \u2013 Iskol\u00e1i elv\u00e9gz\u00e9se ut\u00e1n el\u0151bb a nyomd\u00e1szipart tanulta, majd a f\u00e9nyk\u00e9p\u00e9sz szakm\u00e1ban szabadult fel. Buk.-ben volt \u0151n\u00e1ll\u00f3 (1934\u2013), majd Mv. -re ker\u00fclt. Sz\u00fclet\u00e9s\u00e9nek sz\u00e1zadik \u00e9vfordul\u00f3j\u00e1n eml\u00e9kki\u00e1ll\u00edt\u00e1st rendeztek Mv.-en. F\u00e9nyk\u00e9pei k\u00e9peslapokon is megjelentek. <br \/><strong>Irod.:<\/strong> Csepreghy; Csepreghy 2010; Sz\u00e9kelyf\u00f6ld \u00ed. k.<\/br><\/p>\n","protected":false},"excerpt":{"rendered":"<p>Zilah, 1907., \u2020 ?: f\u00e9nyk\u00e9p\u00e9sz. \u2013 Iskol\u00e1i elv\u00e9gz\u00e9se ut\u00e1n el\u0151bb a nyomd\u00e1szipart tanulta, majd a f\u00e9nyk\u00e9p\u00e9sz szakm\u00e1ban szabadult fel. Buk.-ben volt \u0151n\u00e1ll\u00f3 (1934\u2013), majd Mv. -re ker\u00fclt. Sz\u00fclet\u00e9s\u00e9nek sz\u00e1zadik \u00e9vfordul\u00f3j\u00e1n eml\u00e9kki\u00e1ll\u00edt\u00e1st rendeztek Mv.-en. F\u00e9nyk\u00e9pei k\u00e9peslapokon is megjelentek. Irod.: Csepreghy; Csepreghy 2010; Sz\u00e9kelyf\u00f6ld \u00ed. k.<\/p>\n","protected":false},"featured_media":0,"comment_status":"open","ping_status":"closed","template":"","meta":[],"product_brand":[],"product_cat":[137],"product_tag":[],"class_list":{"0":"post-12740","1":"product","2":"type-product","3":"status-publish","5":"product_cat-maros-megyei-eletrajzi-lexikon","7":"first","8":"instock","9":"shipping-taxable","10":"product-type-simple"},"_links":{"self":[{"href":"https:\/\/uj.adatbank.ro\/lexikon\/wp-json\/wp\/v2\/product\/12740","targetHints":{"allow":["GET"]}}],"collection":[{"href":"https:\/\/uj.adatbank.ro\/lexikon\/wp-json\/wp\/v2\/product"}],"about":[{"href":"https:\/\/uj.adatbank.ro\/lexikon\/wp-json\/wp\/v2\/types\/product"}],"replies":[{"embeddable":true,"href":"https:\/\/uj.adatbank.ro\/lexikon\/wp-json\/wp\/v2\/comments?post=12740"}],"wp:attachment":[{"href":"https:\/\/uj.adatbank.ro\/lexikon\/wp-json\/wp\/v2\/media?parent=12740"}],"wp:term":[{"taxonomy":"product_brand","embeddable":true,"href":"https:\/\/uj.adatbank.ro\/lexikon\/wp-json\/wp\/v2\/product_brand?post=12740"},{"taxonomy":"product_cat","embeddable":true,"href":"https:\/\/uj.adatbank.ro\/lexikon\/wp-json\/wp\/v2\/product_cat?post=12740"},{"taxonomy":"product_tag","embeddable":true,"href":"https:\/\/uj.adatbank.ro\/lexikon\/wp-json\/wp\/v2\/product_tag?post=12740"}],"curies":[{"name":"wp","href":"https:\/\/api.w.org\/{rel}","templated":true}]}}