{"id":12754,"date":"2025-06-29T14:38:04","date_gmt":"2025-06-29T12:38:04","guid":{"rendered":"https:\/\/uj.adatbank.ro\/lexikon\/termek\/kosa-sandor\/"},"modified":"2025-06-29T14:38:04","modified_gmt":"2025-06-29T12:38:04","slug":"kosa-sandor","status":"publish","type":"product","link":"https:\/\/uj.adatbank.ro\/lexikon\/termek\/kosa-sandor\/","title":{"rendered":"K\u00d3SA S\u00e1ndor"},"content":{"rendered":"<p>? \u2020 ? : p. isk. tan\u00e1r. \u2013 Tord\u00e1n majd Dics\u0151szentm\u00e1rtonban tan\u00edtott (1899\u2013). dics\u0151szentm\u00e1rtoni Polg. Iskola igazgat\u00f3ja (1899\u201317); \u00cdr\u00e1sai : P. Isk. K\u00f6zl. &#8211;<br \/><strong>Irod.:<\/strong> \u00c9vfordul\u00f3nkra; Guly\u00e1s<\/br><\/p>\n","protected":false},"excerpt":{"rendered":"<p>? \u2020 ? : p. isk. tan\u00e1r. \u2013 Tord\u00e1n majd Dics\u0151szentm\u00e1rtonban tan\u00edtott (1899\u2013). dics\u0151szentm\u00e1rtoni Polg. Iskola igazgat\u00f3ja (1899\u201317); \u00cdr\u00e1sai : P. Isk. K\u00f6zl. &#8211;Irod.: \u00c9vfordul\u00f3nkra; Guly\u00e1s<\/p>\n","protected":false},"featured_media":0,"comment_status":"open","ping_status":"closed","template":"","meta":[],"product_brand":[],"product_cat":[137],"product_tag":[],"class_list":{"0":"post-12754","1":"product","2":"type-product","3":"status-publish","5":"product_cat-maros-megyei-eletrajzi-lexikon","7":"first","8":"instock","9":"shipping-taxable","10":"product-type-simple"},"_links":{"self":[{"href":"https:\/\/uj.adatbank.ro\/lexikon\/wp-json\/wp\/v2\/product\/12754","targetHints":{"allow":["GET"]}}],"collection":[{"href":"https:\/\/uj.adatbank.ro\/lexikon\/wp-json\/wp\/v2\/product"}],"about":[{"href":"https:\/\/uj.adatbank.ro\/lexikon\/wp-json\/wp\/v2\/types\/product"}],"replies":[{"embeddable":true,"href":"https:\/\/uj.adatbank.ro\/lexikon\/wp-json\/wp\/v2\/comments?post=12754"}],"wp:attachment":[{"href":"https:\/\/uj.adatbank.ro\/lexikon\/wp-json\/wp\/v2\/media?parent=12754"}],"wp:term":[{"taxonomy":"product_brand","embeddable":true,"href":"https:\/\/uj.adatbank.ro\/lexikon\/wp-json\/wp\/v2\/product_brand?post=12754"},{"taxonomy":"product_cat","embeddable":true,"href":"https:\/\/uj.adatbank.ro\/lexikon\/wp-json\/wp\/v2\/product_cat?post=12754"},{"taxonomy":"product_tag","embeddable":true,"href":"https:\/\/uj.adatbank.ro\/lexikon\/wp-json\/wp\/v2\/product_tag?post=12754"}],"curies":[{"name":"wp","href":"https:\/\/api.w.org\/{rel}","templated":true}]}}