{"id":12760,"date":"2025-06-29T14:38:13","date_gmt":"2025-06-29T12:38:13","guid":{"rendered":"https:\/\/uj.adatbank.ro\/lexikon\/termek\/kosch-hugo\/"},"modified":"2025-06-29T14:38:13","modified_gmt":"2025-06-29T12:38:13","slug":"kosch-hugo","status":"publish","type":"product","link":"https:\/\/uj.adatbank.ro\/lexikon\/termek\/kosch-hugo\/","title":{"rendered":"KOSCH Hug\u00f3"},"content":{"rendered":"<p>Sz\u00e1szr\u00e9gen, 1877. szept. 26. \u2020 Gundelsheim (N\u00e9meto.), 1967. m\u00e1j. 10., hamvait hazahozt\u00e1k R\u00e9genbe, \u00e9s a csal\u00e1di kript\u00e1ba helyezt\u00e9k: katonatiszt. \u2013 Elemi oszt\u00e1lyokat \u00e9s lic. -t sz\u00fcl\u0151v\u00e1ros\u00e1ban, kad\u00e9tiskol\u00e1t Szebenben a gyalogosokn\u00e1l v\u00e9gzett. Pilsenbe helyezt\u00e9k a 35. Gyalogezredhez, majd Pr\u00e1g\u00e1ban h. kad\u00e9ttiszt. Hadnaggy\u00e1 l\u00e9ptett\u00e9k el\u0151 (1897. jan. 11. \u2013), f\u0151hadnagy (1901. nov. 1. \u2013), kapit\u00e1ny (1911. nov. 1. \u2013), \u00e9s ekkor \u00e1thelyezt\u00e9k Mv. -re az 51. gyalogezredhez. Az I. vh.-ban ezredesadjut\u00e1nsk\u00e9nt Galici\u00e1ban harcolt (1914\u20131916. nov.), majd el\u0151ad\u00f3k\u00e9nt a keletn\u00e9met hadsereg gyalogos sz\u00e1zadosk\u00e9pz\u0151 iskol\u00e1j\u00e1ba helyezt\u00e9k, amely a III. erd\u00e1lyi hadtesthez tartozott (1916\u201317). \u0150rnaggy\u00e1 l\u00e9ptett\u00e9k el\u0151 (1917. aug. 1. \u2013). Sz\u00e1zadparancsnok az 51. gyalogezredben, amellyel kik\u00fcldt\u00e9k az isonz\u00f3i frontra (1917\u201318. dec.). A h\u00e1bor\u00fa v\u00e9g\u00e9ig Cataro kik\u00f6t\u0151ben volt a fronton. \u00c1t\u00e1llt a Rom\u00e1n Hadseregbe (1919. j\u00fal. \u2013), ahol ezredparancsnok a 39. gyalogezredben (1920-ig), el\u0151l\u00e9ptett\u00e9k ezredess\u00e9 (1921. aug. 1. \u2013). Nyug\u00e1llom\u00e1nyba vonult (1922. dec. 1. \u2013). Katonai p\u00e1lyafut\u00e1s\u00e1t t\u00f6bb kit\u00fcntet\u00e9ssel m\u00e9lt\u00e1nyolt\u00e1k (9 kit\u00fcntet\u00e9se volt). Csal\u00e1dj\u00e1val \u00e1ttelepedett No. -ba. <br \/><strong>Irod.:<\/strong> Erd\u00e9lyi ezredek; Reghin, militari<\/br><\/p>\n","protected":false},"excerpt":{"rendered":"<p>Sz\u00e1szr\u00e9gen, 1877. szept. 26. \u2020 Gundelsheim (N\u00e9meto.), 1967. m\u00e1j. 10., hamvait hazahozt\u00e1k R\u00e9genbe, \u00e9s a csal\u00e1di kript\u00e1ba helyezt\u00e9k: katonatiszt. \u2013 Elemi oszt\u00e1lyokat \u00e9s lic. -t sz\u00fcl\u0151v\u00e1ros\u00e1ban, kad\u00e9tiskol\u00e1t Szebenben a gyalogosokn\u00e1l v\u00e9gzett. Pilsenbe helyezt\u00e9k a 35. Gyalogezredhez, majd Pr\u00e1g\u00e1ban h. kad\u00e9ttiszt. Hadnaggy\u00e1 l\u00e9ptett\u00e9k el\u0151 (1897. jan. 11. \u2013), f\u0151hadnagy (1901. nov. 1. \u2013), kapit\u00e1ny (1911. nov. [&hellip;]<\/p>\n","protected":false},"featured_media":0,"comment_status":"open","ping_status":"closed","template":"","meta":[],"product_brand":[],"product_cat":[137],"product_tag":[],"class_list":{"0":"post-12760","1":"product","2":"type-product","3":"status-publish","5":"product_cat-maros-megyei-eletrajzi-lexikon","7":"first","8":"instock","9":"shipping-taxable","10":"product-type-simple"},"_links":{"self":[{"href":"https:\/\/uj.adatbank.ro\/lexikon\/wp-json\/wp\/v2\/product\/12760","targetHints":{"allow":["GET"]}}],"collection":[{"href":"https:\/\/uj.adatbank.ro\/lexikon\/wp-json\/wp\/v2\/product"}],"about":[{"href":"https:\/\/uj.adatbank.ro\/lexikon\/wp-json\/wp\/v2\/types\/product"}],"replies":[{"embeddable":true,"href":"https:\/\/uj.adatbank.ro\/lexikon\/wp-json\/wp\/v2\/comments?post=12760"}],"wp:attachment":[{"href":"https:\/\/uj.adatbank.ro\/lexikon\/wp-json\/wp\/v2\/media?parent=12760"}],"wp:term":[{"taxonomy":"product_brand","embeddable":true,"href":"https:\/\/uj.adatbank.ro\/lexikon\/wp-json\/wp\/v2\/product_brand?post=12760"},{"taxonomy":"product_cat","embeddable":true,"href":"https:\/\/uj.adatbank.ro\/lexikon\/wp-json\/wp\/v2\/product_cat?post=12760"},{"taxonomy":"product_tag","embeddable":true,"href":"https:\/\/uj.adatbank.ro\/lexikon\/wp-json\/wp\/v2\/product_tag?post=12760"}],"curies":[{"name":"wp","href":"https:\/\/api.w.org\/{rel}","templated":true}]}}