{"id":12808,"date":"2025-06-29T14:39:52","date_gmt":"2025-06-29T12:39:52","guid":{"rendered":"https:\/\/uj.adatbank.ro\/lexikon\/termek\/kovacs-albert-2\/"},"modified":"2025-06-29T14:39:52","modified_gmt":"2025-06-29T12:39:52","slug":"kovacs-albert-2","status":"publish","type":"product","link":"https:\/\/uj.adatbank.ro\/lexikon\/termek\/kovacs-albert-2\/","title":{"rendered":"KOV\u00c1CS Albert"},"content":{"rendered":"<p>Mez\u0151madaras, 1881., \u2020 ?: mozdonyvezet\u0151. \u2013 Iskol\u00e1it sz\u00fcl\u0151hely\u00e9n v\u00e9gezte., majd a M\u00c1V szolg\u00e1lat\u00e1ba l\u00e9pett (1895\u2013) Mv.-en 25 \u00e9v szolg\u00e1lat ut\u00e1n nyugd\u00edjba vonult (1920). Az els\u0151 vh.-ban mint cas\u00fatas felmentett\u00e9k. <br \/><strong>Irod.:<\/strong> Sz\u00e9kelyf\u00f6ld \u00ed. k.<\/br><\/p>\n","protected":false},"excerpt":{"rendered":"<p>Mez\u0151madaras, 1881., \u2020 ?: mozdonyvezet\u0151. \u2013 Iskol\u00e1it sz\u00fcl\u0151hely\u00e9n v\u00e9gezte., majd a M\u00c1V szolg\u00e1lat\u00e1ba l\u00e9pett (1895\u2013) Mv.-en 25 \u00e9v szolg\u00e1lat ut\u00e1n nyugd\u00edjba vonult (1920). Az els\u0151 vh.-ban mint cas\u00fatas felmentett\u00e9k. Irod.: Sz\u00e9kelyf\u00f6ld \u00ed. k.<\/p>\n","protected":false},"featured_media":0,"comment_status":"open","ping_status":"closed","template":"","meta":[],"product_brand":[],"product_cat":[137],"product_tag":[],"class_list":{"0":"post-12808","1":"product","2":"type-product","3":"status-publish","5":"product_cat-maros-megyei-eletrajzi-lexikon","7":"first","8":"instock","9":"shipping-taxable","10":"product-type-simple"},"_links":{"self":[{"href":"https:\/\/uj.adatbank.ro\/lexikon\/wp-json\/wp\/v2\/product\/12808","targetHints":{"allow":["GET"]}}],"collection":[{"href":"https:\/\/uj.adatbank.ro\/lexikon\/wp-json\/wp\/v2\/product"}],"about":[{"href":"https:\/\/uj.adatbank.ro\/lexikon\/wp-json\/wp\/v2\/types\/product"}],"replies":[{"embeddable":true,"href":"https:\/\/uj.adatbank.ro\/lexikon\/wp-json\/wp\/v2\/comments?post=12808"}],"wp:attachment":[{"href":"https:\/\/uj.adatbank.ro\/lexikon\/wp-json\/wp\/v2\/media?parent=12808"}],"wp:term":[{"taxonomy":"product_brand","embeddable":true,"href":"https:\/\/uj.adatbank.ro\/lexikon\/wp-json\/wp\/v2\/product_brand?post=12808"},{"taxonomy":"product_cat","embeddable":true,"href":"https:\/\/uj.adatbank.ro\/lexikon\/wp-json\/wp\/v2\/product_cat?post=12808"},{"taxonomy":"product_tag","embeddable":true,"href":"https:\/\/uj.adatbank.ro\/lexikon\/wp-json\/wp\/v2\/product_tag?post=12808"}],"curies":[{"name":"wp","href":"https:\/\/api.w.org\/{rel}","templated":true}]}}