{"id":12832,"date":"2025-06-29T14:40:38","date_gmt":"2025-06-29T12:40:38","guid":{"rendered":"https:\/\/uj.adatbank.ro\/lexikon\/termek\/kovacs-antal-%c2%a7\/"},"modified":"2025-06-29T14:40:38","modified_gmt":"2025-06-29T12:40:38","slug":"kovacs-antal-%c2%a7","status":"publish","type":"product","link":"https:\/\/uj.adatbank.ro\/lexikon\/termek\/kovacs-antal-%c2%a7\/","title":{"rendered":"KOV\u00c1CS Antal, \u00a7"},"content":{"rendered":"<p>Mez\u0151panit, \u2020 2006. febr.: ref. lelk\u00e9sz. \u2013 Torboszl\u00f3n szolg\u00e1lt (1963\u20132006), a gy\u00fclekezet 20. papja. Az egyh\u00e1z elvesztett vagyon\u00e1t kitart\u00f3 munk\u00e1val visszszerezte. Vit\u00e9zz\u00e9 avatt\u00e1k (2003). Eml\u00e9k\u00e9re a gy\u00fclekezet kopjaf\u00e1t \u00e1ll\u00edtott, B\u00edr\u00f3 J\u00e1nos ny\u00e1r\u00e1dszeredai fafarag\u00f3 m\u0171v\u00e9sz alkot\u00e1s\u00e1t (2009). <br \/><strong>Irod.:<\/strong> Gligor R\u00f3bert L\u00e1szl\u00f3: Egykori lelk\u00e9sz\u00e9re eml\u00e9kezett Torboszl\u00f3 (V\u00e1s\u00e1rhelyi H\u00edrlap, 2009. nov. 18.)<\/br><\/p>\n","protected":false},"excerpt":{"rendered":"<p>Mez\u0151panit, \u2020 2006. febr.: ref. lelk\u00e9sz. \u2013 Torboszl\u00f3n szolg\u00e1lt (1963\u20132006), a gy\u00fclekezet 20. papja. Az egyh\u00e1z elvesztett vagyon\u00e1t kitart\u00f3 munk\u00e1val visszszerezte. Vit\u00e9zz\u00e9 avatt\u00e1k (2003). Eml\u00e9k\u00e9re a gy\u00fclekezet kopjaf\u00e1t \u00e1ll\u00edtott, B\u00edr\u00f3 J\u00e1nos ny\u00e1r\u00e1dszeredai fafarag\u00f3 m\u0171v\u00e9sz alkot\u00e1s\u00e1t (2009). Irod.: Gligor R\u00f3bert L\u00e1szl\u00f3: Egykori lelk\u00e9sz\u00e9re eml\u00e9kezett Torboszl\u00f3 (V\u00e1s\u00e1rhelyi H\u00edrlap, 2009. nov. 18.)<\/p>\n","protected":false},"featured_media":0,"comment_status":"open","ping_status":"closed","template":"","meta":[],"product_brand":[],"product_cat":[137],"product_tag":[],"class_list":{"0":"post-12832","1":"product","2":"type-product","3":"status-publish","5":"product_cat-maros-megyei-eletrajzi-lexikon","7":"first","8":"instock","9":"shipping-taxable","10":"product-type-simple"},"_links":{"self":[{"href":"https:\/\/uj.adatbank.ro\/lexikon\/wp-json\/wp\/v2\/product\/12832","targetHints":{"allow":["GET"]}}],"collection":[{"href":"https:\/\/uj.adatbank.ro\/lexikon\/wp-json\/wp\/v2\/product"}],"about":[{"href":"https:\/\/uj.adatbank.ro\/lexikon\/wp-json\/wp\/v2\/types\/product"}],"replies":[{"embeddable":true,"href":"https:\/\/uj.adatbank.ro\/lexikon\/wp-json\/wp\/v2\/comments?post=12832"}],"wp:attachment":[{"href":"https:\/\/uj.adatbank.ro\/lexikon\/wp-json\/wp\/v2\/media?parent=12832"}],"wp:term":[{"taxonomy":"product_brand","embeddable":true,"href":"https:\/\/uj.adatbank.ro\/lexikon\/wp-json\/wp\/v2\/product_brand?post=12832"},{"taxonomy":"product_cat","embeddable":true,"href":"https:\/\/uj.adatbank.ro\/lexikon\/wp-json\/wp\/v2\/product_cat?post=12832"},{"taxonomy":"product_tag","embeddable":true,"href":"https:\/\/uj.adatbank.ro\/lexikon\/wp-json\/wp\/v2\/product_tag?post=12832"}],"curies":[{"name":"wp","href":"https:\/\/api.w.org\/{rel}","templated":true}]}}