{"id":12836,"date":"2025-06-29T14:40:47","date_gmt":"2025-06-29T12:40:47","guid":{"rendered":"https:\/\/uj.adatbank.ro\/lexikon\/termek\/kovacs-aron-%c2%a7-kozepajtai\/"},"modified":"2025-06-29T14:40:47","modified_gmt":"2025-06-29T12:40:47","slug":"kovacs-aron-%c2%a7-kozepajtai","status":"publish","type":"product","link":"https:\/\/uj.adatbank.ro\/lexikon\/termek\/kovacs-aron-%c2%a7-kozepajtai\/","title":{"rendered":"KOV\u00c1CS \u00c1ron, \u00a7 k\u00f6z\u00e9pajtai"},"content":{"rendered":"<p>Mv., 1823. okt. 16., \u2020 Mv., 1873. m\u00e1j. 10. s\u00edrja a mv.-i Ref. temet\u0151ben: : ref. lelk\u00e9sz, tan\u00e1r, honv\u00e9d f\u0151hadnagy. \u2013 Mv.-en a Ref. Koll.-ban tanult. A K\u00f6zs\u00e9gi Polg\u00e1ri Fi\u00faiskola alap\u00edt\u00e1s\u00e1ban nagy \u00e9rdemei voltak, tan\u00edtott is ebben az iskol\u00e1ban. Mv.-i v\u00e1rtemplom lelkip\u00e1sztora volt. A 1848\u201349-es honv\u00e9d f\u0151hadnagy, a sz\u00e9kely v\u00e9rtanuk k\u00f6z\u00fcl a siralomh\u00e1zban \u0151 vigasztalta Horv\u00e1th K\u00e1rolyt. B\u00fcntet\u00e9s\u00e9t h\u00edrhedt josephstadti b\u00f6rt\u00f6nben t\u00f6lt\u00f6tte. Mv.-en lelk\u00e9ssz\u00e9 v\u00e1lasztott\u00e1k (\u00e9s s\u00edrverse szerint 23 \u00e9vig m\u0171k\u00f6d\u00f6tt, 1850\u201373). Legf\u0151bb kortese volt Orb\u00e1n Bal\u00e1zsnak, aki a v\u00e1ros ogy.-i k\u00e9pvisel\u0151je lett szabadelv\u0171 programmal, ez\u00e9rt arany\u00f3r\u00e1t \u00e9s l\u00e1ncot kapott t\u0151le (1870). Mv.-en megalakult az iskolasz\u00e9k, amelynek megv\u00e1lasztott eln\u00f6ke hal\u00e1l\u00e1ig (1871. nov. \u2013). Az iskolasz\u00e9k alap\u00edtv\u00e1nyt hozott l\u00e9tre eml\u00e9k\u00e9re, K. \u00c1. \u00f6szt\u00f6nd\u00edj c\u00edmen, br. Orb\u00e1n Bal\u00e1zs adom\u00e1ny\u00e1b\u00f3l, amit a jelesebb tanul\u00f3k megjutalmaz\u00e1s\u00e1ra sz\u00e1nt (1874\u2013). <br \/><strong>Irod.:<\/strong> Ambrus Hedvig M\u00e1ria: Egy hazatal\u00e1lt k\u00e9zirat, avagy Ercsei K\u00e1roly: S\u00edrversek (N\u00fa., 1997. j\u00fan. 24.); Cs\u00e1ky; Csekme; Gy\u00e1szjelent.; Mv.-i ref. temet\u0151; Id\u0151t\u00e1r 2; Nemes; P\u00e1lmay J\u00f3zsef; V\u00e1rtemplomi lelk\u00e9szek n\u00e9vsora, 1571\u20132000 (\u00daj Kezdet, 2. sz., 2000)<\/br><\/p>\n","protected":false},"excerpt":{"rendered":"<p>Mv., 1823. okt. 16., \u2020 Mv., 1873. m\u00e1j. 10. s\u00edrja a mv.-i Ref. temet\u0151ben: : ref. lelk\u00e9sz, tan\u00e1r, honv\u00e9d f\u0151hadnagy. \u2013 Mv.-en a Ref. Koll.-ban tanult. A K\u00f6zs\u00e9gi Polg\u00e1ri Fi\u00faiskola alap\u00edt\u00e1s\u00e1ban nagy \u00e9rdemei voltak, tan\u00edtott is ebben az iskol\u00e1ban. Mv.-i v\u00e1rtemplom lelkip\u00e1sztora volt. A 1848\u201349-es honv\u00e9d f\u0151hadnagy, a sz\u00e9kely v\u00e9rtanuk k\u00f6z\u00fcl a siralomh\u00e1zban \u0151 vigasztalta [&hellip;]<\/p>\n","protected":false},"featured_media":0,"comment_status":"open","ping_status":"closed","template":"","meta":[],"product_brand":[],"product_cat":[137],"product_tag":[],"class_list":{"0":"post-12836","1":"product","2":"type-product","3":"status-publish","5":"product_cat-maros-megyei-eletrajzi-lexikon","7":"first","8":"instock","9":"shipping-taxable","10":"product-type-simple"},"_links":{"self":[{"href":"https:\/\/uj.adatbank.ro\/lexikon\/wp-json\/wp\/v2\/product\/12836","targetHints":{"allow":["GET"]}}],"collection":[{"href":"https:\/\/uj.adatbank.ro\/lexikon\/wp-json\/wp\/v2\/product"}],"about":[{"href":"https:\/\/uj.adatbank.ro\/lexikon\/wp-json\/wp\/v2\/types\/product"}],"replies":[{"embeddable":true,"href":"https:\/\/uj.adatbank.ro\/lexikon\/wp-json\/wp\/v2\/comments?post=12836"}],"wp:attachment":[{"href":"https:\/\/uj.adatbank.ro\/lexikon\/wp-json\/wp\/v2\/media?parent=12836"}],"wp:term":[{"taxonomy":"product_brand","embeddable":true,"href":"https:\/\/uj.adatbank.ro\/lexikon\/wp-json\/wp\/v2\/product_brand?post=12836"},{"taxonomy":"product_cat","embeddable":true,"href":"https:\/\/uj.adatbank.ro\/lexikon\/wp-json\/wp\/v2\/product_cat?post=12836"},{"taxonomy":"product_tag","embeddable":true,"href":"https:\/\/uj.adatbank.ro\/lexikon\/wp-json\/wp\/v2\/product_tag?post=12836"}],"curies":[{"name":"wp","href":"https:\/\/api.w.org\/{rel}","templated":true}]}}