{"id":12845,"date":"2025-06-29T14:41:06","date_gmt":"2025-06-29T12:41:06","guid":{"rendered":"https:\/\/uj.adatbank.ro\/lexikon\/termek\/kovacs-beni\/"},"modified":"2025-06-29T14:41:06","modified_gmt":"2025-06-29T12:41:06","slug":"kovacs-beni","status":"publish","type":"product","link":"https:\/\/uj.adatbank.ro\/lexikon\/termek\/kovacs-beni\/","title":{"rendered":"KOV\u00c1CS B\u00e9ni"},"content":{"rendered":"<p>Jedd., 1888., \u2020 ? : gazd\u00e1lkod\u00f3. \u2013 \u00d6n\u00e1ll\u00f3 gazda sz\u00fcl\u0151faluj\u00e1ban 20 hold f\u00f6ld\u00f6n (1912\u2013). Volt k\u00f6zs\u00e9gi b\u00edr\u00f3 \u00e9s k\u00e9pvisel\u0151test\u00fcleti tag. Az els\u0151 vh.-ban a 62. gy. e.-ben a rom\u00e1n fronton harcolt. <br \/><strong>Irod.:<\/strong> Sz\u00e9kelyf\u00f6ld \u00ed. k.<\/br><\/p>\n","protected":false},"excerpt":{"rendered":"<p>Jedd., 1888., \u2020 ? : gazd\u00e1lkod\u00f3. \u2013 \u00d6n\u00e1ll\u00f3 gazda sz\u00fcl\u0151faluj\u00e1ban 20 hold f\u00f6ld\u00f6n (1912\u2013). Volt k\u00f6zs\u00e9gi b\u00edr\u00f3 \u00e9s k\u00e9pvisel\u0151test\u00fcleti tag. Az els\u0151 vh.-ban a 62. gy. e.-ben a rom\u00e1n fronton harcolt. Irod.: Sz\u00e9kelyf\u00f6ld \u00ed. k.<\/p>\n","protected":false},"featured_media":0,"comment_status":"open","ping_status":"closed","template":"","meta":[],"product_brand":[],"product_cat":[137],"product_tag":[],"class_list":{"0":"post-12845","1":"product","2":"type-product","3":"status-publish","5":"product_cat-maros-megyei-eletrajzi-lexikon","7":"first","8":"instock","9":"shipping-taxable","10":"product-type-simple"},"_links":{"self":[{"href":"https:\/\/uj.adatbank.ro\/lexikon\/wp-json\/wp\/v2\/product\/12845","targetHints":{"allow":["GET"]}}],"collection":[{"href":"https:\/\/uj.adatbank.ro\/lexikon\/wp-json\/wp\/v2\/product"}],"about":[{"href":"https:\/\/uj.adatbank.ro\/lexikon\/wp-json\/wp\/v2\/types\/product"}],"replies":[{"embeddable":true,"href":"https:\/\/uj.adatbank.ro\/lexikon\/wp-json\/wp\/v2\/comments?post=12845"}],"wp:attachment":[{"href":"https:\/\/uj.adatbank.ro\/lexikon\/wp-json\/wp\/v2\/media?parent=12845"}],"wp:term":[{"taxonomy":"product_brand","embeddable":true,"href":"https:\/\/uj.adatbank.ro\/lexikon\/wp-json\/wp\/v2\/product_brand?post=12845"},{"taxonomy":"product_cat","embeddable":true,"href":"https:\/\/uj.adatbank.ro\/lexikon\/wp-json\/wp\/v2\/product_cat?post=12845"},{"taxonomy":"product_tag","embeddable":true,"href":"https:\/\/uj.adatbank.ro\/lexikon\/wp-json\/wp\/v2\/product_tag?post=12845"}],"curies":[{"name":"wp","href":"https:\/\/api.w.org\/{rel}","templated":true}]}}