{"id":12846,"date":"2025-06-29T14:41:07","date_gmt":"2025-06-29T12:41:07","guid":{"rendered":"https:\/\/uj.adatbank.ro\/lexikon\/termek\/kovacs-daniel\/"},"modified":"2025-06-29T14:41:07","modified_gmt":"2025-06-29T12:41:07","slug":"kovacs-daniel","status":"publish","type":"product","link":"https:\/\/uj.adatbank.ro\/lexikon\/termek\/kovacs-daniel\/","title":{"rendered":"KOV\u00c1CS D\u00e1niel"},"content":{"rendered":"<p>Sz\u00e1szny\u00edres, 1930. aug. 8., \u2020 ? : k\u00f6zgazd\u00e1sz adjunktus. \u2013 Tanult a kv.-i BTE (1954). A mv.-i OGYI filoz\u00f3fia etika \u00e9s szociol\u00f3gia tan\u00e1ra (1954\u201358); adjunktus (1958\u201390); nyugalomba vonult \u00e9s \u00f3raad\u00f3 tan\u00e1r (1990\u2013). 55 tudom\u00e1nyos dolgozata jelent meg. \u2013<strong>F. m.:<\/strong> A vall\u00e1serk\u00f6lcs antihum\u00e1nus jellege. (Sorb\u00e1n Antal., V\u00e9csei K\u00e1rollyal; Buk., 1962), Antihumanismus der religi\u0151sen Moral. Rat zur Verbreitung Kulturell-wissenschaftlicher Kenntnisse. Buk., 1963). \u2014Irod.: Facultatea de Farmacie; R\u00e9thy\u2013\u00dajv\u00e1ri\u2013V\u00e1czi., RMKK<\/br><\/p>\n","protected":false},"excerpt":{"rendered":"<p>Sz\u00e1szny\u00edres, 1930. aug. 8., \u2020 ? : k\u00f6zgazd\u00e1sz adjunktus. \u2013 Tanult a kv.-i BTE (1954). A mv.-i OGYI filoz\u00f3fia etika \u00e9s szociol\u00f3gia tan\u00e1ra (1954\u201358); adjunktus (1958\u201390); nyugalomba vonult \u00e9s \u00f3raad\u00f3 tan\u00e1r (1990\u2013). 55 tudom\u00e1nyos dolgozata jelent meg. \u2013F. m.: A vall\u00e1serk\u00f6lcs antihum\u00e1nus jellege. (Sorb\u00e1n Antal., V\u00e9csei K\u00e1rollyal; Buk., 1962), Antihumanismus der religi\u0151sen Moral. Rat zur [&hellip;]<\/p>\n","protected":false},"featured_media":0,"comment_status":"open","ping_status":"closed","template":"","meta":[],"product_brand":[],"product_cat":[137],"product_tag":[],"class_list":{"0":"post-12846","1":"product","2":"type-product","3":"status-publish","5":"product_cat-maros-megyei-eletrajzi-lexikon","7":"first","8":"instock","9":"shipping-taxable","10":"product-type-simple"},"_links":{"self":[{"href":"https:\/\/uj.adatbank.ro\/lexikon\/wp-json\/wp\/v2\/product\/12846","targetHints":{"allow":["GET"]}}],"collection":[{"href":"https:\/\/uj.adatbank.ro\/lexikon\/wp-json\/wp\/v2\/product"}],"about":[{"href":"https:\/\/uj.adatbank.ro\/lexikon\/wp-json\/wp\/v2\/types\/product"}],"replies":[{"embeddable":true,"href":"https:\/\/uj.adatbank.ro\/lexikon\/wp-json\/wp\/v2\/comments?post=12846"}],"wp:attachment":[{"href":"https:\/\/uj.adatbank.ro\/lexikon\/wp-json\/wp\/v2\/media?parent=12846"}],"wp:term":[{"taxonomy":"product_brand","embeddable":true,"href":"https:\/\/uj.adatbank.ro\/lexikon\/wp-json\/wp\/v2\/product_brand?post=12846"},{"taxonomy":"product_cat","embeddable":true,"href":"https:\/\/uj.adatbank.ro\/lexikon\/wp-json\/wp\/v2\/product_cat?post=12846"},{"taxonomy":"product_tag","embeddable":true,"href":"https:\/\/uj.adatbank.ro\/lexikon\/wp-json\/wp\/v2\/product_tag?post=12846"}],"curies":[{"name":"wp","href":"https:\/\/api.w.org\/{rel}","templated":true}]}}