{"id":12849,"date":"2025-06-29T14:41:12","date_gmt":"2025-06-29T12:41:12","guid":{"rendered":"https:\/\/uj.adatbank.ro\/lexikon\/termek\/kovacs-domokos\/"},"modified":"2025-06-29T14:41:12","modified_gmt":"2025-06-29T12:41:12","slug":"kovacs-domokos","status":"publish","type":"product","link":"https:\/\/uj.adatbank.ro\/lexikon\/termek\/kovacs-domokos\/","title":{"rendered":"KOV\u00c1CS Domokos"},"content":{"rendered":"<p>Cs\u00edkfalva, 1909. m\u00e1rc. 6., \u2020 Ny\u00e1r\u00e1dg\u00e1lfalva, 1997. j\u00fal. 3.: unit. lelk\u00e9sz. \u2013 A kv.-i Sz\u00e9kely T\u00e1rsas\u00e1g. A Kriza J\u00e1nos N\u00e9prajzi T\u00e1rsas\u00e1g tagja (1932\u2013). T\u00f6bb mint 300 n\u00e9pdalt gy\u0171jt\u00f6tt. Brass\u00f3ban, majd Ny\u00e1r\u00e1dg\u00e1lfalv\u00e1n (1934\u201359) szolg\u00e1lt. A II. vh. neh\u00e9z \u00e9veiben \u00e9p\u00edtette fel, a falu lakoss\u00e1ga \u00e1ltal megv\u00e1s\u00e1rolt ter\u00fcletre, k\u00f6zadakoz\u00e1sb\u00f3l \u00e9s a m. \u00e1llam hozz\u00e1j\u00e1rul\u00e1s\u00e1val (36000 peng\u0151) G\u00e1lfalv\u00e1n a Szentiv\u00e1ni Mih\u00e1ly-levente otthont (felavatt\u00e1k: 1944 \u0151sz\u00e9n), amely k\u00e9s\u0151bb iskola volt (1954\u201366), napjainkban m\u0171vel\u0151d\u00e9si otthon. <br \/><strong>Irod.:<\/strong> Cs\u00edkfalva; [Nekrol\u00f3g] (N\u00fa., 1997. j\u00fal. 5.); Ny\u00e1r\u00e1dg\u00e1lfalva<\/br><\/p>\n","protected":false},"excerpt":{"rendered":"<p>Cs\u00edkfalva, 1909. m\u00e1rc. 6., \u2020 Ny\u00e1r\u00e1dg\u00e1lfalva, 1997. j\u00fal. 3.: unit. lelk\u00e9sz. \u2013 A kv.-i Sz\u00e9kely T\u00e1rsas\u00e1g. A Kriza J\u00e1nos N\u00e9prajzi T\u00e1rsas\u00e1g tagja (1932\u2013). T\u00f6bb mint 300 n\u00e9pdalt gy\u0171jt\u00f6tt. Brass\u00f3ban, majd Ny\u00e1r\u00e1dg\u00e1lfalv\u00e1n (1934\u201359) szolg\u00e1lt. A II. vh. neh\u00e9z \u00e9veiben \u00e9p\u00edtette fel, a falu lakoss\u00e1ga \u00e1ltal megv\u00e1s\u00e1rolt ter\u00fcletre, k\u00f6zadakoz\u00e1sb\u00f3l \u00e9s a m. \u00e1llam hozz\u00e1j\u00e1rul\u00e1s\u00e1val (36000 peng\u0151) G\u00e1lfalv\u00e1n [&hellip;]<\/p>\n","protected":false},"featured_media":0,"comment_status":"open","ping_status":"closed","template":"","meta":[],"product_brand":[],"product_cat":[137],"product_tag":[],"class_list":{"0":"post-12849","1":"product","2":"type-product","3":"status-publish","5":"product_cat-maros-megyei-eletrajzi-lexikon","7":"first","8":"instock","9":"shipping-taxable","10":"product-type-simple"},"_links":{"self":[{"href":"https:\/\/uj.adatbank.ro\/lexikon\/wp-json\/wp\/v2\/product\/12849","targetHints":{"allow":["GET"]}}],"collection":[{"href":"https:\/\/uj.adatbank.ro\/lexikon\/wp-json\/wp\/v2\/product"}],"about":[{"href":"https:\/\/uj.adatbank.ro\/lexikon\/wp-json\/wp\/v2\/types\/product"}],"replies":[{"embeddable":true,"href":"https:\/\/uj.adatbank.ro\/lexikon\/wp-json\/wp\/v2\/comments?post=12849"}],"wp:attachment":[{"href":"https:\/\/uj.adatbank.ro\/lexikon\/wp-json\/wp\/v2\/media?parent=12849"}],"wp:term":[{"taxonomy":"product_brand","embeddable":true,"href":"https:\/\/uj.adatbank.ro\/lexikon\/wp-json\/wp\/v2\/product_brand?post=12849"},{"taxonomy":"product_cat","embeddable":true,"href":"https:\/\/uj.adatbank.ro\/lexikon\/wp-json\/wp\/v2\/product_cat?post=12849"},{"taxonomy":"product_tag","embeddable":true,"href":"https:\/\/uj.adatbank.ro\/lexikon\/wp-json\/wp\/v2\/product_tag?post=12849"}],"curies":[{"name":"wp","href":"https:\/\/api.w.org\/{rel}","templated":true}]}}