{"id":12861,"date":"2025-06-29T14:41:43","date_gmt":"2025-06-29T12:41:43","guid":{"rendered":"https:\/\/uj.adatbank.ro\/lexikon\/termek\/kovacs-erno-g\/"},"modified":"2025-06-29T14:41:43","modified_gmt":"2025-06-29T12:41:43","slug":"kovacs-erno-g","status":"publish","type":"product","link":"https:\/\/uj.adatbank.ro\/lexikon\/termek\/kovacs-erno-g\/","title":{"rendered":"KOV\u00c1CS Ern\u0151, G."},"content":{"rendered":"<p>1919., \u2020 Cs\u00edkszereda, 2002 nov. 14.: ref. lelkip\u00e1sztor. \u2013 P\u00e1ly\u00e1j\u00e1t a mv.-i v\u00e1rtemplom seg\u00e9dlelk\u00e9szek\u00e9nt kezdte. Szolg\u00e1lt 34 \u00e9vet. <br \/><strong>Irod.:<\/strong> [Nekrol\u00f3g] (N\u00fa., 2002. nov.)<\/br><\/p>\n","protected":false},"excerpt":{"rendered":"<p>1919., \u2020 Cs\u00edkszereda, 2002 nov. 14.: ref. lelkip\u00e1sztor. \u2013 P\u00e1ly\u00e1j\u00e1t a mv.-i v\u00e1rtemplom seg\u00e9dlelk\u00e9szek\u00e9nt kezdte. Szolg\u00e1lt 34 \u00e9vet. Irod.: [Nekrol\u00f3g] (N\u00fa., 2002. nov.)<\/p>\n","protected":false},"featured_media":0,"comment_status":"open","ping_status":"closed","template":"","meta":[],"product_brand":[],"product_cat":[137],"product_tag":[],"class_list":{"0":"post-12861","1":"product","2":"type-product","3":"status-publish","5":"product_cat-maros-megyei-eletrajzi-lexikon","7":"first","8":"instock","9":"shipping-taxable","10":"product-type-simple"},"_links":{"self":[{"href":"https:\/\/uj.adatbank.ro\/lexikon\/wp-json\/wp\/v2\/product\/12861","targetHints":{"allow":["GET"]}}],"collection":[{"href":"https:\/\/uj.adatbank.ro\/lexikon\/wp-json\/wp\/v2\/product"}],"about":[{"href":"https:\/\/uj.adatbank.ro\/lexikon\/wp-json\/wp\/v2\/types\/product"}],"replies":[{"embeddable":true,"href":"https:\/\/uj.adatbank.ro\/lexikon\/wp-json\/wp\/v2\/comments?post=12861"}],"wp:attachment":[{"href":"https:\/\/uj.adatbank.ro\/lexikon\/wp-json\/wp\/v2\/media?parent=12861"}],"wp:term":[{"taxonomy":"product_brand","embeddable":true,"href":"https:\/\/uj.adatbank.ro\/lexikon\/wp-json\/wp\/v2\/product_brand?post=12861"},{"taxonomy":"product_cat","embeddable":true,"href":"https:\/\/uj.adatbank.ro\/lexikon\/wp-json\/wp\/v2\/product_cat?post=12861"},{"taxonomy":"product_tag","embeddable":true,"href":"https:\/\/uj.adatbank.ro\/lexikon\/wp-json\/wp\/v2\/product_tag?post=12861"}],"curies":[{"name":"wp","href":"https:\/\/api.w.org\/{rel}","templated":true}]}}