{"id":12879,"date":"2025-06-29T14:42:22","date_gmt":"2025-06-29T12:42:22","guid":{"rendered":"https:\/\/uj.adatbank.ro\/lexikon\/termek\/kovacs-ferenc-ifj\/"},"modified":"2025-06-29T14:42:22","modified_gmt":"2025-06-29T12:42:22","slug":"kovacs-ferenc-ifj","status":"publish","type":"product","link":"https:\/\/uj.adatbank.ro\/lexikon\/termek\/kovacs-ferenc-ifj\/","title":{"rendered":"KOV\u00c1CS Ferenc, ifj."},"content":{"rendered":"<p>Radn\u00f3t, 1913. m\u00e1j. 1., \u2020 Balatonvil\u00e1gos, 1997. aug. 27: orvos, t\u00fcd\u0151gy\u00f3gy\u00e1sz, grafikus. Tanulm\u00e1nyait Bp-. en R\u00f3m\u00e1ban Sv\u00e1jcban folytatta. Apja mellett dolgozott a T\u00fcd\u0151gy\u00f3gy\u00e1szati klinik\u00e1n (1937\u201351); az Orsz\u00e1gos Kor\u00e1nyi TBC \u00e9s Pulmol\u00f3giai Int\u00e9zet oszt\u00e1lyvezet\u0151 f\u0151orvosa (1951\u201380); tudom\u00e1nyos tan\u00e1csad\u00f3 (1980\u2013); a Harward Egyetem \u00c9lettani Tansz\u00e9k\u00e9nek vend\u00e9gel\u0151ad\u00f3ja (1982\u2013). Kutat\u00e1si ter\u00fclete: a l\u00e9gz\u0151mozg\u00e1sok fotogrammetri\u00e1ja; Grafikai ki\u00e1ll\u00edt\u00e1sai : Washington, Boston, Bp., Szeged. Kossuth d\u00edjat kapott (1955). \u2013 <strong>F. m.:<\/strong> G\u00fcm\u0151koros mellh\u00e1rtyalob (1944); <strong>t\u00e1rssz.:<\/strong> A t\u00fcd\u0151 r\u00f6ntgenanat\u00f3mi\u00e1ja (1953). <br \/><strong>Irod.:<\/strong> Magyar \u00e9s Nemzetk\u00f6zi ki kicsoda<\/br><\/p>\n","protected":false},"excerpt":{"rendered":"<p>Radn\u00f3t, 1913. m\u00e1j. 1., \u2020 Balatonvil\u00e1gos, 1997. aug. 27: orvos, t\u00fcd\u0151gy\u00f3gy\u00e1sz, grafikus. Tanulm\u00e1nyait Bp-. en R\u00f3m\u00e1ban Sv\u00e1jcban folytatta. Apja mellett dolgozott a T\u00fcd\u0151gy\u00f3gy\u00e1szati klinik\u00e1n (1937\u201351); az Orsz\u00e1gos Kor\u00e1nyi TBC \u00e9s Pulmol\u00f3giai Int\u00e9zet oszt\u00e1lyvezet\u0151 f\u0151orvosa (1951\u201380); tudom\u00e1nyos tan\u00e1csad\u00f3 (1980\u2013); a Harward Egyetem \u00c9lettani Tansz\u00e9k\u00e9nek vend\u00e9gel\u0151ad\u00f3ja (1982\u2013). Kutat\u00e1si ter\u00fclete: a l\u00e9gz\u0151mozg\u00e1sok fotogrammetri\u00e1ja; Grafikai ki\u00e1ll\u00edt\u00e1sai : Washington, Boston, [&hellip;]<\/p>\n","protected":false},"featured_media":0,"comment_status":"open","ping_status":"closed","template":"","meta":[],"product_brand":[],"product_cat":[137],"product_tag":[],"class_list":{"0":"post-12879","1":"product","2":"type-product","3":"status-publish","5":"product_cat-maros-megyei-eletrajzi-lexikon","7":"first","8":"instock","9":"shipping-taxable","10":"product-type-simple"},"_links":{"self":[{"href":"https:\/\/uj.adatbank.ro\/lexikon\/wp-json\/wp\/v2\/product\/12879","targetHints":{"allow":["GET"]}}],"collection":[{"href":"https:\/\/uj.adatbank.ro\/lexikon\/wp-json\/wp\/v2\/product"}],"about":[{"href":"https:\/\/uj.adatbank.ro\/lexikon\/wp-json\/wp\/v2\/types\/product"}],"replies":[{"embeddable":true,"href":"https:\/\/uj.adatbank.ro\/lexikon\/wp-json\/wp\/v2\/comments?post=12879"}],"wp:attachment":[{"href":"https:\/\/uj.adatbank.ro\/lexikon\/wp-json\/wp\/v2\/media?parent=12879"}],"wp:term":[{"taxonomy":"product_brand","embeddable":true,"href":"https:\/\/uj.adatbank.ro\/lexikon\/wp-json\/wp\/v2\/product_brand?post=12879"},{"taxonomy":"product_cat","embeddable":true,"href":"https:\/\/uj.adatbank.ro\/lexikon\/wp-json\/wp\/v2\/product_cat?post=12879"},{"taxonomy":"product_tag","embeddable":true,"href":"https:\/\/uj.adatbank.ro\/lexikon\/wp-json\/wp\/v2\/product_tag?post=12879"}],"curies":[{"name":"wp","href":"https:\/\/api.w.org\/{rel}","templated":true}]}}