{"id":12888,"date":"2025-06-29T14:42:42","date_gmt":"2025-06-29T12:42:42","guid":{"rendered":"https:\/\/uj.adatbank.ro\/lexikon\/termek\/kovacs-gyorgy-%c2%a7-kovacs-gyorgy-denes\/"},"modified":"2025-06-29T14:42:42","modified_gmt":"2025-06-29T12:42:42","slug":"kovacs-gyorgy-%c2%a7-kovacs-gyorgy-denes","status":"publish","type":"product","link":"https:\/\/uj.adatbank.ro\/lexikon\/termek\/kovacs-gyorgy-%c2%a7-kovacs-gyorgy-denes\/","title":{"rendered":"KOV\u00c1CS Gy\u00f6rgy, \u00a7 Kov\u00e1cs Gy\u00f6rgy D\u00e9nes"},"content":{"rendered":"<p>K\u00fcsm\u00f6d, 1911. \u00e1pr. 27., \u2020 Mv., 1990. okt. 22. vagy 21: \u00edr\u00f3, publicista, politikus. \u2013 Apja ref. lelk\u00e9sz kor\u00e1n elhunyt, ez\u00e9rt a ref. egyh\u00e1z tan\u00edttatta. Az elemi iskol\u00e1t Nagykenden, a k\u00f6z\u00e9piskol\u00e1t a nagyenyedi Bethlen Koll.-ban v\u00e9gezte; beirattkozott a kv.-i egyetem b\u00f6lcs\u00e9sz kar\u00e1ra de anyagi neh\u00e9zs\u00e9gek miatt nem tudta befejezni. \u00dajs\u00e1g\u00edr\u00f3 a kv.-i Ellenz\u00e9k, majd a Brass\u00f3i Lapokn\u00e1l, itt jelentek meg els\u0151 elbesz\u00e9l\u00e9sei, karcolatai \u00e1m radik\u00e1lis szellem\u0171 cikkei, riportjai miatt elbocs\u00e1tott\u00e1k. R\u00f6vid ideig a nagyv\u00e1radi N\u00e9pakaratban is k\u00f6z\u00f6lt, majd a Magyar Nemzetben. Csatlakozott az Erd\u00e9lyi Fiatalok val\u00f3s\u00e1g-, \u00e9s falukutat\u00f3 mozgalm\u00e1hoz (1930), t\u00f6bb t\u00e1rs\u00e1val egy\u00fctt a Temesv\u00e1ri H\u00edrlapban k\u00f6zz\u00e9tett nyilatkozatban a n\u00e9pi-plebejus irodalom mellett k\u00f6telezte el mag\u00e1t. Meg\u00edrta a Pletykaf\u00e9szek c. els\u0151 reg\u00e9ny\u00e9t (1932), amely azonban csak h\u00e1ron \u00e9vtized m\u00falva l\u00e1tott csak napvil\u00e1got. \u00c1ll\u00e1s n\u00e9lk\u00fcl maradtva (1934\u201337) \u00e9veken \u00e1t Cs\u00f3kfalv\u00e1n \u00e9lt \u00f6zvegy \u00e9desanyj\u00e1val, innen gyalogszerrel bej\u00e1rta a K\u00fck\u00fcll\u0151 \u2013 Ny\u00e1r\u00e1d \u00e9s Nyik\u00f3 menti falvakat \u00e9s megismerte a falu t\u00e1rsadalmi val\u00f3s\u00e1g\u00e1t, \u00e9lm\u00e9nyeir\u0151l besz\u00e1molt az Erd\u00e9lyi Helikon, Korunk, Kelet N\u00e9pe, L\u00e1that\u00e1r, J\u00f6vend\u0151 has\u00e1bjain, a Brass\u00f3i Lapok munkat\u00e1rsa (1934\u201340). R\u00e9szt vett a V\u00e1s\u00e1rhelyi Tal\u00e1lkoz\u00f3 el\u0151k\u00e9sz\u00edt\u00e9s\u00e9n (1937). Mv.-en \u00e9lt (1937\u2013), ahol az \u00dajs\u00e1g f\u0151munkat\u00e1rsa (1942); irodalmi \u00e9s publicisztikai m\u0171veivel a h\u00e1bor\u00faellenes er\u0151k demokratikus \u00f6sszefog\u00e1s\u00e1\u00e9rt munk\u00e1lkodott. A mv.-i Szabad Sz\u00f3 (1945\u201348), majd a N\u00e9p\u00fajs\u00e1g f\u0151szerkeszt\u0151je (1948\u201351); az Igaz Sz\u00f3 f\u0151szerkeszt\u0151je, egy ideig az Utunk, Korunk szerkeszt\u0151bizotts\u00e1g\u00e1nak tagja, a Falvak N\u00e9pe \u00e9s az El\u0151re munkat\u00e1rsa. Az \u00cdr\u00f3sz\u00f6vets\u00e9g mv.-i fi\u00f3kj\u00e1nak eln\u00f6ke (1952\u2013). T\u00e1mogatta a rom\u00e1niai kommunista rendszert, sz\u00e1mos k\u00f6z\u00e9leti megbizat\u00e1st v\u00e1llalt: tagja volt az MNSZ K\u00f6zponti Int\u00e9z\u0151bizotts\u00e1g\u00e1nak (1948\u201353), a Nagy Nemzetgy\u0171l\u00e9s MAT \u00e9s MMAT k\u00e9pvisel\u0151je (1952. nov. 30. \u201375. m\u00e1rc. 9.); az RMP KV tagja \/ a RKP KB tagja (1955. dec. 28. \u201374. nov. 28.); a Nagy Nemzetgy\u0171l\u00e9s aleln\u00f6ke (1965. aug. 21. \u201375. m\u00e1rc. 17.). Az RNK \u00c1llami D\u00edja 2. oszt. (1952); Ro. \u00cdr\u00f3sz\u00f6vets\u00e9g D\u00edja (1985). M\u0171vei megjelentek rom\u00e1n, cseh, francia, n\u00e9met orosz ford\u00edt\u00e1sban. Politikai p\u00e1ly\u00e1j\u00e1nak fel\u00edvel\u00e9se egyben \u00edr\u00f3i hanyatl\u00e1s\u00e1nak kezdete. Gyom, amit irtani kell! (El\u0151re, 1956. j\u00fan. 3.; Scinteia, 1956. j\u00fan. 3.) c. h\u00edrhedtt\u00e9 v\u00e1lt cikk\u00e9ben heve\u00adsen megt\u00e1madta a nemzeti \u00f6ntudatot felv\u00e1l\u00adlal\u00f3 m. \u00edr\u00f3t\u00e1rsait, az 1956-i m. forradalom lever\u00e9se ut\u00e1n k\u00edm\u00e9letlen harcot ind\u00edtott a \u201em. nacionalizmus\u201d ellen. Az 1960-as \u00e9vekben megkezdte kor\u00e1bbi m\u0171vei \u201eoszt\u00e1lyharcos\u201d szeml\u00e9let\u0171 \u00e1t\u00edr\u00e1s\u00e1t. Mindenfajta k\u00f6z\u00e9leti tev\u00e9kenys\u00e9gt\u0151l vissza\u00advonult (1975\u2013). <strong>Kit\u00fcntet\u00e9sei:<\/strong> Munka\u00e9rdemrend III. o. (1949), I. o. (1961); \u201e23. August\u201d \u00e9rdemrend IV. o. (1959); RNK Csillaga \u00e9rdemrend II. o. (1964); \u201eTudor Vladimirescu\u201e \u00e9rdemrend III. o. (1966); Kultur\u00e1lis \u00e9rdem \u00e9rem I. o. (1971); \u00c1llami d\u00edj. \u2013 <strong>F. m.:<\/strong> Emberarcok (elb.; Brass\u00f3, 1928); Varjak a falu felett: Egy szeg\u00e9ny vig\u00e9c-csal\u00e1d reg\u00e9nye (Brass\u00f3, 1934; Buk., 1962); A t\u0171z kialszik (reg.; Brass\u00f3, 1935; Buk., 1965); Erd\u00e9lyi t\u00e9l (reg.; Bp., 1938; Buk., 1967; Kv., 1976; \u00e1td. Buk., 1974; Dezv\u0103luiri de iarn\u0103 (ford. Veronica B\u00e2rl\u0103deanu, Buc., 1989); A v\u00f6r\u00f6s szam\u00e1r (reg., Kv., 1940; Nagyv\u00e1rad, 1940; \u00faj v\u00e1l\u00adtozat: Pusztul\u00e1s. Buk., 1971); Aranymez\u0151 (Bp., 1942; Buk, 1955; 1974); A l\u00f6v\u00e9tei sz\u00e9gyen (rip., Mv., 1946); Boszork\u00e1ny (reg.; Mv., 1946; Buk, 1965); \u00c1rny\u00e9k a v\u00f6lgyben (reg.; Mv., 1946); B\u00e9k\u00fcl\u0151 Erd\u00e9ly (Bp., 1947); Foggal \u00e9s k\u00f6r\u00f6mmel (Buk, 1949, 1951, 1961; Cu ghiarele \u015fi cu din\u0163ii., ford. Ion Urcan; Buc., 1950, 1960; Zuby nehti ; cseh ford., 1952; Mit Krallen und Z\u00e4hnen; n\u00e9met ford., 1955); A szabads\u00e1g \u00fatj\u00e1n: Moldovai cs\u00e1ng\u00f3k k\u00f6z\u00f6tt (Buk., 1950); \u201eNemzetis\u00e9gre val\u00f3 tekintet n\u00e9lk\u00fcl \u201d(politikai publicisztika; Buk., 1952); Vil\u00e1g f\u00e9nyl\u0151 rem\u00e9nye: Utaz\u00e1s a Szovjetuni\u00f3ban (Buk., 1953); A bokr\u00e9ta (Mv., 1955; Buchetul, ford. A. Aldea; Buc., 1957); B\u0171n\u00fcgy (Buk., 1956); Dali J\u00f3ska r\u00f3zs\u00e1ja (elb.; Mv., 1957); Ozsdola le\u00e1nya (kisreg.; Buk., 1959); Fata din Ojdola, (ford. Ion Chinezu; Buc., 1960); Krisztina \u00e9s a hal\u00e1lra\u00edt\u00e9lt (elb.; Mv., 1959); Katonas\u00edr (kisreg.; Buk., 1960; Morm\u00e2ntul osta\u015fului; ford. Constantin Olariu; Buc., 1961, 1962; Der Rekrutenstrauss; n\u00e9met ford., 1961); Krist\u00f3f\u00e9k kincse (reg.; Mv., 1960; Comoara Kristofilor, ford. Ion Urcan; Buc., 1965); Falusi kaland (elb.; Buk., 1961); S\u00e1nta lelkek (Buk., 1961); Pletykaf\u00e9szek \u2013 Varjak a falu felett (Buk., 1962); Le\u00e1nyok a kertek alatt (elb.; Buk., 1963); A ki nem mondott sz\u00f3 (reg.; Buk., 1964); Kerget\u0151 szelek (reg.; Buk., 1964); H\u00edn\u00e1r (reg.; Buk., 1965); A t\u0171z kialszik \u2013 Boszork\u00e1ny (Buk., 1965); Comoara Kristofilor. (Roman. Volumul 1\u20132. \u00cen rom\u00e2ne\u015fte de Ion Urcan (Buc., 1965); B\u00e1nat \u00e9s bor (elb.; Buk., 1966); Csatangol\u00e1sok a vil\u00e1gban: \u00datirajzok (Buk., 1968); Kozm\u00e1n\u00e9 sz\u00e9p asszony (elb.; Buk., 1969); D\u00f6gl\u00f6tt gr\u00e1n\u00e1t (reg.; Buk., 1970); Pusztul\u00e1s (Buk., 1971); A hadnagy \u00e9s a t\u00fcnem\u00e9ny: Elbesz\u00e9l\u00e9sek 1941\u20131946 (bibliogr. Mutat\u00f3: Abaf\u00e1y Guszt\u00e1v, Bonyh\u00e1ti Jol\u00e1n, Hal\u00e1sz Boriska; Buk., 1977; Locotenentul \u015fi n\u0103luca; ford. Eugen Hadai; Buc., 1985); A n\u00e9ma p\u00e1sztor (elb.; el\u0151sz\u00f3, f\u00fcggel\u00e9k Varr\u00f3 J\u00e1nos; Kv., 1980); Emberarcok (novell\u00e1k; Buk., 1987); <strong>t\u00e1rssz.:<\/strong> Lengyel f\u00f6ld\u00f6n. (rip.; T. G. Maiorescuval, D\u00e1nos Mikl\u00f3ssal, S\u00fct\u0151 Andr\u00e1ssal; Mv., 1956); B\u0151v\u00edz\u0171 patakok ment\u00e9n : Riportk\u00f6nyv Beke Gy\u00f6rggyel, Farkas \u00c1rp\u00e1ddal, Fodor S\u00e1ndorral; Buk., 1972); <strong>antol\u00f3g.:<\/strong> \u00daj arcvonal (Kv., 1931); Erd\u00e9lyi m\u00e1rtirok \u00e9s h\u0151s\u00f6k aranyk\u00f6nyve (Bp., 1941); 48-as Erd\u00e9ly (Kv., 1943); Erd\u00e9lyi elbesz\u00e9l\u0151k (Bp., 2004); Nagy L; <strong>ford.:<\/strong> Heine Heinrich: \u00datirajzok (Bp., 1959); Burroughs, Edgar Rice: Tarz\u00e1n \u00e9s Opar kincse (Novi Sad, 1966); Christie, Agatha: Temetni vesz\u00e9lyes (Bp., 1970, 1981); <strong>szerk.:<\/strong> Marosv\u00e1s\u00e1rhely (Album; el\u0151sz\u00f3; Buk., 1962); Darvas J\u00f3zsef: Istoria unei familii de \u0163\u0103rani (el\u0151sz\u00f3; Buc., 1963); M\u00f3ricz Zsigmond: Pipacsok a tengeren (el\u0151sz\u00f3; Buk., 1975). <br \/><strong>Irod.:<\/strong> Aranykorszak; \u00c1ts Gabriella: Alkot\u00e1s k\u00f6zben (V. Z., 1962. okt. 14.); Autonom magyarok; Bottoni 2006; Bottoni 2008; B\u00f6l\u00f6ni Domokos: K. Gy. \u00e9s K\u00fcsm\u00f6d (N\u00fa., Sz\u00ednes Vil\u00e1g, 2011. \u00e1pr. 30.); Er\u0151ss; Gagyi J\u00f3zsef. \u2018\u2019P\u00e1rtos\u00edtott\u2019\u2019 \u00e9rtelmis\u00e9g (L\u00e1t\u00f3, 1. sz. 2006); Guly\u00e1s; A H\u00e9t \u00e9vk\u00f6nyve (1978); Helikon; Izs\u00e1k J\u00f3zsef: Sz\u00e1mad\u00f3 alkonyat (V. Z., 1971. \u00e1pr. 25); Kacs\u00f3 S. &#8211; S\u0151ni P. &#8211; Abaf\u00e1y G.: H\u00e1rom portr\u00e9 (Buk., 1963); K\u00e1ntor\u2013L\u00e1ng; K. Gy. [Nekrol\u00f3g] (N\u00fa., 1990. okt. 23.); KM\u00cd; K\u00f6sz\u00f6ntj\u00fck az 50 \u00e9ves K. Gy. -\u00f6t (V. Z., 1961. \u00e1pr. 23.); Kort\u00e1rs M\u00cdKL; Korunk; Kusz\u00e1lik; M\u00e1ln\u00e1si; Marosi-Helikon; Marosi-KZST; Marosi Ildik\u00f3: L\u00e1togat\u00f3ban K. Gy. -n\u00e9l (\u00daj \u00c9let, 6. sz. 1974.); M\u00e1th\u00e9 J\u00f3zsef: Az \u00edr\u00f3 n\u00e9pszolg\u00e1lata (V. Z., 1986. aug. 9.); Membrii C. C. al P. C. R.; MIIB; Molter 3.; P\u00e1l-Antal 2013; P[olg\u00e1r]. I. [stv\u00e1n]: Besz\u00e9lget\u00e9s K. Gy-gyel (V. Z., 1961. \u00e1pr. 9.); R\u00e1duly; R\u00e9thy\u2013V\u00e1czy; RMIL; R\u00daL; S\u00fct\u0151 Andr\u00e1s (Korunk, 1995. 3., p. 45\u201349); Szigethy\u2013\u00dajv\u00e1ri; Sz\u00e9pr\u00e9ti Lilla: Feljegyz\u00e9sek K. Gy.-r\u0151l (Erd\u00e9lyi Figyel\u0151, 17\u201318. sz., 1990); T\u00f6tt\u00f6sy; \u00daM\u00c9L<\/br><\/p>\n","protected":false},"excerpt":{"rendered":"<p>K\u00fcsm\u00f6d, 1911. \u00e1pr. 27., \u2020 Mv., 1990. okt. 22. vagy 21: \u00edr\u00f3, publicista, politikus. \u2013 Apja ref. lelk\u00e9sz kor\u00e1n elhunyt, ez\u00e9rt a ref. egyh\u00e1z tan\u00edttatta. Az elemi iskol\u00e1t Nagykenden, a k\u00f6z\u00e9piskol\u00e1t a nagyenyedi Bethlen Koll.-ban v\u00e9gezte; beirattkozott a kv.-i egyetem b\u00f6lcs\u00e9sz kar\u00e1ra de anyagi neh\u00e9zs\u00e9gek miatt nem tudta befejezni. \u00dajs\u00e1g\u00edr\u00f3 a kv.-i Ellenz\u00e9k, majd a [&hellip;]<\/p>\n","protected":false},"featured_media":0,"comment_status":"open","ping_status":"closed","template":"","meta":[],"product_brand":[],"product_cat":[137],"product_tag":[],"class_list":{"0":"post-12888","1":"product","2":"type-product","3":"status-publish","5":"product_cat-maros-megyei-eletrajzi-lexikon","7":"first","8":"instock","9":"shipping-taxable","10":"product-type-simple"},"_links":{"self":[{"href":"https:\/\/uj.adatbank.ro\/lexikon\/wp-json\/wp\/v2\/product\/12888","targetHints":{"allow":["GET"]}}],"collection":[{"href":"https:\/\/uj.adatbank.ro\/lexikon\/wp-json\/wp\/v2\/product"}],"about":[{"href":"https:\/\/uj.adatbank.ro\/lexikon\/wp-json\/wp\/v2\/types\/product"}],"replies":[{"embeddable":true,"href":"https:\/\/uj.adatbank.ro\/lexikon\/wp-json\/wp\/v2\/comments?post=12888"}],"wp:attachment":[{"href":"https:\/\/uj.adatbank.ro\/lexikon\/wp-json\/wp\/v2\/media?parent=12888"}],"wp:term":[{"taxonomy":"product_brand","embeddable":true,"href":"https:\/\/uj.adatbank.ro\/lexikon\/wp-json\/wp\/v2\/product_brand?post=12888"},{"taxonomy":"product_cat","embeddable":true,"href":"https:\/\/uj.adatbank.ro\/lexikon\/wp-json\/wp\/v2\/product_cat?post=12888"},{"taxonomy":"product_tag","embeddable":true,"href":"https:\/\/uj.adatbank.ro\/lexikon\/wp-json\/wp\/v2\/product_tag?post=12888"}],"curies":[{"name":"wp","href":"https:\/\/api.w.org\/{rel}","templated":true}]}}