{"id":12892,"date":"2025-06-29T14:42:51","date_gmt":"2025-06-29T12:42:51","guid":{"rendered":"https:\/\/uj.adatbank.ro\/lexikon\/termek\/kovacs-gyula-e-ecsedi\/"},"modified":"2025-06-29T14:42:51","modified_gmt":"2025-06-29T12:42:51","slug":"kovacs-gyula-e-ecsedi","status":"publish","type":"product","link":"https:\/\/uj.adatbank.ro\/lexikon\/termek\/kovacs-gyula-e-ecsedi\/","title":{"rendered":"KOV\u00c1CS Gyula \/ E. Ecsedi"},"content":{"rendered":"<p>Gebe, 1839, \u2020 Segesv\u00e1r, 1899.: sz\u00edn\u00e9sz. \u2013Kv.-i sz\u00edn\u00e9sz Irodalmi munk\u00e1ss\u00e1g\u00e1\u00e9rt a Pet\u0151fi T\u00e1rsas\u00e1g tagj\u00e1v\u00e1 v\u00e1lasztott\u00e1k (1876). Tolnai Lajossal j\u00f3 bar\u00e1ts\u00e1gban volt. A KZST-nek tev\u00e9keny tagja (1877\u2013). <br \/><strong>Irod.:<\/strong> Marosi-KZST<\/br><\/p>\n","protected":false},"excerpt":{"rendered":"<p>Gebe, 1839, \u2020 Segesv\u00e1r, 1899.: sz\u00edn\u00e9sz. \u2013Kv.-i sz\u00edn\u00e9sz Irodalmi munk\u00e1ss\u00e1g\u00e1\u00e9rt a Pet\u0151fi T\u00e1rsas\u00e1g tagj\u00e1v\u00e1 v\u00e1lasztott\u00e1k (1876). Tolnai Lajossal j\u00f3 bar\u00e1ts\u00e1gban volt. A KZST-nek tev\u00e9keny tagja (1877\u2013). Irod.: Marosi-KZST<\/p>\n","protected":false},"featured_media":0,"comment_status":"open","ping_status":"closed","template":"","meta":[],"product_brand":[],"product_cat":[137],"product_tag":[],"class_list":{"0":"post-12892","1":"product","2":"type-product","3":"status-publish","5":"product_cat-maros-megyei-eletrajzi-lexikon","7":"first","8":"instock","9":"shipping-taxable","10":"product-type-simple"},"_links":{"self":[{"href":"https:\/\/uj.adatbank.ro\/lexikon\/wp-json\/wp\/v2\/product\/12892","targetHints":{"allow":["GET"]}}],"collection":[{"href":"https:\/\/uj.adatbank.ro\/lexikon\/wp-json\/wp\/v2\/product"}],"about":[{"href":"https:\/\/uj.adatbank.ro\/lexikon\/wp-json\/wp\/v2\/types\/product"}],"replies":[{"embeddable":true,"href":"https:\/\/uj.adatbank.ro\/lexikon\/wp-json\/wp\/v2\/comments?post=12892"}],"wp:attachment":[{"href":"https:\/\/uj.adatbank.ro\/lexikon\/wp-json\/wp\/v2\/media?parent=12892"}],"wp:term":[{"taxonomy":"product_brand","embeddable":true,"href":"https:\/\/uj.adatbank.ro\/lexikon\/wp-json\/wp\/v2\/product_brand?post=12892"},{"taxonomy":"product_cat","embeddable":true,"href":"https:\/\/uj.adatbank.ro\/lexikon\/wp-json\/wp\/v2\/product_cat?post=12892"},{"taxonomy":"product_tag","embeddable":true,"href":"https:\/\/uj.adatbank.ro\/lexikon\/wp-json\/wp\/v2\/product_tag?post=12892"}],"curies":[{"name":"wp","href":"https:\/\/api.w.org\/{rel}","templated":true}]}}