{"id":12894,"date":"2025-06-29T14:42:54","date_gmt":"2025-06-29T12:42:54","guid":{"rendered":"https:\/\/uj.adatbank.ro\/lexikon\/termek\/kovacs-gyula-julius-kezdiszentleleki\/"},"modified":"2025-06-29T14:42:54","modified_gmt":"2025-06-29T12:42:54","slug":"kovacs-gyula-julius-kezdiszentleleki","status":"publish","type":"product","link":"https:\/\/uj.adatbank.ro\/lexikon\/termek\/kovacs-gyula-julius-kezdiszentleleki\/","title":{"rendered":"KOV\u00c1CS Gyula, Julius, k\u00e9zdiszentl\u00e9leki"},"content":{"rendered":"<p>Buda, 1815. szept. 15., \u2020 Bp., 1873. j\u00fan. 22.: paleobotanikus, m\u00fazeum\u0151r, a MTA lev. tagja. \u2013 Gyermek\u00e9veit Mv.-en t\u00f6lt\u00f6tte, ahol apja K. Andr\u00e1s orvos volt, itt v\u00e9gezte a gimn\u00e1ziumot (1830); Bp.-en beiratkozott a b\u00f6lcs\u00e9szetre de mivel nagyb\u00e1tyja K. Tam\u00e1s a Hazai \u00e9s K\u00fclf\u00f6ldi Tud\u00f3s\u00edt\u00e1sok szerkeszt\u0151je meghalt, visszat\u00e9rt Mv. -re (1831), itt iskolai tanulm\u00e1nyai mellett f\u00fcv\u00e9szettel \u00e9s a rovarok tanulm\u00e1nyoz\u00e1s\u00e1val foglalkozott: \u00f6ssze\u00e1ll\u00edtotta, k\u00e9ziratban maradt munk\u00e1j\u00e1t Marosv\u00e1s\u00e1rhely vir\u00e1ny\u00e1t, egyszersmint megvetette nagy n\u00f6v\u00e9nygy\u00fajtem\u00e9ny\u00e9nek alapj\u00e1t; filoz\u00f3fiai \u00e9s jogi tanulm\u00e1nyait Kv.-on v\u00e9gezte be (1833\u201334); apja hal\u00e1la ut\u00e1n (1835) visszaj\u00f6tt Mv. -re ahol f\u00fcv\u00e9szettel, kert\u00e9szked\u00e9ssel \u00e9s gazd\u00e1lkod\u00e1ssal foglalkozott, sz\u00e1raz n\u00f6v\u00e9nyeit megismertette Eur\u00f3pa f\u00fcv\u00e9szeivel; B\u00e9csben beiratkozott az orvosira (1841\u2013) n\u00e9gy \u00e9vet elv\u00e9gzett de anyja hal\u00e1la miatt abba hagyta tanulm\u00e1nyait, ezut\u00e1n kiz\u00e1r\u00f3lag a term\u00e9szettudom\u00e1nyoknak \u00e9lt ; B\u00e9csben \u00e9lt (1844\u201350), ahol a cs\u00e1sz\u00e1ri f\u00fcv\u00e9szeti m\u00fazeumban, a f\u00fcv\u00e9szkertben \u00e9s a k\u00f6nyvt\u00e1rakban buv\u00e1rkodott, n\u00f6v\u00e9nygy\u0171jtem\u00e9ny\u00e9t gyarap\u00edtotta; munk\u00e1ja meg\u00edr\u00e1s\u00e1hoz anyagot gy\u0171jt\u00f6tt Magyaro, Erd\u00e9ly, Horv\u00e1to., Szalavonia vid\u00e9kein, kiterjesztve tanulm\u00e1nyait a f\u00f6ld- \u00e9s \u00e1llattanra is; az itt szerzett ismereteit k\u00f6z\u00f6lte \u00e9s gyarap\u00edtotta a Freunde der Naturwissenschaften c. gy\u0171jtem\u00e9nyben, valamint a M. Orvosok \u00e9s Term\u00e9szetvizsg\u00e1l\u00f3k nagygy\u0171l\u00e9sein; a M. Nemzeti M\u00fazeum \u0151r\u00e9v\u00e9 nevezt\u00e9k ki (1850), ugyanakkor a f\u00f6ldtani t\u00e1rsulat titk\u00e1ra lett. Tudom\u00e1nyos kutat\u00f3 munk\u00e1ja sor\u00e1n beutazta az eg\u00e9sz orsz\u00e1got, ahonnan f\u00f6ld- \u00e1sv\u00e1ny- n\u00f6v\u00e9ny- \u00e9s \u0151s\u00e1llattani gy\u0171jtem\u00e9nyekkel gazdag\u00edtotta a m\u00fazeumot; a MTA levelez\u0151 tagja lett (1858); a pesti egyetemen az \u00e1llattan helyettes tan\u00e1ra lett (1860\u2013), majd a botanika rendes tan\u00e1ra (1863\u2013); s\u00falyos betegen \u00e9lte \u00e9lete utols\u0151 t\u00edz \u00e9v\u00e9t, n\u00f6v\u00e9ny \u00e9s rovargy\u0171jtem\u00e9ny\u00e9nek tisztogat\u00e1s\u00e1val \u00e9s rendez\u00e9s\u00e9vel t\u00f6lt\u00f6tte. Cikkei : Mittheilungen der Freunde der Naturwissenschaften, Zeitschrift f\u00fcr Natur und Heilkunden, Gazdas\u00e1gi Lapok, Jahrb\u00fccher der k. k. Geol Reichsanstalt in Wien, Magyarorsz\u00e1g \u00e9s Erd\u00e9ly k\u00e9pekben, Pesti Napl\u00f3, Budapesti H\u00edrlap, Orvosi Hetilap, B\u00e1ny\u00e1szati \u00e9s Koh\u00e1szati Lapok, Wochenblatt f\u00fcr Land und Forstwirthe, a M. Akad\u00e9miai \u00c9rtes\u00edt\u0151, Medizinische Topographie der Stadt Pest-ben A Szent Istv\u00e1n T\u00e1rsulat \u00e1ltal megind\u00edtott Egyetemes Magyar Enciklop\u00e9di\u00e1nak \u00e1lland\u00f3 munkat\u00e1rsa volt, amelyben 400 n\u00e1l t\u00f6bb sz\u00f3cikke van a n\u00f6v\u00e9ny \u00e9s \u00e1llattan ter\u00fclet\u00e9r\u0151l. \u2013 <strong>F. m.:<\/strong> Az ausztriai birodalom k\u00fcl\u00f6n\u00f6sen Magyarorsz\u00e1g \u00e9s Erd\u00e9ly ritk\u00e1bb sz\u00e1r\u00edtott n\u00f6v\u00e9nyei (Viennae, 1841\u20131850); A magyarhoni f\u00f6ldtani t\u00e1rsulat alapszab\u00e1lyai (Pest, 1851); Jegyz\u00e9ke az 1851. nov. 1. megnyitott orsz\u00e1gos term\u00e9nyki\u00e1ll\u00edt\u00e1sra bek\u00fcld\u00f6tt t\u00e1rgyaknak a bek\u00fcld\u0151k neveivel (Pest, 1851); Els\u0151 jelent\u00e9s a f\u00f6ldtani t\u00e1rsulatr\u00f3l (Pest, 1852); Jegyz\u00e9ke az 1853. okt. 23. megnyitott orsz\u00e1gos term\u00e9nyki\u00e1ll\u00edt\u00e1sra bek\u00fcld\u00f6tt t\u00e1rgyaknak a bek\u00fcld\u0151k neveivel (Pest, 1853; n\u00e9met\u00fcl is); 1853-ik \u00e9vi orsz\u00e1gos term\u00e9nyt\u00e1rlatra bek\u00fcld\u00f6tt alm\u00e1k \u00e9s k\u00f6rt\u00e9k jegyz\u00e9ke (Pest, 1853); Erd\u0151b\u00e9nyei \u00e1satag vir\u00e1ny \u00e9s t\u00e1lyai \u00e1satag vir\u00e1ny (Pest, 1856. n\u00e9met\u00fcl is); T\u00e1llyai \u00e1satag vir\u00e1ny (Pest, 1856. n\u00e9met\u00fcl is) ; Magyarorsz\u00e1g fl\u00f3r\u00e1ja (K\u00e9zirat). <br \/><strong>Irod.:<\/strong> Gomb\u00f3cz Endre : A magyar botanika t\u00f6rt\u00e9nete (Bp., 1936); MMA; Rugonfalvi Kiss; Szab\u00f3\u2013Sz\u00f6gi; Szinnyei<\/br><\/p>\n","protected":false},"excerpt":{"rendered":"<p>Buda, 1815. szept. 15., \u2020 Bp., 1873. j\u00fan. 22.: paleobotanikus, m\u00fazeum\u0151r, a MTA lev. tagja. \u2013 Gyermek\u00e9veit Mv.-en t\u00f6lt\u00f6tte, ahol apja K. Andr\u00e1s orvos volt, itt v\u00e9gezte a gimn\u00e1ziumot (1830); Bp.-en beiratkozott a b\u00f6lcs\u00e9szetre de mivel nagyb\u00e1tyja K. Tam\u00e1s a Hazai \u00e9s K\u00fclf\u00f6ldi Tud\u00f3s\u00edt\u00e1sok szerkeszt\u0151je meghalt, visszat\u00e9rt Mv. -re (1831), itt iskolai tanulm\u00e1nyai mellett f\u00fcv\u00e9szettel [&hellip;]<\/p>\n","protected":false},"featured_media":0,"comment_status":"open","ping_status":"closed","template":"","meta":[],"product_brand":[],"product_cat":[137],"product_tag":[],"class_list":{"0":"post-12894","1":"product","2":"type-product","3":"status-publish","5":"product_cat-maros-megyei-eletrajzi-lexikon","7":"first","8":"instock","9":"shipping-taxable","10":"product-type-simple"},"_links":{"self":[{"href":"https:\/\/uj.adatbank.ro\/lexikon\/wp-json\/wp\/v2\/product\/12894","targetHints":{"allow":["GET"]}}],"collection":[{"href":"https:\/\/uj.adatbank.ro\/lexikon\/wp-json\/wp\/v2\/product"}],"about":[{"href":"https:\/\/uj.adatbank.ro\/lexikon\/wp-json\/wp\/v2\/types\/product"}],"replies":[{"embeddable":true,"href":"https:\/\/uj.adatbank.ro\/lexikon\/wp-json\/wp\/v2\/comments?post=12894"}],"wp:attachment":[{"href":"https:\/\/uj.adatbank.ro\/lexikon\/wp-json\/wp\/v2\/media?parent=12894"}],"wp:term":[{"taxonomy":"product_brand","embeddable":true,"href":"https:\/\/uj.adatbank.ro\/lexikon\/wp-json\/wp\/v2\/product_brand?post=12894"},{"taxonomy":"product_cat","embeddable":true,"href":"https:\/\/uj.adatbank.ro\/lexikon\/wp-json\/wp\/v2\/product_cat?post=12894"},{"taxonomy":"product_tag","embeddable":true,"href":"https:\/\/uj.adatbank.ro\/lexikon\/wp-json\/wp\/v2\/product_tag?post=12894"}],"curies":[{"name":"wp","href":"https:\/\/api.w.org\/{rel}","templated":true}]}}