{"id":12897,"date":"2025-06-29T14:43:01","date_gmt":"2025-06-29T12:43:01","guid":{"rendered":"https:\/\/uj.adatbank.ro\/lexikon\/termek\/kovacs-ilona-e\/"},"modified":"2025-06-29T14:43:01","modified_gmt":"2025-06-29T12:43:01","slug":"kovacs-ilona-e","status":"publish","type":"product","link":"https:\/\/uj.adatbank.ro\/lexikon\/termek\/kovacs-ilona-e\/","title":{"rendered":"KOV\u00c1CS Ilona E."},"content":{"rendered":"<p>? \u2020 ?: K. E. Gyula le\u00e1nya. &#8211; <strong>F. m.:<\/strong> <strong>szerk.:<\/strong> Ferenczi Zolt\u00e1n: E. Kov\u00e1cs Gyula k\u00f6ltem\u00e9nyei a k\u00f6lt\u0151 \u00e9letrajz\u00e1val (Kv., 1900). <br \/><strong>Irod.:<\/strong> F\u00fcl\u00f6p\u2013Ferencz<\/br><\/p>\n","protected":false},"excerpt":{"rendered":"<p>? \u2020 ?: K. E. Gyula le\u00e1nya. &#8211; F. m.: szerk.: Ferenczi Zolt\u00e1n: E. Kov\u00e1cs Gyula k\u00f6ltem\u00e9nyei a k\u00f6lt\u0151 \u00e9letrajz\u00e1val (Kv., 1900). Irod.: F\u00fcl\u00f6p\u2013Ferencz<\/p>\n","protected":false},"featured_media":0,"comment_status":"open","ping_status":"closed","template":"","meta":[],"product_brand":[],"product_cat":[137],"product_tag":[],"class_list":{"0":"post-12897","1":"product","2":"type-product","3":"status-publish","5":"product_cat-maros-megyei-eletrajzi-lexikon","7":"first","8":"instock","9":"shipping-taxable","10":"product-type-simple"},"_links":{"self":[{"href":"https:\/\/uj.adatbank.ro\/lexikon\/wp-json\/wp\/v2\/product\/12897","targetHints":{"allow":["GET"]}}],"collection":[{"href":"https:\/\/uj.adatbank.ro\/lexikon\/wp-json\/wp\/v2\/product"}],"about":[{"href":"https:\/\/uj.adatbank.ro\/lexikon\/wp-json\/wp\/v2\/types\/product"}],"replies":[{"embeddable":true,"href":"https:\/\/uj.adatbank.ro\/lexikon\/wp-json\/wp\/v2\/comments?post=12897"}],"wp:attachment":[{"href":"https:\/\/uj.adatbank.ro\/lexikon\/wp-json\/wp\/v2\/media?parent=12897"}],"wp:term":[{"taxonomy":"product_brand","embeddable":true,"href":"https:\/\/uj.adatbank.ro\/lexikon\/wp-json\/wp\/v2\/product_brand?post=12897"},{"taxonomy":"product_cat","embeddable":true,"href":"https:\/\/uj.adatbank.ro\/lexikon\/wp-json\/wp\/v2\/product_cat?post=12897"},{"taxonomy":"product_tag","embeddable":true,"href":"https:\/\/uj.adatbank.ro\/lexikon\/wp-json\/wp\/v2\/product_tag?post=12897"}],"curies":[{"name":"wp","href":"https:\/\/api.w.org\/{rel}","templated":true}]}}