{"id":12914,"date":"2025-06-29T14:43:36","date_gmt":"2025-06-29T12:43:36","guid":{"rendered":"https:\/\/uj.adatbank.ro\/lexikon\/termek\/kovacs-janos-5\/"},"modified":"2025-06-29T14:43:36","modified_gmt":"2025-06-29T12:43:36","slug":"kovacs-janos-5","status":"publish","type":"product","link":"https:\/\/uj.adatbank.ro\/lexikon\/termek\/kovacs-janos-5\/","title":{"rendered":"KOV\u00c1CS J\u00e1nos"},"content":{"rendered":"<p>Ostoros, 1912. \u2020 ? : hivat\u00e1sos t\u00f6rzs\u0151rmester. \u2013 A 27 \/ III. z\u00e1szl\u00f3aljn\u00e1l volt kik\u00e9pz\u0151 tiszthelyettes. \u0150rmesteri rendfokozatot kapott (1941. m\u00e1j. 1.). A hadm\u0171veleti ter\u00fcletre vonult, mint a 27 \/ III. z\u00e1szl\u00f3alj szakaszparancsnok-helyettese, a s\u00falyos harcokban megsebes\u00fclt (1944. j\u00fan. 26.). <br \/><strong>Irod.:<\/strong> Berekm\u00e9ri 2015<\/br><\/p>\n","protected":false},"excerpt":{"rendered":"<p>Ostoros, 1912. \u2020 ? : hivat\u00e1sos t\u00f6rzs\u0151rmester. \u2013 A 27 \/ III. z\u00e1szl\u00f3aljn\u00e1l volt kik\u00e9pz\u0151 tiszthelyettes. \u0150rmesteri rendfokozatot kapott (1941. m\u00e1j. 1.). A hadm\u0171veleti ter\u00fcletre vonult, mint a 27 \/ III. z\u00e1szl\u00f3alj szakaszparancsnok-helyettese, a s\u00falyos harcokban megsebes\u00fclt (1944. j\u00fan. 26.). Irod.: Berekm\u00e9ri 2015<\/p>\n","protected":false},"featured_media":0,"comment_status":"open","ping_status":"closed","template":"","meta":[],"product_brand":[],"product_cat":[137],"product_tag":[],"class_list":{"0":"post-12914","1":"product","2":"type-product","3":"status-publish","5":"product_cat-maros-megyei-eletrajzi-lexikon","7":"first","8":"instock","9":"shipping-taxable","10":"product-type-simple"},"_links":{"self":[{"href":"https:\/\/uj.adatbank.ro\/lexikon\/wp-json\/wp\/v2\/product\/12914","targetHints":{"allow":["GET"]}}],"collection":[{"href":"https:\/\/uj.adatbank.ro\/lexikon\/wp-json\/wp\/v2\/product"}],"about":[{"href":"https:\/\/uj.adatbank.ro\/lexikon\/wp-json\/wp\/v2\/types\/product"}],"replies":[{"embeddable":true,"href":"https:\/\/uj.adatbank.ro\/lexikon\/wp-json\/wp\/v2\/comments?post=12914"}],"wp:attachment":[{"href":"https:\/\/uj.adatbank.ro\/lexikon\/wp-json\/wp\/v2\/media?parent=12914"}],"wp:term":[{"taxonomy":"product_brand","embeddable":true,"href":"https:\/\/uj.adatbank.ro\/lexikon\/wp-json\/wp\/v2\/product_brand?post=12914"},{"taxonomy":"product_cat","embeddable":true,"href":"https:\/\/uj.adatbank.ro\/lexikon\/wp-json\/wp\/v2\/product_cat?post=12914"},{"taxonomy":"product_tag","embeddable":true,"href":"https:\/\/uj.adatbank.ro\/lexikon\/wp-json\/wp\/v2\/product_tag?post=12914"}],"curies":[{"name":"wp","href":"https:\/\/api.w.org\/{rel}","templated":true}]}}