{"id":12920,"date":"2025-06-29T14:43:46","date_gmt":"2025-06-29T12:43:46","guid":{"rendered":"https:\/\/uj.adatbank.ro\/lexikon\/termek\/kovacs-janos-szekelykereszturi\/"},"modified":"2025-06-29T14:43:46","modified_gmt":"2025-06-29T12:43:46","slug":"kovacs-janos-szekelykereszturi","status":"publish","type":"product","link":"https:\/\/uj.adatbank.ro\/lexikon\/termek\/kovacs-janos-szekelykereszturi\/","title":{"rendered":"KOV\u00c1CS J\u00e1nos, sz\u00e9kelykereszt\u00fari"},"content":{"rendered":"<p>? \u2020 1867 : t\u00f6rv\u00e9nysz\u00e9ki b\u00edr\u00f3, K. Albert \u00e9s K. Gyula apja. \u2013 A mv.-i v\u00e1r parancsnoka volt (1848\u201349) s a v\u00e9rb\u00edr\u00f3s\u00e1g eln\u00f6ke, ez\u00e9rt \u00e9s mert az abszolutizmus idej\u00e9n hivatalt nem v\u00e1llalt s\u00falyos hadisarcot fizetett, birtoka fel\u00e9re apadt csak nagy neh\u00e9zs\u00e9gek \u00e1r\u00e1n tudta hat fi\u00e1t tan\u00edtatni. <br \/><strong>Irod.:<\/strong> Szinnyei K. Albertn\u00e9l<\/br><\/p>\n","protected":false},"excerpt":{"rendered":"<p>? \u2020 1867 : t\u00f6rv\u00e9nysz\u00e9ki b\u00edr\u00f3, K. Albert \u00e9s K. Gyula apja. \u2013 A mv.-i v\u00e1r parancsnoka volt (1848\u201349) s a v\u00e9rb\u00edr\u00f3s\u00e1g eln\u00f6ke, ez\u00e9rt \u00e9s mert az abszolutizmus idej\u00e9n hivatalt nem v\u00e1llalt s\u00falyos hadisarcot fizetett, birtoka fel\u00e9re apadt csak nagy neh\u00e9zs\u00e9gek \u00e1r\u00e1n tudta hat fi\u00e1t tan\u00edtatni. Irod.: Szinnyei K. Albertn\u00e9l<\/p>\n","protected":false},"featured_media":0,"comment_status":"open","ping_status":"closed","template":"","meta":[],"product_brand":[],"product_cat":[137],"product_tag":[],"class_list":{"0":"post-12920","1":"product","2":"type-product","3":"status-publish","5":"product_cat-maros-megyei-eletrajzi-lexikon","7":"first","8":"instock","9":"shipping-taxable","10":"product-type-simple"},"_links":{"self":[{"href":"https:\/\/uj.adatbank.ro\/lexikon\/wp-json\/wp\/v2\/product\/12920","targetHints":{"allow":["GET"]}}],"collection":[{"href":"https:\/\/uj.adatbank.ro\/lexikon\/wp-json\/wp\/v2\/product"}],"about":[{"href":"https:\/\/uj.adatbank.ro\/lexikon\/wp-json\/wp\/v2\/types\/product"}],"replies":[{"embeddable":true,"href":"https:\/\/uj.adatbank.ro\/lexikon\/wp-json\/wp\/v2\/comments?post=12920"}],"wp:attachment":[{"href":"https:\/\/uj.adatbank.ro\/lexikon\/wp-json\/wp\/v2\/media?parent=12920"}],"wp:term":[{"taxonomy":"product_brand","embeddable":true,"href":"https:\/\/uj.adatbank.ro\/lexikon\/wp-json\/wp\/v2\/product_brand?post=12920"},{"taxonomy":"product_cat","embeddable":true,"href":"https:\/\/uj.adatbank.ro\/lexikon\/wp-json\/wp\/v2\/product_cat?post=12920"},{"taxonomy":"product_tag","embeddable":true,"href":"https:\/\/uj.adatbank.ro\/lexikon\/wp-json\/wp\/v2\/product_tag?post=12920"}],"curies":[{"name":"wp","href":"https:\/\/api.w.org\/{rel}","templated":true}]}}