{"id":12939,"date":"2025-06-29T14:44:23","date_gmt":"2025-06-29T12:44:23","guid":{"rendered":"https:\/\/uj.adatbank.ro\/lexikon\/termek\/kovacs-kato-%c2%a7\/"},"modified":"2025-06-29T14:44:23","modified_gmt":"2025-06-29T12:44:23","slug":"kovacs-kato-%c2%a7","status":"publish","type":"product","link":"https:\/\/uj.adatbank.ro\/lexikon\/termek\/kovacs-kato-%c2%a7\/","title":{"rendered":"KOV\u00c1CS Kat\u00f3, \u00a7"},"content":{"rendered":"<p>Gernyeszeg, 1918. febr. 25., \u2020 Kv., 1990. szept. 27.: sz\u00edn\u00e9szn\u0151. \u2013 A kv.-i Marianumban \u00e9retts\u00e9gizett (1935). K\u00e9pess\u00e9geire a Marianum szaktan\u00e1rn\u0151je figyelt fel, \u00e9neket tanult Pfeiffer Alfr\u00e9d \u00e9nekmestern\u00e9l (1935\u201338). A kv.-i Th\u00e1lia sz\u00ednh\u00e1zhoz szerz\u0151d\u00f6tt (1938), ahol \u00e9nekes naiva szerepk\u00f6rben -D\u00e9nes \u2013Kamjonkay : Ide gyere r\u00f3zs\u00e1m c. operettj\u00e9ben deb\u00fct\u00e1lt. \u00c9nekes szerepei mellet pr\u00f3zai feladatokat is kapott A kv.-i Th\u00e1lia Sz\u00ednh\u00e1z (1937\u20131941), Bp. -re szerz\u0151d\u00f6tt: a Royal Rev\u00fcsz\u00ednh\u00e1z, a P\u00f3dium Irodalmi Sz\u00ednpad, az \u00daj M. Sz\u00ednh\u00e1z tagja (1941\u20131945). A Hunnia Filmgy\u00e1rban a Bob herceg c\u00edmszerep\u00e9nek elj\u00e1tsz\u00e1s\u00e1ra szerz\u0151d\u00f6tt. A h\u00e1bor\u00fa ut\u00e1n visszat\u00e9rt Erd\u00e9lybe : a kv.-i \u00c1llami M. Sz\u00ednh\u00e1z (1945\u20131950), a sepsiszentgy\u00f6rgyi \u00c1llami M. Sz\u00ednh\u00e1z tagja (1950\u20131970), enekes sz\u00edn\u00e9szn\u0151 \u00e9s rendez\u0151k\u00e9nt. Munka \u00c9rdemrendel t\u0171ntett\u00e9k ki (1954)- <strong>F. sz.:<\/strong> \u00c9vike (Farkas Imre: Igl\u00f3i di\u00e1kok); M\u00e9di (Schubert-Bert\u00e9: H\u00e1rom a kisl\u00e1ny); Ad\u00e9l (J. Strauss: A denev\u00e9r); Iluska (Kacs\u00f3h Pongr\u00e1c: J\u00e1nos vit\u00e9z); M\u00e1ria Lujza (Kod\u00e1ly: H\u00e1ry J\u00e1nos); Leila (Huszka: G\u00fcl baba); Szilvia (K\u00e1lm\u00e1n Imre: Cs\u00e1rd\u00e1skir\u00e1lyn\u0151); Mariska (Szigligeti Ede: Liliomfi); Lady Milford (Schiller: \u00c1rm\u00e1ny \u00e9s szerelem); Diana (Lope de Vega: A kert\u00e9sz kuty\u00e1ja); Elza (Cs\u00edky Gergely: Ingyen\u00e9l\u0151k); P\u00f3lika (M\u00f3ricz: Nem \u00e9lhetek muzsikasz\u00f3 n\u00e9lk\u00fcl); <strong>F. r.:<\/strong>: Ben Jonson: Volpone; Shakespeare: Othelo; Ibsen: Kis\u00e9rtetek; V. Hugo: Ruy Blas. <br \/><strong>Irod.:<\/strong> Enyedi; A H\u00e9t \u00e9vk. (1982), Katona Szab\u00f3 Istv\u00e1n: Az \u00daj \u00c9let lexikona, 90. (\u00daj \u00c9let, 6. sz. 1974.) ; K\u00f6t\u0151<\/br><\/p>\n","protected":false},"excerpt":{"rendered":"<p>Gernyeszeg, 1918. febr. 25., \u2020 Kv., 1990. szept. 27.: sz\u00edn\u00e9szn\u0151. \u2013 A kv.-i Marianumban \u00e9retts\u00e9gizett (1935). K\u00e9pess\u00e9geire a Marianum szaktan\u00e1rn\u0151je figyelt fel, \u00e9neket tanult Pfeiffer Alfr\u00e9d \u00e9nekmestern\u00e9l (1935\u201338). A kv.-i Th\u00e1lia sz\u00ednh\u00e1zhoz szerz\u0151d\u00f6tt (1938), ahol \u00e9nekes naiva szerepk\u00f6rben -D\u00e9nes \u2013Kamjonkay : Ide gyere r\u00f3zs\u00e1m c. operettj\u00e9ben deb\u00fct\u00e1lt. \u00c9nekes szerepei mellet pr\u00f3zai feladatokat is kapott A [&hellip;]<\/p>\n","protected":false},"featured_media":0,"comment_status":"open","ping_status":"closed","template":"","meta":[],"product_brand":[],"product_cat":[137],"product_tag":[],"class_list":{"0":"post-12939","1":"product","2":"type-product","3":"status-publish","5":"product_cat-maros-megyei-eletrajzi-lexikon","7":"first","8":"instock","9":"shipping-taxable","10":"product-type-simple"},"_links":{"self":[{"href":"https:\/\/uj.adatbank.ro\/lexikon\/wp-json\/wp\/v2\/product\/12939","targetHints":{"allow":["GET"]}}],"collection":[{"href":"https:\/\/uj.adatbank.ro\/lexikon\/wp-json\/wp\/v2\/product"}],"about":[{"href":"https:\/\/uj.adatbank.ro\/lexikon\/wp-json\/wp\/v2\/types\/product"}],"replies":[{"embeddable":true,"href":"https:\/\/uj.adatbank.ro\/lexikon\/wp-json\/wp\/v2\/comments?post=12939"}],"wp:attachment":[{"href":"https:\/\/uj.adatbank.ro\/lexikon\/wp-json\/wp\/v2\/media?parent=12939"}],"wp:term":[{"taxonomy":"product_brand","embeddable":true,"href":"https:\/\/uj.adatbank.ro\/lexikon\/wp-json\/wp\/v2\/product_brand?post=12939"},{"taxonomy":"product_cat","embeddable":true,"href":"https:\/\/uj.adatbank.ro\/lexikon\/wp-json\/wp\/v2\/product_cat?post=12939"},{"taxonomy":"product_tag","embeddable":true,"href":"https:\/\/uj.adatbank.ro\/lexikon\/wp-json\/wp\/v2\/product_tag?post=12939"}],"curies":[{"name":"wp","href":"https:\/\/api.w.org\/{rel}","templated":true}]}}