{"id":12949,"date":"2025-06-29T14:44:44","date_gmt":"2025-06-29T12:44:44","guid":{"rendered":"https:\/\/uj.adatbank.ro\/lexikon\/termek\/kovacs-laszlo-4\/"},"modified":"2025-06-29T14:44:44","modified_gmt":"2025-06-29T12:44:44","slug":"kovacs-laszlo-4","status":"publish","type":"product","link":"https:\/\/uj.adatbank.ro\/lexikon\/termek\/kovacs-laszlo-4\/","title":{"rendered":"KOV\u00c1CS L\u00e1szl\u00f3"},"content":{"rendered":"<p>Mv., 1916.? \u2020 Mv., 2008. m\u00e1j. 29.: kert\u00e9szm\u00e9rn\u00f6k. \u2013 R\u00e9gi v\u00e1s\u00e1rhelyi csal\u00e1db\u00f3l sz\u00e1rmazott, egy\u00e9ves volt amikor \u00e9desapja meghalt, \u00e9desanyja egyed\u00fcl nevelte hat gyermek\u00e9t. \u2013 A mv.-i Koll.-ban tanult, \u00e9retts\u00e9gizett (1934), \u00f6szt\u00f6nd\u00edjjal Mo.-on kert\u00e9szeti akad. -\u00e1t v\u00e9gzett, k\u00e9t \u00e9vet a Berlin-Dahlem-i kert\u00e9szeti f\u0151iskol\u00e1n k\u00e9pezte tov\u00e1bb mag\u00e1t, megtanulta a termel\u00e9st \u00e9s a term\u00e9kek feldolgoz\u00e1s\u00e1t, a sz\u00fcks\u00e9ges \u00e9p\u00fcletek \u00e9p\u00edt\u00e9s\u00e9t, a g\u00e9pek ismeret\u00e9t \u00e9s gy\u00e1rt\u00e1s\u00e1t is. Az Erd\u00e9lyr\u00e9szi Hangya Sz\u00f6vetkezetek meggyesfalvi ipartelep\u00e9re (1941), az orsz\u00e1g egyik legkiv\u00e1l\u00f3bb konzervgy\u00e1ra ker\u00fclt. A sz\u00f6vetkezetek egyes\u00edt\u00e9se, ill. \u00e1llami v\u00e1llalatt\u00e1 alak\u00edt\u00e1sakor a meggyesfalvi ipartelepet elvett\u00e9k a Hangy\u00e1t\u00f3l. Lemondott vezet\u0151i \u00e1ll\u00e1s\u00e1r\u00f3l (1945) \u00e9s v\u00e1rosi t\u00e1mogat\u00e1ssal kis csal\u00e1di konzervgy\u00e1rat l\u00e9tes\u00edtett, az \u00e1llamos\u00edt\u00e1skor elvett\u00e9k \u00fczem\u00e9t. Napsz\u00e1mos volt a m\u00e9szk\u0151\u00e9get\u0151 k\u00e1lyh\u00e1kn\u00e1l, Kem\u00e9ny J\u00e1nos \u00edr\u00f3val egy\u00fctt. Visszah\u00edvt\u00e1k a konzervgy\u00e1rhoz, ahol termel\u00e9si felel\u0151s lett (1962- ig). Tartom\u00e1nyi munkav\u00e9delmi ellen\u0151rr\u00e9 l\u00e9ptett\u00e9k el\u0151, nyugd\u00edjaz\u00e1s\u00e1ig (1977). Birtok\u00e1ban tal\u00e1lhat\u00f3k s\u00f3gora, Fekete Andor, h\u00e1trahagyott k\u00e9ziratai, f\u00f6ljegyz\u00e9sei 40 \u00e9ves \u00fcgyv\u00e9di, banki-kereskedelmi jog\u00e1szi m\u0171k\u00f6d\u00e9s\u00e9r\u00f4l, valamint a Kaszin\u00f3 t\u00f6rt\u00e9net\u00e9r\u00f4l. <br \/><strong>Irod.:<\/strong> Komj\u00e1tszegi S\u00e1ndor: In memoriam Dr. Fekete Andor (N\u00fa., 2001. aug. 18.); [Nekrol\u00f3g] (N\u00fa., 2008. m\u00e1j. 31.); Sipos.<\/br><\/p>\n","protected":false},"excerpt":{"rendered":"<p>Mv., 1916.? \u2020 Mv., 2008. m\u00e1j. 29.: kert\u00e9szm\u00e9rn\u00f6k. \u2013 R\u00e9gi v\u00e1s\u00e1rhelyi csal\u00e1db\u00f3l sz\u00e1rmazott, egy\u00e9ves volt amikor \u00e9desapja meghalt, \u00e9desanyja egyed\u00fcl nevelte hat gyermek\u00e9t. \u2013 A mv.-i Koll.-ban tanult, \u00e9retts\u00e9gizett (1934), \u00f6szt\u00f6nd\u00edjjal Mo.-on kert\u00e9szeti akad. -\u00e1t v\u00e9gzett, k\u00e9t \u00e9vet a Berlin-Dahlem-i kert\u00e9szeti f\u0151iskol\u00e1n k\u00e9pezte tov\u00e1bb mag\u00e1t, megtanulta a termel\u00e9st \u00e9s a term\u00e9kek feldolgoz\u00e1s\u00e1t, a sz\u00fcks\u00e9ges \u00e9p\u00fcletek [&hellip;]<\/p>\n","protected":false},"featured_media":0,"comment_status":"open","ping_status":"closed","template":"","meta":[],"product_brand":[],"product_cat":[137],"product_tag":[],"class_list":{"0":"post-12949","1":"product","2":"type-product","3":"status-publish","5":"product_cat-maros-megyei-eletrajzi-lexikon","7":"first","8":"instock","9":"shipping-taxable","10":"product-type-simple"},"_links":{"self":[{"href":"https:\/\/uj.adatbank.ro\/lexikon\/wp-json\/wp\/v2\/product\/12949","targetHints":{"allow":["GET"]}}],"collection":[{"href":"https:\/\/uj.adatbank.ro\/lexikon\/wp-json\/wp\/v2\/product"}],"about":[{"href":"https:\/\/uj.adatbank.ro\/lexikon\/wp-json\/wp\/v2\/types\/product"}],"replies":[{"embeddable":true,"href":"https:\/\/uj.adatbank.ro\/lexikon\/wp-json\/wp\/v2\/comments?post=12949"}],"wp:attachment":[{"href":"https:\/\/uj.adatbank.ro\/lexikon\/wp-json\/wp\/v2\/media?parent=12949"}],"wp:term":[{"taxonomy":"product_brand","embeddable":true,"href":"https:\/\/uj.adatbank.ro\/lexikon\/wp-json\/wp\/v2\/product_brand?post=12949"},{"taxonomy":"product_cat","embeddable":true,"href":"https:\/\/uj.adatbank.ro\/lexikon\/wp-json\/wp\/v2\/product_cat?post=12949"},{"taxonomy":"product_tag","embeddable":true,"href":"https:\/\/uj.adatbank.ro\/lexikon\/wp-json\/wp\/v2\/product_tag?post=12949"}],"curies":[{"name":"wp","href":"https:\/\/api.w.org\/{rel}","templated":true}]}}