{"id":12964,"date":"2025-06-29T14:45:11","date_gmt":"2025-06-29T12:45:11","guid":{"rendered":"https:\/\/uj.adatbank.ro\/lexikon\/termek\/kovacs-mihaly-2\/"},"modified":"2025-06-29T14:45:11","modified_gmt":"2025-06-29T12:45:11","slug":"kovacs-mihaly-2","status":"publish","type":"product","link":"https:\/\/uj.adatbank.ro\/lexikon\/termek\/kovacs-mihaly-2\/","title":{"rendered":"KOV\u00c1CS Mih\u00e1ly"},"content":{"rendered":"<p>? \u2020 Disznaj\u00f3, 1764: ref. lelk\u00e9sz. \u2013 Disznaj\u00f3non szolg\u00e1lt (1764). <strong>F. m.:<\/strong> Halotti besz\u00e9d sz\u00e9ki gr. Teleki J\u00f3zsef felett, 1729. m\u00e1j. 22. (Kv., \u00e9. n.); Halotti besz\u00e9d sz\u00e9ki gr. Teleki Zsigmondfelett, 1731. szept. 2. (H. \u00e9s \u00e9. n.); Halotti besz\u00e9d sz\u00e9ki gr. Teleki G\u00e1bor \u00e9s Kl\u00e1ra felett, 1732. jan. 13. (H. \u00e9s \u00e9. n.). <br \/><strong>Irod.:<\/strong> Halotti besz\u00e9dek; \u0150sz<\/br><\/p>\n","protected":false},"excerpt":{"rendered":"<p>? \u2020 Disznaj\u00f3, 1764: ref. lelk\u00e9sz. \u2013 Disznaj\u00f3non szolg\u00e1lt (1764). F. m.: Halotti besz\u00e9d sz\u00e9ki gr. Teleki J\u00f3zsef felett, 1729. m\u00e1j. 22. (Kv., \u00e9. n.); Halotti besz\u00e9d sz\u00e9ki gr. Teleki Zsigmondfelett, 1731. szept. 2. (H. \u00e9s \u00e9. n.); Halotti besz\u00e9d sz\u00e9ki gr. Teleki G\u00e1bor \u00e9s Kl\u00e1ra felett, 1732. jan. 13. (H. \u00e9s \u00e9. n.). Irod.: [&hellip;]<\/p>\n","protected":false},"featured_media":0,"comment_status":"open","ping_status":"closed","template":"","meta":[],"product_brand":[],"product_cat":[137],"product_tag":[],"class_list":{"0":"post-12964","1":"product","2":"type-product","3":"status-publish","5":"product_cat-maros-megyei-eletrajzi-lexikon","7":"first","8":"instock","9":"shipping-taxable","10":"product-type-simple"},"_links":{"self":[{"href":"https:\/\/uj.adatbank.ro\/lexikon\/wp-json\/wp\/v2\/product\/12964","targetHints":{"allow":["GET"]}}],"collection":[{"href":"https:\/\/uj.adatbank.ro\/lexikon\/wp-json\/wp\/v2\/product"}],"about":[{"href":"https:\/\/uj.adatbank.ro\/lexikon\/wp-json\/wp\/v2\/types\/product"}],"replies":[{"embeddable":true,"href":"https:\/\/uj.adatbank.ro\/lexikon\/wp-json\/wp\/v2\/comments?post=12964"}],"wp:attachment":[{"href":"https:\/\/uj.adatbank.ro\/lexikon\/wp-json\/wp\/v2\/media?parent=12964"}],"wp:term":[{"taxonomy":"product_brand","embeddable":true,"href":"https:\/\/uj.adatbank.ro\/lexikon\/wp-json\/wp\/v2\/product_brand?post=12964"},{"taxonomy":"product_cat","embeddable":true,"href":"https:\/\/uj.adatbank.ro\/lexikon\/wp-json\/wp\/v2\/product_cat?post=12964"},{"taxonomy":"product_tag","embeddable":true,"href":"https:\/\/uj.adatbank.ro\/lexikon\/wp-json\/wp\/v2\/product_tag?post=12964"}],"curies":[{"name":"wp","href":"https:\/\/api.w.org\/{rel}","templated":true}]}}