{"id":12967,"date":"2025-06-29T14:45:17","date_gmt":"2025-06-29T12:45:17","guid":{"rendered":"https:\/\/uj.adatbank.ro\/lexikon\/termek\/kovacs-mihaly-zoltan\/"},"modified":"2025-06-29T14:45:17","modified_gmt":"2025-06-29T12:45:17","slug":"kovacs-mihaly-zoltan","status":"publish","type":"product","link":"https:\/\/uj.adatbank.ro\/lexikon\/termek\/kovacs-mihaly-zoltan\/","title":{"rendered":"KOV\u00c1CS Mih\u00e1ly Zolt\u00e1n"},"content":{"rendered":"<p>Mez\u0151cs\u00e1v\u00e1s, 1930. \u00e1pr. 14., \u2020 Mez\u0151cs\u00e1v\u00e1s, 1994. j\u00fal. 10.: tan\u00e1r. \u2013 \u00c9retts\u00e9gizett Sz\u00e9kelykereszt\u00faron a tan\u00edt\u00f3k\u00e9pz\u0151ben (1949); a kv.-i BBTE. -n pedag\u00f3gia-l\u00e9lektan szakos tan\u00e1ri diplom\u00e1t szerzett (1957); Mv.-en k\u00f3rusvezet\u0151 tanfolyamot v\u00e9gzett (1965). II. majd I. fokozat\u00fa vizsg\u00e1t tett Kv.-on (1968, 1974). Tan\u00edt\u00f3 volt Ny\u00e1r\u00e1dremet\u00e9n (1949\u201350), Szab\u00e9don (1952\u201353), tan\u00e1r Mez\u0151patinon (1957\u201358; Mez\u0151fel\u00e9ben \u00e1lt. Iskolai igazgat\u00f3 (1958\u201360); B\u00e9lborban logop\u00e9dus (1960\u201361); tan\u00e1r Gal\u00f3c\u00e1son (1961\u201363), D\u00e9sfalv\u00e1n (1963\u201364), Backamadarason ig. tan\u00e1r (1964\u201380), kult\u00farotthon igazgat\u00f3. N\u00e9prajzzal foglalkozott. Cikkei : Tan\u00fcgyi \u00dajs\u00e1g, M\u0171vel\u0151d\u00e9s, Korunk-ban. <br \/><strong>Irod.:<\/strong> KKACs; [Nekrol\u00f3g] (N\u00fa., 1994. j\u00fal. 12.)<\/br><\/p>\n","protected":false},"excerpt":{"rendered":"<p>Mez\u0151cs\u00e1v\u00e1s, 1930. \u00e1pr. 14., \u2020 Mez\u0151cs\u00e1v\u00e1s, 1994. j\u00fal. 10.: tan\u00e1r. \u2013 \u00c9retts\u00e9gizett Sz\u00e9kelykereszt\u00faron a tan\u00edt\u00f3k\u00e9pz\u0151ben (1949); a kv.-i BBTE. -n pedag\u00f3gia-l\u00e9lektan szakos tan\u00e1ri diplom\u00e1t szerzett (1957); Mv.-en k\u00f3rusvezet\u0151 tanfolyamot v\u00e9gzett (1965). II. majd I. fokozat\u00fa vizsg\u00e1t tett Kv.-on (1968, 1974). Tan\u00edt\u00f3 volt Ny\u00e1r\u00e1dremet\u00e9n (1949\u201350), Szab\u00e9don (1952\u201353), tan\u00e1r Mez\u0151patinon (1957\u201358; Mez\u0151fel\u00e9ben \u00e1lt. Iskolai igazgat\u00f3 (1958\u201360); B\u00e9lborban [&hellip;]<\/p>\n","protected":false},"featured_media":0,"comment_status":"open","ping_status":"closed","template":"","meta":[],"product_brand":[],"product_cat":[137],"product_tag":[],"class_list":{"0":"post-12967","1":"product","2":"type-product","3":"status-publish","5":"product_cat-maros-megyei-eletrajzi-lexikon","7":"first","8":"instock","9":"shipping-taxable","10":"product-type-simple"},"_links":{"self":[{"href":"https:\/\/uj.adatbank.ro\/lexikon\/wp-json\/wp\/v2\/product\/12967","targetHints":{"allow":["GET"]}}],"collection":[{"href":"https:\/\/uj.adatbank.ro\/lexikon\/wp-json\/wp\/v2\/product"}],"about":[{"href":"https:\/\/uj.adatbank.ro\/lexikon\/wp-json\/wp\/v2\/types\/product"}],"replies":[{"embeddable":true,"href":"https:\/\/uj.adatbank.ro\/lexikon\/wp-json\/wp\/v2\/comments?post=12967"}],"wp:attachment":[{"href":"https:\/\/uj.adatbank.ro\/lexikon\/wp-json\/wp\/v2\/media?parent=12967"}],"wp:term":[{"taxonomy":"product_brand","embeddable":true,"href":"https:\/\/uj.adatbank.ro\/lexikon\/wp-json\/wp\/v2\/product_brand?post=12967"},{"taxonomy":"product_cat","embeddable":true,"href":"https:\/\/uj.adatbank.ro\/lexikon\/wp-json\/wp\/v2\/product_cat?post=12967"},{"taxonomy":"product_tag","embeddable":true,"href":"https:\/\/uj.adatbank.ro\/lexikon\/wp-json\/wp\/v2\/product_tag?post=12967"}],"curies":[{"name":"wp","href":"https:\/\/api.w.org\/{rel}","templated":true}]}}