{"id":12968,"date":"2025-06-29T14:45:18","date_gmt":"2025-06-29T12:45:18","guid":{"rendered":"https:\/\/uj.adatbank.ro\/lexikon\/termek\/kovacs-mihaly-kovacs-mihai\/"},"modified":"2025-06-29T14:45:18","modified_gmt":"2025-06-29T12:45:18","slug":"kovacs-mihaly-kovacs-mihai","status":"publish","type":"product","link":"https:\/\/uj.adatbank.ro\/lexikon\/termek\/kovacs-mihaly-kovacs-mihai\/","title":{"rendered":"KOV\u00c1CS Mih\u00e1ly, Kov\u00e1cs Mihai,"},"content":{"rendered":"<p>Torda, 1912. szept. 28. \u2020 Mv., 1980.: ezredes. \u2013 Tiszti rangjai: \u0151rnagy (1951); alezredes, \u0151rnagy (1952). A tordai Securitate f\u0151n\u00f6ke (1949\u201350), Kv.-on a Rend\u0151rs\u00e9g Megyei Igazgat\u00f3s\u00e1g\u00e1n dolgozott (1948\u201351), Kv.-on a Rend\u0151rs\u00e9g Megyei Igazgat\u00f3s\u00e1g\u00e1n (1948\u20131951). A MAT tartom\u00e1nyi \u00e1llambiztons\u00e1gi szervezet, a Securitate tartom\u00e1nyi parancsnoka \u0151rnagy (1952\u2013), alezredes (1954 ?), ezredes (1959). Az RMP Titk\u00e1rs\u00e1ga j\u00f3v\u00e1hagyta lev\u00e1lt\u00e1s\u00e1t (1961. dec. 30.), hely\u00e9t Nicolae Sidea ezredes foglalta el. Tartal\u00e9kba helyezt\u00e9k (1962. m\u00e1j. 31. \u2013). <br \/><strong>Irod.:<\/strong> Auton\u00f3m magyarok; Bartos 2012; Berekm\u00e9ri 2015; Bottoni 2006; Bottoni 2008; Ferenczi S\u00e1ndor 2012; http:\/\/www.cnsas.ro\/documente\/cadrele_securitatii\/KOVACS_MIHALY.pdf<\/br><\/p>\n","protected":false},"excerpt":{"rendered":"<p>Torda, 1912. szept. 28. \u2020 Mv., 1980.: ezredes. \u2013 Tiszti rangjai: \u0151rnagy (1951); alezredes, \u0151rnagy (1952). A tordai Securitate f\u0151n\u00f6ke (1949\u201350), Kv.-on a Rend\u0151rs\u00e9g Megyei Igazgat\u00f3s\u00e1g\u00e1n dolgozott (1948\u201351), Kv.-on a Rend\u0151rs\u00e9g Megyei Igazgat\u00f3s\u00e1g\u00e1n (1948\u20131951). A MAT tartom\u00e1nyi \u00e1llambiztons\u00e1gi szervezet, a Securitate tartom\u00e1nyi parancsnoka \u0151rnagy (1952\u2013), alezredes (1954 ?), ezredes (1959). Az RMP Titk\u00e1rs\u00e1ga j\u00f3v\u00e1hagyta lev\u00e1lt\u00e1s\u00e1t [&hellip;]<\/p>\n","protected":false},"featured_media":0,"comment_status":"open","ping_status":"closed","template":"","meta":[],"product_brand":[],"product_cat":[137],"product_tag":[],"class_list":{"0":"post-12968","1":"product","2":"type-product","3":"status-publish","5":"product_cat-maros-megyei-eletrajzi-lexikon","7":"first","8":"instock","9":"shipping-taxable","10":"product-type-simple"},"_links":{"self":[{"href":"https:\/\/uj.adatbank.ro\/lexikon\/wp-json\/wp\/v2\/product\/12968","targetHints":{"allow":["GET"]}}],"collection":[{"href":"https:\/\/uj.adatbank.ro\/lexikon\/wp-json\/wp\/v2\/product"}],"about":[{"href":"https:\/\/uj.adatbank.ro\/lexikon\/wp-json\/wp\/v2\/types\/product"}],"replies":[{"embeddable":true,"href":"https:\/\/uj.adatbank.ro\/lexikon\/wp-json\/wp\/v2\/comments?post=12968"}],"wp:attachment":[{"href":"https:\/\/uj.adatbank.ro\/lexikon\/wp-json\/wp\/v2\/media?parent=12968"}],"wp:term":[{"taxonomy":"product_brand","embeddable":true,"href":"https:\/\/uj.adatbank.ro\/lexikon\/wp-json\/wp\/v2\/product_brand?post=12968"},{"taxonomy":"product_cat","embeddable":true,"href":"https:\/\/uj.adatbank.ro\/lexikon\/wp-json\/wp\/v2\/product_cat?post=12968"},{"taxonomy":"product_tag","embeddable":true,"href":"https:\/\/uj.adatbank.ro\/lexikon\/wp-json\/wp\/v2\/product_tag?post=12968"}],"curies":[{"name":"wp","href":"https:\/\/api.w.org\/{rel}","templated":true}]}}