{"id":12972,"date":"2025-06-29T14:45:28","date_gmt":"2025-06-29T12:45:28","guid":{"rendered":"https:\/\/uj.adatbank.ro\/lexikon\/termek\/kovacs-miklos-4\/"},"modified":"2025-06-29T14:45:28","modified_gmt":"2025-06-29T12:45:28","slug":"kovacs-miklos-4","status":"publish","type":"product","link":"https:\/\/uj.adatbank.ro\/lexikon\/termek\/kovacs-miklos-4\/","title":{"rendered":"KOV\u00c1CS Mikl\u00f3s"},"content":{"rendered":"<p>Ikland, 1884., \u2020 ? : \u00fariszab\u00f3. \u2013 Iskol\u00e1i elv\u00e9gz\u00e9se ut\u00e1n a szab\u00f3iparban szabadult fel, seg\u00e9d\u00e9veit a legjobb mesterek mellett t\u00f6lt\u00f6tte, \u00f6n\u00e1ll\u00f3 lett Bp.-en (1923) Az els\u0151 vh.-ban a 62. k. gy. e.-ben teljes\u00edtett szolg\u00e1latot. <br \/><strong>Irod.:<\/strong> Sz\u00e9kelyf\u00f6ld \u00ed. k.<\/br><\/p>\n","protected":false},"excerpt":{"rendered":"<p>Ikland, 1884., \u2020 ? : \u00fariszab\u00f3. \u2013 Iskol\u00e1i elv\u00e9gz\u00e9se ut\u00e1n a szab\u00f3iparban szabadult fel, seg\u00e9d\u00e9veit a legjobb mesterek mellett t\u00f6lt\u00f6tte, \u00f6n\u00e1ll\u00f3 lett Bp.-en (1923) Az els\u0151 vh.-ban a 62. k. gy. e.-ben teljes\u00edtett szolg\u00e1latot. Irod.: Sz\u00e9kelyf\u00f6ld \u00ed. k.<\/p>\n","protected":false},"featured_media":0,"comment_status":"open","ping_status":"closed","template":"","meta":[],"product_brand":[],"product_cat":[137],"product_tag":[],"class_list":{"0":"post-12972","1":"product","2":"type-product","3":"status-publish","5":"product_cat-maros-megyei-eletrajzi-lexikon","7":"first","8":"instock","9":"shipping-taxable","10":"product-type-simple"},"_links":{"self":[{"href":"https:\/\/uj.adatbank.ro\/lexikon\/wp-json\/wp\/v2\/product\/12972","targetHints":{"allow":["GET"]}}],"collection":[{"href":"https:\/\/uj.adatbank.ro\/lexikon\/wp-json\/wp\/v2\/product"}],"about":[{"href":"https:\/\/uj.adatbank.ro\/lexikon\/wp-json\/wp\/v2\/types\/product"}],"replies":[{"embeddable":true,"href":"https:\/\/uj.adatbank.ro\/lexikon\/wp-json\/wp\/v2\/comments?post=12972"}],"wp:attachment":[{"href":"https:\/\/uj.adatbank.ro\/lexikon\/wp-json\/wp\/v2\/media?parent=12972"}],"wp:term":[{"taxonomy":"product_brand","embeddable":true,"href":"https:\/\/uj.adatbank.ro\/lexikon\/wp-json\/wp\/v2\/product_brand?post=12972"},{"taxonomy":"product_cat","embeddable":true,"href":"https:\/\/uj.adatbank.ro\/lexikon\/wp-json\/wp\/v2\/product_cat?post=12972"},{"taxonomy":"product_tag","embeddable":true,"href":"https:\/\/uj.adatbank.ro\/lexikon\/wp-json\/wp\/v2\/product_tag?post=12972"}],"curies":[{"name":"wp","href":"https:\/\/api.w.org\/{rel}","templated":true}]}}