{"id":12978,"date":"2025-06-29T14:45:39","date_gmt":"2025-06-29T12:45:39","guid":{"rendered":"https:\/\/uj.adatbank.ro\/lexikon\/termek\/kovacs-olga-%c2%a7-popne\/"},"modified":"2025-06-29T14:45:39","modified_gmt":"2025-06-29T12:45:39","slug":"kovacs-olga-%c2%a7-popne","status":"publish","type":"product","link":"https:\/\/uj.adatbank.ro\/lexikon\/termek\/kovacs-olga-%c2%a7-popne\/","title":{"rendered":"KOV\u00c1CS Olga, \u00a7 Popn\u00e9"},"content":{"rendered":"<p>Cs\u00edkr\u00e1kos, 1931. szept. 4. \u2020 Mv., ? : tan\u00edt\u00f3n\u0151. \u2013 Elemi iskol\u00e1t a sz\u00fcl\u0151faluban, gimn\u00e1zium Kv.-on a Marianumban (1942\u201344), azut\u00e1n Cs\u00edkszered\u00e1ban a Le\u00e1ny Gimn\u00e1ziumban, tan\u00edt\u00f3k\u00e9pz\u0151t a cs\u00edkszeredai Vegyes Ped. Iskol\u00e1ban v\u00e9gzett, \u00e9s tan\u00edt\u00f3i okl. -t szerzett (1947\u201351). Vargyasra (Hargita) helyezt\u00e9k tan\u00edtani (1951\u201354), onnan Magyar\u00f3ra (Maros) ker\u00fclt (1954\u201362), Sz\u00e9kelycs\u00f3k\u00e1n tan\u00edtott (1962\u201368), majd Mv.-en az 1-es sz \u00c1lt. Isk.-ban (1986\u201387), ahonnan nyugd\u00edjba vonult. <br \/><strong>Irod.:<\/strong> Dasc\u0103li mure\u015feni, 5. <br \/><strong>Irod.:<\/strong> Dasc\u0103li mure\u015feni, 5.; Sz\u00e9kelycs\u00f3ka<\/br><\/p>\n","protected":false},"excerpt":{"rendered":"<p>Cs\u00edkr\u00e1kos, 1931. szept. 4. \u2020 Mv., ? : tan\u00edt\u00f3n\u0151. \u2013 Elemi iskol\u00e1t a sz\u00fcl\u0151faluban, gimn\u00e1zium Kv.-on a Marianumban (1942\u201344), azut\u00e1n Cs\u00edkszered\u00e1ban a Le\u00e1ny Gimn\u00e1ziumban, tan\u00edt\u00f3k\u00e9pz\u0151t a cs\u00edkszeredai Vegyes Ped. Iskol\u00e1ban v\u00e9gzett, \u00e9s tan\u00edt\u00f3i okl. -t szerzett (1947\u201351). Vargyasra (Hargita) helyezt\u00e9k tan\u00edtani (1951\u201354), onnan Magyar\u00f3ra (Maros) ker\u00fclt (1954\u201362), Sz\u00e9kelycs\u00f3k\u00e1n tan\u00edtott (1962\u201368), majd Mv.-en az 1-es sz [&hellip;]<\/p>\n","protected":false},"featured_media":0,"comment_status":"open","ping_status":"closed","template":"","meta":[],"product_brand":[],"product_cat":[137],"product_tag":[],"class_list":{"0":"post-12978","1":"product","2":"type-product","3":"status-publish","5":"product_cat-maros-megyei-eletrajzi-lexikon","7":"first","8":"instock","9":"shipping-taxable","10":"product-type-simple"},"_links":{"self":[{"href":"https:\/\/uj.adatbank.ro\/lexikon\/wp-json\/wp\/v2\/product\/12978","targetHints":{"allow":["GET"]}}],"collection":[{"href":"https:\/\/uj.adatbank.ro\/lexikon\/wp-json\/wp\/v2\/product"}],"about":[{"href":"https:\/\/uj.adatbank.ro\/lexikon\/wp-json\/wp\/v2\/types\/product"}],"replies":[{"embeddable":true,"href":"https:\/\/uj.adatbank.ro\/lexikon\/wp-json\/wp\/v2\/comments?post=12978"}],"wp:attachment":[{"href":"https:\/\/uj.adatbank.ro\/lexikon\/wp-json\/wp\/v2\/media?parent=12978"}],"wp:term":[{"taxonomy":"product_brand","embeddable":true,"href":"https:\/\/uj.adatbank.ro\/lexikon\/wp-json\/wp\/v2\/product_brand?post=12978"},{"taxonomy":"product_cat","embeddable":true,"href":"https:\/\/uj.adatbank.ro\/lexikon\/wp-json\/wp\/v2\/product_cat?post=12978"},{"taxonomy":"product_tag","embeddable":true,"href":"https:\/\/uj.adatbank.ro\/lexikon\/wp-json\/wp\/v2\/product_tag?post=12978"}],"curies":[{"name":"wp","href":"https:\/\/api.w.org\/{rel}","templated":true}]}}