{"id":12985,"date":"2025-06-29T14:45:54","date_gmt":"2025-06-29T12:45:54","guid":{"rendered":"https:\/\/uj.adatbank.ro\/lexikon\/termek\/kovacs-peter-4\/"},"modified":"2025-06-29T14:45:54","modified_gmt":"2025-06-29T12:45:54","slug":"kovacs-peter-4","status":"publish","type":"product","link":"https:\/\/uj.adatbank.ro\/lexikon\/termek\/kovacs-peter-4\/","title":{"rendered":"KOV\u00c1CS P\u00e9ter"},"content":{"rendered":"<p>1927, \u2020 Mv., 1998. j\u00fal. 14 : orvos. \u2013 A MOGYI orvosi fakult\u00e1s\u00e1n v\u00e9gzett (1952). Az \u00c9lettan katedr\u00e1n kezdett dolgozni. Tan\u00e1rseg\u00e9d a II. sz. Seb\u00e9szeten (1967\u2013), tan\u00e1rseg\u00e9d a I. sz. Sz\u00fcl\u00e9szeten (1987\u2013), majd aneszteziol\u00f3gus f\u0151orvos. <br \/><strong>Irod.:<\/strong> Kiss-P-P; [Nekrol\u00f3g] (N\u00fa., 1998. j\u00fal. 15.)<\/br><\/p>\n","protected":false},"excerpt":{"rendered":"<p>1927, \u2020 Mv., 1998. j\u00fal. 14 : orvos. \u2013 A MOGYI orvosi fakult\u00e1s\u00e1n v\u00e9gzett (1952). Az \u00c9lettan katedr\u00e1n kezdett dolgozni. Tan\u00e1rseg\u00e9d a II. sz. Seb\u00e9szeten (1967\u2013), tan\u00e1rseg\u00e9d a I. sz. Sz\u00fcl\u00e9szeten (1987\u2013), majd aneszteziol\u00f3gus f\u0151orvos. Irod.: Kiss-P-P; [Nekrol\u00f3g] (N\u00fa., 1998. j\u00fal. 15.)<\/p>\n","protected":false},"featured_media":0,"comment_status":"open","ping_status":"closed","template":"","meta":[],"product_brand":[],"product_cat":[137],"product_tag":[],"class_list":{"0":"post-12985","1":"product","2":"type-product","3":"status-publish","5":"product_cat-maros-megyei-eletrajzi-lexikon","7":"first","8":"instock","9":"shipping-taxable","10":"product-type-simple"},"_links":{"self":[{"href":"https:\/\/uj.adatbank.ro\/lexikon\/wp-json\/wp\/v2\/product\/12985","targetHints":{"allow":["GET"]}}],"collection":[{"href":"https:\/\/uj.adatbank.ro\/lexikon\/wp-json\/wp\/v2\/product"}],"about":[{"href":"https:\/\/uj.adatbank.ro\/lexikon\/wp-json\/wp\/v2\/types\/product"}],"replies":[{"embeddable":true,"href":"https:\/\/uj.adatbank.ro\/lexikon\/wp-json\/wp\/v2\/comments?post=12985"}],"wp:attachment":[{"href":"https:\/\/uj.adatbank.ro\/lexikon\/wp-json\/wp\/v2\/media?parent=12985"}],"wp:term":[{"taxonomy":"product_brand","embeddable":true,"href":"https:\/\/uj.adatbank.ro\/lexikon\/wp-json\/wp\/v2\/product_brand?post=12985"},{"taxonomy":"product_cat","embeddable":true,"href":"https:\/\/uj.adatbank.ro\/lexikon\/wp-json\/wp\/v2\/product_cat?post=12985"},{"taxonomy":"product_tag","embeddable":true,"href":"https:\/\/uj.adatbank.ro\/lexikon\/wp-json\/wp\/v2\/product_tag?post=12985"}],"curies":[{"name":"wp","href":"https:\/\/api.w.org\/{rel}","templated":true}]}}