{"id":12995,"date":"2025-06-29T14:46:13","date_gmt":"2025-06-29T12:46:13","guid":{"rendered":"https:\/\/uj.adatbank.ro\/lexikon\/termek\/kovacs-sandor\/"},"modified":"2025-06-29T14:46:13","modified_gmt":"2025-06-29T12:46:13","slug":"kovacs-sandor","status":"publish","type":"product","link":"https:\/\/uj.adatbank.ro\/lexikon\/termek\/kovacs-sandor\/","title":{"rendered":"KOV\u00c1CS S\u00e1ndor"},"content":{"rendered":"<p>Mez\u0151b\u00e1nd, 1824. \u2020 ?: mez\u0151gazd\u00e1sz. \u2013 Mv.-en \u00e9retts\u00e9gizett (1843) \u00e9s joggyakornoskodott, majd Keszthelyen mez\u0151gazd\u00e1sz hallgat\u00f3 lett (1844\u201345), onnan Pestre ment az \u00e1llatorvosi karra (1846\u201347). <br \/><strong>Irod.:<\/strong> Szab\u00f3 Mikl\u00f3s 2005<\/br><\/p>\n","protected":false},"excerpt":{"rendered":"<p>Mez\u0151b\u00e1nd, 1824. \u2020 ?: mez\u0151gazd\u00e1sz. \u2013 Mv.-en \u00e9retts\u00e9gizett (1843) \u00e9s joggyakornoskodott, majd Keszthelyen mez\u0151gazd\u00e1sz hallgat\u00f3 lett (1844\u201345), onnan Pestre ment az \u00e1llatorvosi karra (1846\u201347). Irod.: Szab\u00f3 Mikl\u00f3s 2005<\/p>\n","protected":false},"featured_media":0,"comment_status":"open","ping_status":"closed","template":"","meta":[],"product_brand":[],"product_cat":[137],"product_tag":[],"class_list":{"0":"post-12995","1":"product","2":"type-product","3":"status-publish","5":"product_cat-maros-megyei-eletrajzi-lexikon","7":"first","8":"instock","9":"shipping-taxable","10":"product-type-simple"},"_links":{"self":[{"href":"https:\/\/uj.adatbank.ro\/lexikon\/wp-json\/wp\/v2\/product\/12995","targetHints":{"allow":["GET"]}}],"collection":[{"href":"https:\/\/uj.adatbank.ro\/lexikon\/wp-json\/wp\/v2\/product"}],"about":[{"href":"https:\/\/uj.adatbank.ro\/lexikon\/wp-json\/wp\/v2\/types\/product"}],"replies":[{"embeddable":true,"href":"https:\/\/uj.adatbank.ro\/lexikon\/wp-json\/wp\/v2\/comments?post=12995"}],"wp:attachment":[{"href":"https:\/\/uj.adatbank.ro\/lexikon\/wp-json\/wp\/v2\/media?parent=12995"}],"wp:term":[{"taxonomy":"product_brand","embeddable":true,"href":"https:\/\/uj.adatbank.ro\/lexikon\/wp-json\/wp\/v2\/product_brand?post=12995"},{"taxonomy":"product_cat","embeddable":true,"href":"https:\/\/uj.adatbank.ro\/lexikon\/wp-json\/wp\/v2\/product_cat?post=12995"},{"taxonomy":"product_tag","embeddable":true,"href":"https:\/\/uj.adatbank.ro\/lexikon\/wp-json\/wp\/v2\/product_tag?post=12995"}],"curies":[{"name":"wp","href":"https:\/\/api.w.org\/{rel}","templated":true}]}}