{"id":12996,"date":"2025-06-29T14:46:16","date_gmt":"2025-06-29T12:46:16","guid":{"rendered":"https:\/\/uj.adatbank.ro\/lexikon\/termek\/kovacs-sandor-2\/"},"modified":"2025-06-29T14:46:16","modified_gmt":"2025-06-29T12:46:16","slug":"kovacs-sandor-2","status":"publish","type":"product","link":"https:\/\/uj.adatbank.ro\/lexikon\/termek\/kovacs-sandor-2\/","title":{"rendered":"KOV\u00c1CS S\u00e1ndor"},"content":{"rendered":"<p>Mv., ? \u2020 ?: orvos. \u2013 A Pesti orvosi egyetemen szerezte diplom\u00e1j\u00e1t (1890\/91). Tek\u00e9n volt orvos. \u2013 Irod. H\u00f6gyes; a Szent Istv\u00e1n T\u00e1rsulat tagja (1898).<\/br><\/p>\n","protected":false},"excerpt":{"rendered":"<p>Mv., ? \u2020 ?: orvos. \u2013 A Pesti orvosi egyetemen szerezte diplom\u00e1j\u00e1t (1890\/91). Tek\u00e9n volt orvos. \u2013 Irod. H\u00f6gyes; a Szent Istv\u00e1n T\u00e1rsulat tagja (1898).<\/p>\n","protected":false},"featured_media":0,"comment_status":"open","ping_status":"closed","template":"","meta":[],"product_brand":[],"product_cat":[137],"product_tag":[],"class_list":{"0":"post-12996","1":"product","2":"type-product","3":"status-publish","5":"product_cat-maros-megyei-eletrajzi-lexikon","7":"first","8":"instock","9":"shipping-taxable","10":"product-type-simple"},"_links":{"self":[{"href":"https:\/\/uj.adatbank.ro\/lexikon\/wp-json\/wp\/v2\/product\/12996","targetHints":{"allow":["GET"]}}],"collection":[{"href":"https:\/\/uj.adatbank.ro\/lexikon\/wp-json\/wp\/v2\/product"}],"about":[{"href":"https:\/\/uj.adatbank.ro\/lexikon\/wp-json\/wp\/v2\/types\/product"}],"replies":[{"embeddable":true,"href":"https:\/\/uj.adatbank.ro\/lexikon\/wp-json\/wp\/v2\/comments?post=12996"}],"wp:attachment":[{"href":"https:\/\/uj.adatbank.ro\/lexikon\/wp-json\/wp\/v2\/media?parent=12996"}],"wp:term":[{"taxonomy":"product_brand","embeddable":true,"href":"https:\/\/uj.adatbank.ro\/lexikon\/wp-json\/wp\/v2\/product_brand?post=12996"},{"taxonomy":"product_cat","embeddable":true,"href":"https:\/\/uj.adatbank.ro\/lexikon\/wp-json\/wp\/v2\/product_cat?post=12996"},{"taxonomy":"product_tag","embeddable":true,"href":"https:\/\/uj.adatbank.ro\/lexikon\/wp-json\/wp\/v2\/product_tag?post=12996"}],"curies":[{"name":"wp","href":"https:\/\/api.w.org\/{rel}","templated":true}]}}