{"id":13004,"date":"2025-06-29T14:46:32","date_gmt":"2025-06-29T12:46:32","guid":{"rendered":"https:\/\/uj.adatbank.ro\/lexikon\/termek\/kovacs-szabo-ferenc-kovats-szabo-ferenc\/"},"modified":"2025-06-29T14:46:32","modified_gmt":"2025-06-29T12:46:32","slug":"kovacs-szabo-ferenc-kovats-szabo-ferenc","status":"publish","type":"product","link":"https:\/\/uj.adatbank.ro\/lexikon\/termek\/kovacs-szabo-ferenc-kovats-szabo-ferenc\/","title":{"rendered":"KOV\u00c1CS SZAB\u00d3 Ferenc, Kov\u00e1ts Szab\u00f3 Ferenc"},"content":{"rendered":"<p>?, \u2020 ? : v\u00e1rosb\u00edr\u00f3. \u2013 Mv. b\u00edr\u00e1ja (1653, 1655, 1657, 1659, 1662). A v\u00e1ros v\u00e9delm\u00e9re Apaffi Gy\u00f6rgyn\u00e9t\u0151l v\u00e1s\u00e1rolt egy tarackot (1655)<br \/><strong>Irod.:<\/strong> Id\u0151t\u00e1r 1; Marossz\u00e9ki kr\u00f3nik\u00e1k 1.<\/br><\/p>\n","protected":false},"excerpt":{"rendered":"<p>?, \u2020 ? : v\u00e1rosb\u00edr\u00f3. \u2013 Mv. b\u00edr\u00e1ja (1653, 1655, 1657, 1659, 1662). A v\u00e1ros v\u00e9delm\u00e9re Apaffi Gy\u00f6rgyn\u00e9t\u0151l v\u00e1s\u00e1rolt egy tarackot (1655)Irod.: Id\u0151t\u00e1r 1; Marossz\u00e9ki kr\u00f3nik\u00e1k 1.<\/p>\n","protected":false},"featured_media":0,"comment_status":"open","ping_status":"closed","template":"","meta":[],"product_brand":[],"product_cat":[137],"product_tag":[],"class_list":{"0":"post-13004","1":"product","2":"type-product","3":"status-publish","5":"product_cat-maros-megyei-eletrajzi-lexikon","7":"first","8":"instock","9":"shipping-taxable","10":"product-type-simple"},"_links":{"self":[{"href":"https:\/\/uj.adatbank.ro\/lexikon\/wp-json\/wp\/v2\/product\/13004","targetHints":{"allow":["GET"]}}],"collection":[{"href":"https:\/\/uj.adatbank.ro\/lexikon\/wp-json\/wp\/v2\/product"}],"about":[{"href":"https:\/\/uj.adatbank.ro\/lexikon\/wp-json\/wp\/v2\/types\/product"}],"replies":[{"embeddable":true,"href":"https:\/\/uj.adatbank.ro\/lexikon\/wp-json\/wp\/v2\/comments?post=13004"}],"wp:attachment":[{"href":"https:\/\/uj.adatbank.ro\/lexikon\/wp-json\/wp\/v2\/media?parent=13004"}],"wp:term":[{"taxonomy":"product_brand","embeddable":true,"href":"https:\/\/uj.adatbank.ro\/lexikon\/wp-json\/wp\/v2\/product_brand?post=13004"},{"taxonomy":"product_cat","embeddable":true,"href":"https:\/\/uj.adatbank.ro\/lexikon\/wp-json\/wp\/v2\/product_cat?post=13004"},{"taxonomy":"product_tag","embeddable":true,"href":"https:\/\/uj.adatbank.ro\/lexikon\/wp-json\/wp\/v2\/product_tag?post=13004"}],"curies":[{"name":"wp","href":"https:\/\/api.w.org\/{rel}","templated":true}]}}