{"id":13040,"date":"2025-06-29T14:47:51","date_gmt":"2025-06-29T12:47:51","guid":{"rendered":"https:\/\/uj.adatbank.ro\/lexikon\/termek\/kovacsi-pal-kovats-pal-kovacs-pal-kowaczy-pal-kovacs-alias-varga-pal\/"},"modified":"2025-06-29T14:47:51","modified_gmt":"2025-06-29T12:47:51","slug":"kovacsi-pal-kovats-pal-kovacs-pal-kowaczy-pal-kovacs-alias-varga-pal","status":"publish","type":"product","link":"https:\/\/uj.adatbank.ro\/lexikon\/termek\/kovacsi-pal-kovats-pal-kovacs-pal-kowaczy-pal-kovacs-alias-varga-pal\/","title":{"rendered":"KOV\u00c1CSI P\u00e1l; Kov\u00e1ts P\u00e1l; Kov\u00e1cs P\u00e1l, Kowaczy P\u00e1l; Kov\u00e1cs alias Varga P\u00e1l"},"content":{"rendered":"<p>? \u2020 ?: f\u0151b\u00edr\u00f3. \u2013 Mv. f\u0151b\u00edr\u00e1ja (1581, 1585, 1588, 1589, 1590, 1591, 1596, 1597, 1598, 1600.). J\u00f3v\u00e1hagyta \u00e9s meger\u0151s\u00edtette a borb\u00e9lyc\u00e9h bemutatott szab\u00e1lyzat\u00e1t (1590); Marosv\u00e1s\u00e1rhely v\u00e1ros f\u0151b\u00edr\u00e1ja \u00e9s tan\u00e1csa a borb\u00e9ly mesterek k\u00e9r\u00e9s\u00e9re meg\u00faj\u00edtja a c\u00e9hnek B\u00e1thory Zsigmond fejedelemt\u0151l kapott, de elveszett c\u00e9h-szab\u00e1lyait, \u00fajakkal is p\u00f3tolv\u00e1n azt. (Kelt Marosv\u00e1s\u00e1rhelyt, 1628 \u00e1pril 16-\u00e1n.) <br \/><strong>Irod.:<\/strong> Fodor\u2013Bal\u00e1s; Id\u0151t\u00e1r 1; Marossz\u00e9ki kr\u00f3nik\u00e1k 1; SzOkl, 6<\/br><\/p>\n","protected":false},"excerpt":{"rendered":"<p>? \u2020 ?: f\u0151b\u00edr\u00f3. \u2013 Mv. f\u0151b\u00edr\u00e1ja (1581, 1585, 1588, 1589, 1590, 1591, 1596, 1597, 1598, 1600.). J\u00f3v\u00e1hagyta \u00e9s meger\u0151s\u00edtette a borb\u00e9lyc\u00e9h bemutatott szab\u00e1lyzat\u00e1t (1590); Marosv\u00e1s\u00e1rhely v\u00e1ros f\u0151b\u00edr\u00e1ja \u00e9s tan\u00e1csa a borb\u00e9ly mesterek k\u00e9r\u00e9s\u00e9re meg\u00faj\u00edtja a c\u00e9hnek B\u00e1thory Zsigmond fejedelemt\u0151l kapott, de elveszett c\u00e9h-szab\u00e1lyait, \u00fajakkal is p\u00f3tolv\u00e1n azt. (Kelt Marosv\u00e1s\u00e1rhelyt, 1628 \u00e1pril 16-\u00e1n.) Irod.: Fodor\u2013Bal\u00e1s; [&hellip;]<\/p>\n","protected":false},"featured_media":0,"comment_status":"open","ping_status":"closed","template":"","meta":[],"product_brand":[],"product_cat":[137],"product_tag":[],"class_list":{"0":"post-13040","1":"product","2":"type-product","3":"status-publish","5":"product_cat-maros-megyei-eletrajzi-lexikon","7":"first","8":"instock","9":"shipping-taxable","10":"product-type-simple"},"_links":{"self":[{"href":"https:\/\/uj.adatbank.ro\/lexikon\/wp-json\/wp\/v2\/product\/13040","targetHints":{"allow":["GET"]}}],"collection":[{"href":"https:\/\/uj.adatbank.ro\/lexikon\/wp-json\/wp\/v2\/product"}],"about":[{"href":"https:\/\/uj.adatbank.ro\/lexikon\/wp-json\/wp\/v2\/types\/product"}],"replies":[{"embeddable":true,"href":"https:\/\/uj.adatbank.ro\/lexikon\/wp-json\/wp\/v2\/comments?post=13040"}],"wp:attachment":[{"href":"https:\/\/uj.adatbank.ro\/lexikon\/wp-json\/wp\/v2\/media?parent=13040"}],"wp:term":[{"taxonomy":"product_brand","embeddable":true,"href":"https:\/\/uj.adatbank.ro\/lexikon\/wp-json\/wp\/v2\/product_brand?post=13040"},{"taxonomy":"product_cat","embeddable":true,"href":"https:\/\/uj.adatbank.ro\/lexikon\/wp-json\/wp\/v2\/product_cat?post=13040"},{"taxonomy":"product_tag","embeddable":true,"href":"https:\/\/uj.adatbank.ro\/lexikon\/wp-json\/wp\/v2\/product_tag?post=13040"}],"curies":[{"name":"wp","href":"https:\/\/api.w.org\/{rel}","templated":true}]}}