{"id":13041,"date":"2025-06-29T14:47:53","date_gmt":"2025-06-29T12:47:53","guid":{"rendered":"https:\/\/uj.adatbank.ro\/lexikon\/termek\/kovacsoczy-farkas-kortvelyfai-kovacsoczi-farkas\/"},"modified":"2025-06-29T14:47:53","modified_gmt":"2025-06-29T12:47:53","slug":"kovacsoczy-farkas-kortvelyfai-kovacsoczi-farkas","status":"publish","type":"product","link":"https:\/\/uj.adatbank.ro\/lexikon\/termek\/kovacsoczy-farkas-kortvelyfai-kovacsoczi-farkas\/","title":{"rendered":"KOVACS\u00d3CZY Farkas, k\u00f6rtv\u00e9lyf\u00e1i, Kov\u00e1cs\u00f3czi Farkas"},"content":{"rendered":"<p>Szlav\u00f3niai r\u00e9szek, 1540. k., \u2020 Szamos\u00fajv\u00e1r, 1594. szept. 11.: fejedelmi tan\u00e1csos, Erd\u00e9ly kancell\u00e1rja. \u2013 Apja K. J\u00e1nos Erd\u00e9ly kancell\u00e1rja (1578\u201394). Feles\u00e9ge: 1. Harinnai Farkas Katalin volt, kit\u0151l h\u00e1rom gyermeke sz\u00fcletett; 2. Kendy Krisztina (1593\u2013) Kendy S\u00e1ndor le\u00e1nya \u00e9s akkor m\u00e9g B\u00e1thori Zsigmondt\u00f3l kapta G\u00f6rg\u00e9nyt. M\u0171v\u00e9szeteket, filoz\u00f3fi\u00e1t, csillag\u00e1szatot, orvosi tanokat, t\u00f6rt\u00e9nelmet, term\u00e9szettudom\u00e1nyokat, jogi \u00e9s vall\u00e1si ismereteket Franciao.-ban \u00e9s Padu\u00e1ban- ott B\u00e1thori Istv\u00e1nnal volt, (12\u201315 \u00e9vig), amig diplom\u00e1t kapott a szabad m\u0171v\u00e9szetek \u00e9s az orvostudom\u00e1nyok doktora lett (1575. m\u00e1j. 28.), fejedelmi udvarokat l\u00e1togatott meg. Orvosi gyakorlatot nem folytatott soha. Besz\u00e9lt \u00e9s \u00edrt latin, olasz \u00e9s n\u00e9met nyelven. Elhagyta It\u00e1li\u00e1t (1576). B\u00e1thori Istv\u00e1n amikor fejedelem lett, maga mell\u00e9 vette \u00e9s mag\u00e1val vitte Lengyelorsz\u00e1gba is, hol mint az erd\u00e9lyi \u00e1llam\u00fcgyek titk\u00e1ra szerepelt (1576\u201378); B\u00e1thory Krist\u00f3f alatt erd\u00e9lyi kancell\u00e1r lett (1578) \u00e9s k\u00f6zvet\u00edt\u0151 volt a fejedelmi korm\u00e1ny \u00e9s B\u00e1thory Istv\u00e1n k\u00f6z\u00f6tt. Mih\u00e1lyfy Tam\u00e1s magvaszakadt\u00e1val a kincst\u00e1ri birtokk\u00e1 v\u00e1lt Somosdot, Cs\u00f3k\u00e1t, Vaj\u00e1t, \u00c1kosfalv\u00e1t, Szentgeric\u00e9t, S\u00e1sv\u00e1rit, Koronk\u00e1t, Jeddet, V\u00e1cm\u00e1nt, Sz\u00e9kelytomp\u00e1t, L\u0151rincfalv\u00e1n \u00e9s Ilencfalv\u00e1n r\u00e9szbirtokokat a fejedelem K. F. -nak \u00e9s \u00f6ccs\u00e9nek, J\u00e1nosnak adom\u00e1nyozta. Kancell\u00e1r\u00e1nak \u00e9s mindk\u00e9t \u00e1g\u00fa \u00f6r\u00f6k\u00f6sseinek \u00e9s ut\u00f3dainak adom\u00e1nyozta a G\u00f6rg\u00e9nyhez csatolt h\u00e9t falu k\u00f6z\u00fcl Remet\u00e9t, Hodost, Jobb\u00e1gytelk\u00e9t \u00e9s Ehedet is (1580. \u00e1pr. 24.). B\u00e1thory Krist\u00f3f hal\u00e1la (1581. m\u00e1j. 27.) ut\u00e1n Zsigmond fejedelem kiskor\u00fas\u00e1ga alatt egyik gy\u00e1mja, el\u0151bb a 12-es tan\u00e1cs, majd a triumviratus tagja volt (1583) s a kancell\u00e1ri tisztet mindv\u00e9gig megtartotta. Mint az erd\u00e9lyi fejedelem k\u00f6vete jelen volt Vars\u00f3ban a lengyel kir\u00e1ly-v\u00e1laszt\u00f3 gy\u0171l\u00e9sen (1578). Kovacs\u00f3czi J\u00e1nossal egy\u00fctt B\u00e1thory Zsigmondt\u00f3l kapta K\u00fck\u00fcll\u0151 megy\u00e9ben Kis-Denk, Sz\u00e9naver\u0151s, Balav\u00e1s\u00e1ra, Dom\u00e1ld, \u00c1d\u00e1mos \u00e9s a domb\u00f3i, Maros megy\u00e9ben Hodos, Jobb\u00e1gytelke, Hited, Dem\u00e9nyh\u00e1za, Temete; Fej\u00e9r megy\u00e9ben a lap\u00e1di j\u00f3sz\u00e1gokat (1592-ben). A tulajdon\u00e1ban volt Ny\u00e1r\u00e1dremete, a Koronka falu \u00e9s birtok, ami el\u0151z\u0151leg a Mih\u00e1lyfy Tam\u00e1s\u00e9 volt. B\u00e1thory Zsigmondt\u00f3l megkapta G\u00f6rg\u00e9ny v\u00e1r\u00e1t \u00e9s a g\u00f6rg\u00e9nyi uradalmat (1580), amit a fejedelemnek 36 ezer arany ft.-ban z\u00e1logos\u00edtott el, a v\u00e1rat \u00e1gy\u00faival \u00e9s l\u00f6v\u0151 szerekkel egy\u00fctt kapta, s\u0151t sz\u00fcks\u00e9g eset\u00e9n gyalog pusk\u00e1sokat is kapott (1593. febr. 20.). A t\u00f6r\u00f6k\u00f6kt\u0151l val\u00f3 elszakad\u00e1st ellenezve, B\u00e1thory Boldizs\u00e1rhoz csatlakozott (1594), kinek szomor\u00fa sors\u00e1ban osztozott; elfogt\u00e1k (1594. aug. 28.) \u00e9s B\u00e1thory Zsigmond kiv\u00e9geztette, a szamosujv\u00e1ri b\u00f6rt\u00f6nben megfojtott\u00e1k (1594. szept. 11.). Levelein, B\u00e1thory Istv\u00e1n dics\u0151it\u0151 or\u00e1ci\u00f3in kiv\u00fcl legjelent\u0151sebb m\u0171ve egy p\u00e1rbesz\u00e9des latin nyelv\u0171 \u00e1llamelm\u00e9leti \u00e9rtekez\u00e9s (De administrationa..), amely a m\u0171faj els\u0151 k\u00e9pvisel\u0151je Mo. -on. \u2013 <strong>F. m.:<\/strong> De Laudibus. Stephani Batorei do Somlio(Velence, 1571); De administratione Transylvaniae dialogus. Adiect est ad maximum et victorem Poloniae regem gratvlatio. (Claudiopoli, 1584). (El\u00f6l \u00e1ll Marcellus Squarcialupus aj\u00e1nl\u00f3 levele Berzeviczy M\u00e1rtonhoz mint p\u00e1rtfog\u00f3j\u00e1hoz \u00e9s Kovach\u00f3czi Farkas levele Gyulai P\u00e1lhoz; Covacocii ad Julanum epistola cum Dialogum legendum mitteret. Egyetlen p\u00e9ld\u00e1nya a Teleki-k\u00f6nyvt\u00e1rban tal\u00e1lhat\u00f3 (Mv.); Ad Ordines Equvitum In Electione Novi Regis, In Conventv Varsavien. Habita Oratio, Anno 1587. Mense Aug: Die 14. (Krakk\u00f3, 1587); <strong>antol\u00f3g.:<\/strong> B\u00e1thori Istv\u00e1n dics\u00e9rete  =  Erd\u00e9ly \u00f6r\u00f6ks\u00e9ge, 2.; <strong>K\u00e9ziratban:<\/strong> K. utas\u00edt\u00e1sa Egri Gy\u00f6rgy g\u00f6rg\u00e9nyi tiszttart\u00f3ja sz\u00e1m\u00e1ra. (Gyula-Fej\u00e9rv\u00e1r, 1592. november 1); K\u00e9zirati latin sz\u00f3noklata a lengyel kir\u00e1lyv\u00e1laszt\u00f3 gy\u0171l\u00e9sen 1587. augusztus 4-\u00e9n; levelei: Nagy-Szeben v\u00e1ros tan\u00e1cs\u00e1hoz, Gyula-Fej\u00e9rv\u00e1r, 1580. decz. 20.; lakodalm\u00e1ra meghiv\u00f3 (melyet 1581. jan. 31. tartott Harinnai Farkas Kat\u00e1val); Zamoiskihoz, (Pr\u00e1sm\u00e1r, 1586. decz. 24); Dudithhoz \u00edrt levelei; Forg\u00e1ch Simonhoz, (Gyula-Fej\u00e9rv\u00e1r, 1589. m\u00e1rcz. 4., 1591. j\u00fal. 20., Torda, 1594. m\u00e1jus 20., Gy. -Fej\u00e9rv\u00e1r, m\u00e1jus 24., 27); Szokolovszky Szaniszl\u00f3hoz (Gyula-Fej\u00e9rv\u00e1r, 1589. aug. 18); G\u00e1lfihoz, kelet n. \u00e9s v\u00e9grendeletei 1590. aug. 3. s. okt. 13. <br \/><strong>Irod.:<\/strong> Bod P.: M. Athenas; Cat. Bibl. T. -B.; Erd\u00e9ly \u00f6r\u00f6ks\u00e9ge (Bp., 1941\u201342); F\u00fcl\u00f6p\u2013Ferencz; Guly\u00e1s; Hor\u00e1nyi; Jakab; Kelemen Lajos 2009, K\u00e9nosi-Uzoni; Lupescu Mak\u00f3 M\u00e1ria: Myndenemet hagyom\u2026hog tanytassag es az Eskolat el ne hagyassak vele. Az ut\u00f3dok tan\u00edttat\u00e1s\u00e1r\u00f3l a kora \u00fajkori erd\u00e9lyi v\u00e9grendeletek t\u00fckr\u00e9ben = Tonk S. 2020; MAM\u0170L; MKL, Nagy Iv\u00e1n; Offner Robert; P\u00e1lmay; Pataki; RMK; Sebesty\u00e9n Mih\u00e1ly: A kancell\u00e1r K. F. (N\u00fa., 1990. m\u00e1j. 18.; 1990. j\u00fan. 1.); Sepsisz\u00e9ki; Somosd; Sz\u00e1deczky Kardos Lajos: K. F. (Bp., 1891); Sz\u00e1deczky Kardos Lajos: A sz\u00e9kely nemzet t\u00f6rt\u00e9nete \u00e9s alkotm\u00e1nya (Bp., 1927); SzOkl, 4; Sz\u00e9kelycs\u00f3ka; Szentgerice; Szinnyei; Tonk S. 2020; T\u00f3th Istv\u00e1n: A gyulafeh\u00e9rv\u00e1ri humanista k\u00f6lt\u00e9szet antol\u00f3gi\u00e1ja (Bp., 2001); \u00daIL; Veress<\/br><\/p>\n","protected":false},"excerpt":{"rendered":"<p>Szlav\u00f3niai r\u00e9szek, 1540. k., \u2020 Szamos\u00fajv\u00e1r, 1594. szept. 11.: fejedelmi tan\u00e1csos, Erd\u00e9ly kancell\u00e1rja. \u2013 Apja K. J\u00e1nos Erd\u00e9ly kancell\u00e1rja (1578\u201394). Feles\u00e9ge: 1. Harinnai Farkas Katalin volt, kit\u0151l h\u00e1rom gyermeke sz\u00fcletett; 2. Kendy Krisztina (1593\u2013) Kendy S\u00e1ndor le\u00e1nya \u00e9s akkor m\u00e9g B\u00e1thori Zsigmondt\u00f3l kapta G\u00f6rg\u00e9nyt. M\u0171v\u00e9szeteket, filoz\u00f3fi\u00e1t, csillag\u00e1szatot, orvosi tanokat, t\u00f6rt\u00e9nelmet, term\u00e9szettudom\u00e1nyokat, jogi \u00e9s vall\u00e1si ismereteket [&hellip;]<\/p>\n","protected":false},"featured_media":0,"comment_status":"open","ping_status":"closed","template":"","meta":[],"product_brand":[],"product_cat":[137],"product_tag":[],"class_list":{"0":"post-13041","1":"product","2":"type-product","3":"status-publish","5":"product_cat-maros-megyei-eletrajzi-lexikon","7":"first","8":"instock","9":"shipping-taxable","10":"product-type-simple"},"_links":{"self":[{"href":"https:\/\/uj.adatbank.ro\/lexikon\/wp-json\/wp\/v2\/product\/13041","targetHints":{"allow":["GET"]}}],"collection":[{"href":"https:\/\/uj.adatbank.ro\/lexikon\/wp-json\/wp\/v2\/product"}],"about":[{"href":"https:\/\/uj.adatbank.ro\/lexikon\/wp-json\/wp\/v2\/types\/product"}],"replies":[{"embeddable":true,"href":"https:\/\/uj.adatbank.ro\/lexikon\/wp-json\/wp\/v2\/comments?post=13041"}],"wp:attachment":[{"href":"https:\/\/uj.adatbank.ro\/lexikon\/wp-json\/wp\/v2\/media?parent=13041"}],"wp:term":[{"taxonomy":"product_brand","embeddable":true,"href":"https:\/\/uj.adatbank.ro\/lexikon\/wp-json\/wp\/v2\/product_brand?post=13041"},{"taxonomy":"product_cat","embeddable":true,"href":"https:\/\/uj.adatbank.ro\/lexikon\/wp-json\/wp\/v2\/product_cat?post=13041"},{"taxonomy":"product_tag","embeddable":true,"href":"https:\/\/uj.adatbank.ro\/lexikon\/wp-json\/wp\/v2\/product_tag?post=13041"}],"curies":[{"name":"wp","href":"https:\/\/api.w.org\/{rel}","templated":true}]}}