{"id":13059,"date":"2025-06-29T14:48:30","date_gmt":"2025-06-29T12:48:30","guid":{"rendered":"https:\/\/uj.adatbank.ro\/lexikon\/termek\/kovasznai-kelemen\/"},"modified":"2025-06-29T14:48:30","modified_gmt":"2025-06-29T12:48:30","slug":"kovasznai-kelemen","status":"publish","type":"product","link":"https:\/\/uj.adatbank.ro\/lexikon\/termek\/kovasznai-kelemen\/","title":{"rendered":"KOV\u00c1SZNAI Kelemen"},"content":{"rendered":"<p>? \u2020 ?: ref. lelk\u00e9sz. \u2013 Lelk\u00e9sz volt Ny\u00e1r\u00e1dszered\u00e1ban (1692) \u00e9s S\u00f3v\u00e1radon (1686\u20131703, 1723\u20131725). Sebesty\u00e9n Mih\u00e1ly fedezte fel k\u00e9ziratos im\u00e1j\u00e1t a Kom\u00e1romi Csipk\u00e9s Gy\u00f6rgy Concionum sacrum (Debrecen, 1669) kis pr\u00e9dik\u00e1ci\u00f3s k\u00f6nyv\u00e9nek el\u0151z\u00e9klapj\u00e1n. <br \/><strong>Irod.:<\/strong> Kov\u00e1sznai; Sebesty\u00e9n Mih\u00e1ly: K\u00f6ny\u00f6rg\u00e9s eg\u00e9sz h\u00e9tre (N\u00fa., 2003. j\u00fal. 17)<\/br><\/p>\n","protected":false},"excerpt":{"rendered":"<p>? \u2020 ?: ref. lelk\u00e9sz. \u2013 Lelk\u00e9sz volt Ny\u00e1r\u00e1dszered\u00e1ban (1692) \u00e9s S\u00f3v\u00e1radon (1686\u20131703, 1723\u20131725). Sebesty\u00e9n Mih\u00e1ly fedezte fel k\u00e9ziratos im\u00e1j\u00e1t a Kom\u00e1romi Csipk\u00e9s Gy\u00f6rgy Concionum sacrum (Debrecen, 1669) kis pr\u00e9dik\u00e1ci\u00f3s k\u00f6nyv\u00e9nek el\u0151z\u00e9klapj\u00e1n. Irod.: Kov\u00e1sznai; Sebesty\u00e9n Mih\u00e1ly: K\u00f6ny\u00f6rg\u00e9s eg\u00e9sz h\u00e9tre (N\u00fa., 2003. j\u00fal. 17)<\/p>\n","protected":false},"featured_media":0,"comment_status":"open","ping_status":"closed","template":"","meta":[],"product_brand":[],"product_cat":[137],"product_tag":[],"class_list":{"0":"post-13059","1":"product","2":"type-product","3":"status-publish","5":"product_cat-maros-megyei-eletrajzi-lexikon","7":"first","8":"instock","9":"shipping-taxable","10":"product-type-simple"},"_links":{"self":[{"href":"https:\/\/uj.adatbank.ro\/lexikon\/wp-json\/wp\/v2\/product\/13059","targetHints":{"allow":["GET"]}}],"collection":[{"href":"https:\/\/uj.adatbank.ro\/lexikon\/wp-json\/wp\/v2\/product"}],"about":[{"href":"https:\/\/uj.adatbank.ro\/lexikon\/wp-json\/wp\/v2\/types\/product"}],"replies":[{"embeddable":true,"href":"https:\/\/uj.adatbank.ro\/lexikon\/wp-json\/wp\/v2\/comments?post=13059"}],"wp:attachment":[{"href":"https:\/\/uj.adatbank.ro\/lexikon\/wp-json\/wp\/v2\/media?parent=13059"}],"wp:term":[{"taxonomy":"product_brand","embeddable":true,"href":"https:\/\/uj.adatbank.ro\/lexikon\/wp-json\/wp\/v2\/product_brand?post=13059"},{"taxonomy":"product_cat","embeddable":true,"href":"https:\/\/uj.adatbank.ro\/lexikon\/wp-json\/wp\/v2\/product_cat?post=13059"},{"taxonomy":"product_tag","embeddable":true,"href":"https:\/\/uj.adatbank.ro\/lexikon\/wp-json\/wp\/v2\/product_tag?post=13059"}],"curies":[{"name":"wp","href":"https:\/\/api.w.org\/{rel}","templated":true}]}}