{"id":13060,"date":"2025-06-29T14:48:33","date_gmt":"2025-06-29T12:48:33","guid":{"rendered":"https:\/\/uj.adatbank.ro\/lexikon\/termek\/kovasznai-kelemen-2\/"},"modified":"2025-06-29T14:48:33","modified_gmt":"2025-06-29T12:48:33","slug":"kovasznai-kelemen-2","status":"publish","type":"product","link":"https:\/\/uj.adatbank.ro\/lexikon\/termek\/kovasznai-kelemen-2\/","title":{"rendered":"KOV\u00c1SZNAI Kelemen"},"content":{"rendered":"<p>Kov\u00e1szna, 1695., \u2020 Sz\u00e9kelykakasd, 1762 v. 1763.: ref. lelk\u00e9sz. \u2013 T\u00f3t Mikl\u00f3s jobb\u00e1gy fia. Gyermekei: M\u00e1ria (kor\u00e1n meghalt), J\u00e1nos, J\u00f3zsef, S\u00e1ndor (1730. febr. 12.), M\u00e1ria, Kl\u00e1ra, S\u00e1muel. \u00c9let\u00e9r\u0151l fia, S\u00e1ndor \u00edrt Az \u00e9sz igaz \u00fatj\u00e1n c. visszaeml\u00e9kez\u00e9s\u00e9ben. Apja jobb\u00e1gy volt, \u0151t a lelk\u00e9szi p\u00e1lya emelte ki a jobb\u00e1gys\u00e1gb\u00f3l. Iskol\u00e1it Kov\u00e1szn\u00e1n \u00e9s Nagyenyeden v\u00e9gezte (1715\u2013). Nagyon mostoha k\u00f6r\u00fclm\u00e9nyek k\u00f6z\u00f6tt \u00e9lt (a f\u0171tetlen konviktusban lefagytak a l\u00e1b\u00fajjai). \u00c1tiratkozott a mv.-i Ref. Koll. -ba, majd Mez\u0151b\u00e1ndon lett k\u00e1ntortan\u00edt\u00f3, azut\u00e1n Kib\u00e9den lelkip\u00e1sztor \u00e9s n\u00f3t\u00e1rius (1717\u201322). Mv.-en a Gener\u00e1lis Zsinat szentelte papp\u00e1 (1722. j\u00fan. 14.). Kelementelk\u00e9n szolg\u00e1lt (1722\u201327), majd Fintah\u00e1za h\u00edvta meg lelk\u00e9sznek (1727\u201332), sz\u00e9p pr\u00e9dik\u00e1ci\u00f3i miatt Somosdra h\u00edvt\u00e1k meg (1732\u201349). Nagytud\u00e1s\u00fa lp. volt, iskol\u00e1t alap\u00edtott saj\u00e1t otthon\u00e1ban, m\u00e9g a t\u00e1volabbi falvakb\u00f3l is hoztak gyermekeket Somosdra tan\u00edtattni. Szolg\u00e1lata idej\u00e9ben \u00faj isk. -t \u00e9p\u00edttetett (1737). Tizennyolc \u00e9vi szolg\u00e1lat ut\u00e1n, ismeretlen okb\u00f3l, az egyh\u00e1zmegye \u00e1thelyezte a sokkal kisebb gy\u00fclekezet\u0171 Kakasdra (1749\u201356). <br \/><strong>Irod.:<\/strong> Imreh Barna; Kov\u00e1sznai; Somosd; Sz\u00e9kelykakasd<\/br><\/p>\n","protected":false},"excerpt":{"rendered":"<p>Kov\u00e1szna, 1695., \u2020 Sz\u00e9kelykakasd, 1762 v. 1763.: ref. lelk\u00e9sz. \u2013 T\u00f3t Mikl\u00f3s jobb\u00e1gy fia. Gyermekei: M\u00e1ria (kor\u00e1n meghalt), J\u00e1nos, J\u00f3zsef, S\u00e1ndor (1730. febr. 12.), M\u00e1ria, Kl\u00e1ra, S\u00e1muel. \u00c9let\u00e9r\u0151l fia, S\u00e1ndor \u00edrt Az \u00e9sz igaz \u00fatj\u00e1n c. visszaeml\u00e9kez\u00e9s\u00e9ben. Apja jobb\u00e1gy volt, \u0151t a lelk\u00e9szi p\u00e1lya emelte ki a jobb\u00e1gys\u00e1gb\u00f3l. Iskol\u00e1it Kov\u00e1szn\u00e1n \u00e9s Nagyenyeden v\u00e9gezte (1715\u2013). Nagyon [&hellip;]<\/p>\n","protected":false},"featured_media":0,"comment_status":"open","ping_status":"closed","template":"","meta":[],"product_brand":[],"product_cat":[137],"product_tag":[],"class_list":{"0":"post-13060","1":"product","2":"type-product","3":"status-publish","5":"product_cat-maros-megyei-eletrajzi-lexikon","7":"first","8":"instock","9":"shipping-taxable","10":"product-type-simple"},"_links":{"self":[{"href":"https:\/\/uj.adatbank.ro\/lexikon\/wp-json\/wp\/v2\/product\/13060","targetHints":{"allow":["GET"]}}],"collection":[{"href":"https:\/\/uj.adatbank.ro\/lexikon\/wp-json\/wp\/v2\/product"}],"about":[{"href":"https:\/\/uj.adatbank.ro\/lexikon\/wp-json\/wp\/v2\/types\/product"}],"replies":[{"embeddable":true,"href":"https:\/\/uj.adatbank.ro\/lexikon\/wp-json\/wp\/v2\/comments?post=13060"}],"wp:attachment":[{"href":"https:\/\/uj.adatbank.ro\/lexikon\/wp-json\/wp\/v2\/media?parent=13060"}],"wp:term":[{"taxonomy":"product_brand","embeddable":true,"href":"https:\/\/uj.adatbank.ro\/lexikon\/wp-json\/wp\/v2\/product_brand?post=13060"},{"taxonomy":"product_cat","embeddable":true,"href":"https:\/\/uj.adatbank.ro\/lexikon\/wp-json\/wp\/v2\/product_cat?post=13060"},{"taxonomy":"product_tag","embeddable":true,"href":"https:\/\/uj.adatbank.ro\/lexikon\/wp-json\/wp\/v2\/product_tag?post=13060"}],"curies":[{"name":"wp","href":"https:\/\/api.w.org\/{rel}","templated":true}]}}