{"id":13067,"date":"2025-06-29T14:48:46","date_gmt":"2025-06-29T12:48:46","guid":{"rendered":"https:\/\/uj.adatbank.ro\/lexikon\/termek\/kovats-albert\/"},"modified":"2025-06-29T14:48:46","modified_gmt":"2025-06-29T12:48:46","slug":"kovats-albert","status":"publish","type":"product","link":"https:\/\/uj.adatbank.ro\/lexikon\/termek\/kovats-albert\/","title":{"rendered":"KOV\u00c1TS Albert"},"content":{"rendered":"<p>Bar\u00e1tos (Kov.), 1875., \u2020 ? : mozdonyvezet\u0151. \u2013 Iskol\u00e1it Brass\u00f3ban v\u00e9gezte, a lakatosiparban szabadult fel, majd a M\u00c1V hoz ker\u00fclt (1895\u20131930), ahol 33 \u00e9vet t\u00f6lt\u00f6tt el, Mv.-en volt mozdonyvezet\u0151. <br \/><strong>Irod.:<\/strong> Sz\u00e9kelyf\u00f6ld \u00ed. k.<\/br><\/p>\n","protected":false},"excerpt":{"rendered":"<p>Bar\u00e1tos (Kov.), 1875., \u2020 ? : mozdonyvezet\u0151. \u2013 Iskol\u00e1it Brass\u00f3ban v\u00e9gezte, a lakatosiparban szabadult fel, majd a M\u00c1V hoz ker\u00fclt (1895\u20131930), ahol 33 \u00e9vet t\u00f6lt\u00f6tt el, Mv.-en volt mozdonyvezet\u0151. Irod.: Sz\u00e9kelyf\u00f6ld \u00ed. k.<\/p>\n","protected":false},"featured_media":0,"comment_status":"open","ping_status":"closed","template":"","meta":[],"product_brand":[],"product_cat":[137],"product_tag":[],"class_list":{"0":"post-13067","1":"product","2":"type-product","3":"status-publish","5":"product_cat-maros-megyei-eletrajzi-lexikon","7":"first","8":"instock","9":"shipping-taxable","10":"product-type-simple"},"_links":{"self":[{"href":"https:\/\/uj.adatbank.ro\/lexikon\/wp-json\/wp\/v2\/product\/13067","targetHints":{"allow":["GET"]}}],"collection":[{"href":"https:\/\/uj.adatbank.ro\/lexikon\/wp-json\/wp\/v2\/product"}],"about":[{"href":"https:\/\/uj.adatbank.ro\/lexikon\/wp-json\/wp\/v2\/types\/product"}],"replies":[{"embeddable":true,"href":"https:\/\/uj.adatbank.ro\/lexikon\/wp-json\/wp\/v2\/comments?post=13067"}],"wp:attachment":[{"href":"https:\/\/uj.adatbank.ro\/lexikon\/wp-json\/wp\/v2\/media?parent=13067"}],"wp:term":[{"taxonomy":"product_brand","embeddable":true,"href":"https:\/\/uj.adatbank.ro\/lexikon\/wp-json\/wp\/v2\/product_brand?post=13067"},{"taxonomy":"product_cat","embeddable":true,"href":"https:\/\/uj.adatbank.ro\/lexikon\/wp-json\/wp\/v2\/product_cat?post=13067"},{"taxonomy":"product_tag","embeddable":true,"href":"https:\/\/uj.adatbank.ro\/lexikon\/wp-json\/wp\/v2\/product_tag?post=13067"}],"curies":[{"name":"wp","href":"https:\/\/api.w.org\/{rel}","templated":true}]}}