{"id":13069,"date":"2025-06-29T14:48:50","date_gmt":"2025-06-29T12:48:50","guid":{"rendered":"https:\/\/uj.adatbank.ro\/lexikon\/termek\/kovats-antal-jozsef-id-kezdiszentleleki-kovacs-antal-senioris\/"},"modified":"2025-06-29T14:48:50","modified_gmt":"2025-06-29T12:48:50","slug":"kovats-antal-jozsef-id-kezdiszentleleki-kovacs-antal-senioris","status":"publish","type":"product","link":"https:\/\/uj.adatbank.ro\/lexikon\/termek\/kovats-antal-jozsef-id-kezdiszentleleki-kovacs-antal-senioris\/","title":{"rendered":"KOV\u00c1TS Antal J\u00f3zsef, id., k\u00e9zdiszentl\u00e9leki; Kov\u00e1cs Antal, senioris"},"content":{"rendered":"<p>K\u00e9zdiszentl\u00e9lek, 1749., \u2020 Mv., 1843. jan. 11.: orvos-doktor \u00e9s sz\u00fcl\u00e9szmester. \u2013 Feles\u00e9ge Horv\u00e1th J\u00falianna. \u2013 Mv. \u2013en telepedett le (1782) v\u00e1rosi tiszti f\u0151orvosa (1782\u20131843). A N\u00e9metv\u00e1rosban kapott h\u00e1zhelyet a v\u00e1rost\u00f3l (1786). Himl\u0151olt\u00e1st v\u00e9gzett Mv.-en (1802); Ir\u00e1ny\u00edtotta a v\u00e1rosban a koleraj\u00e1rv\u00e1ny elleni harcot (1831). M- Kiss P\u00e1l szerint. B\u00e9lteki Nagy Zsigmond viszont azt \u00edrta hogy ki sem mozdult a h\u00e1zb\u00f3l a f\u00e9lelmt\u0151l m\u00e9gis \u0151 kapta a jutalmat Br. J\u00f3sika J\u00e1nos j\u00f3volt\u00e1b\u00f3l. Bolyai J\u00e1nosnak t\u00f6bb alkalommal \u00edrt receptet Mv.-en (1833 \u2013ban). Jeles emberbar\u00e1t, mint a rk. egyh\u00e1z b\u0151kez\u0171 t\u00e1mogat\u00f3j\u00e1t a minorita-templom alatti kript\u00e1ba temett\u00e9k. \u2013 <strong>F. m.:<\/strong> Adsertiones veterinario-medicae adnexo tractatu de morbis epizooticis (Viennae, 1782); R\u00f6vid utas\u00edt\u00e1s a f\u00e1k betegs\u00e9geir\u0151l, gy\u00f3gy\u00edt\u00e1sokr\u00f3l \u00e9s a term\u00e9szet mivolt\u00e1r\u00f3l, munk\u00e1ir\u00f3l. (Mv., 1806, 1809); Dissertatio inaug. med. de amenorrhoea (Budae, 1828); Jegyz\u00e9sek a pestisr\u0151l (Mv., 1829). <br \/><strong>Irod.:<\/strong> D\u00f3czy; Guly\u00e1s; Gy\u0151ry; H\u00edres polg\u00e1rok; Id\u0151t\u00e1r 1; Kiss-P- P ; Kr\u00f3n. F\u00fcz. (1939. 4\/4); M. V\u00e1s\u00e1rhelyi k. kath. iskol\u00e1k \u00e9s nevel\u0151h\u00e1z (Sz\u00e9kely Napt\u00e1r, 1844\u20131845); P\u00e1l-Antal 2009; Rugonfalvi Kiss; Spielmann-Sebesty\u00e9n Mih\u00e1ly: B\u00e9lteki Nagy Zsigmond orvosdoktor csal\u00e1di feljegyz\u00e9sei 1826\u20131857 = K\u00f6nyvek \u00e1ltal\u2026; Szinnyei; Szinnyei J- Sz. J.<\/br><\/p>\n","protected":false},"excerpt":{"rendered":"<p>K\u00e9zdiszentl\u00e9lek, 1749., \u2020 Mv., 1843. jan. 11.: orvos-doktor \u00e9s sz\u00fcl\u00e9szmester. \u2013 Feles\u00e9ge Horv\u00e1th J\u00falianna. \u2013 Mv. \u2013en telepedett le (1782) v\u00e1rosi tiszti f\u0151orvosa (1782\u20131843). A N\u00e9metv\u00e1rosban kapott h\u00e1zhelyet a v\u00e1rost\u00f3l (1786). Himl\u0151olt\u00e1st v\u00e9gzett Mv.-en (1802); Ir\u00e1ny\u00edtotta a v\u00e1rosban a koleraj\u00e1rv\u00e1ny elleni harcot (1831). M- Kiss P\u00e1l szerint. B\u00e9lteki Nagy Zsigmond viszont azt \u00edrta hogy ki [&hellip;]<\/p>\n","protected":false},"featured_media":0,"comment_status":"open","ping_status":"closed","template":"","meta":[],"product_brand":[],"product_cat":[137],"product_tag":[],"class_list":{"0":"post-13069","1":"product","2":"type-product","3":"status-publish","5":"product_cat-maros-megyei-eletrajzi-lexikon","7":"first","8":"instock","9":"shipping-taxable","10":"product-type-simple"},"_links":{"self":[{"href":"https:\/\/uj.adatbank.ro\/lexikon\/wp-json\/wp\/v2\/product\/13069","targetHints":{"allow":["GET"]}}],"collection":[{"href":"https:\/\/uj.adatbank.ro\/lexikon\/wp-json\/wp\/v2\/product"}],"about":[{"href":"https:\/\/uj.adatbank.ro\/lexikon\/wp-json\/wp\/v2\/types\/product"}],"replies":[{"embeddable":true,"href":"https:\/\/uj.adatbank.ro\/lexikon\/wp-json\/wp\/v2\/comments?post=13069"}],"wp:attachment":[{"href":"https:\/\/uj.adatbank.ro\/lexikon\/wp-json\/wp\/v2\/media?parent=13069"}],"wp:term":[{"taxonomy":"product_brand","embeddable":true,"href":"https:\/\/uj.adatbank.ro\/lexikon\/wp-json\/wp\/v2\/product_brand?post=13069"},{"taxonomy":"product_cat","embeddable":true,"href":"https:\/\/uj.adatbank.ro\/lexikon\/wp-json\/wp\/v2\/product_cat?post=13069"},{"taxonomy":"product_tag","embeddable":true,"href":"https:\/\/uj.adatbank.ro\/lexikon\/wp-json\/wp\/v2\/product_tag?post=13069"}],"curies":[{"name":"wp","href":"https:\/\/api.w.org\/{rel}","templated":true}]}}