{"id":13071,"date":"2025-06-29T14:48:55","date_gmt":"2025-06-29T12:48:55","guid":{"rendered":"https:\/\/uj.adatbank.ro\/lexikon\/termek\/kovats-aron\/"},"modified":"2025-06-29T14:48:55","modified_gmt":"2025-06-29T12:48:55","slug":"kovats-aron","status":"publish","type":"product","link":"https:\/\/uj.adatbank.ro\/lexikon\/termek\/kovats-aron\/","title":{"rendered":"KOV\u00c1TS \u00c1ron"},"content":{"rendered":"<p>? \u2020 ? : pap. \u2013 A kistemplom orgon\u00e1j\u00e1t \u0151 szentelte fel (1866. okt. 7.). <br \/><strong>Irod.:<\/strong> Kr\u00f3n F\u00fcz. (1937 2\/2)<\/br><\/p>\n","protected":false},"excerpt":{"rendered":"<p>? \u2020 ? : pap. \u2013 A kistemplom orgon\u00e1j\u00e1t \u0151 szentelte fel (1866. okt. 7.). Irod.: Kr\u00f3n F\u00fcz. (1937 2\/2)<\/p>\n","protected":false},"featured_media":0,"comment_status":"open","ping_status":"closed","template":"","meta":[],"product_brand":[],"product_cat":[137],"product_tag":[],"class_list":{"0":"post-13071","1":"product","2":"type-product","3":"status-publish","5":"product_cat-maros-megyei-eletrajzi-lexikon","7":"first","8":"instock","9":"shipping-taxable","10":"product-type-simple"},"_links":{"self":[{"href":"https:\/\/uj.adatbank.ro\/lexikon\/wp-json\/wp\/v2\/product\/13071","targetHints":{"allow":["GET"]}}],"collection":[{"href":"https:\/\/uj.adatbank.ro\/lexikon\/wp-json\/wp\/v2\/product"}],"about":[{"href":"https:\/\/uj.adatbank.ro\/lexikon\/wp-json\/wp\/v2\/types\/product"}],"replies":[{"embeddable":true,"href":"https:\/\/uj.adatbank.ro\/lexikon\/wp-json\/wp\/v2\/comments?post=13071"}],"wp:attachment":[{"href":"https:\/\/uj.adatbank.ro\/lexikon\/wp-json\/wp\/v2\/media?parent=13071"}],"wp:term":[{"taxonomy":"product_brand","embeddable":true,"href":"https:\/\/uj.adatbank.ro\/lexikon\/wp-json\/wp\/v2\/product_brand?post=13071"},{"taxonomy":"product_cat","embeddable":true,"href":"https:\/\/uj.adatbank.ro\/lexikon\/wp-json\/wp\/v2\/product_cat?post=13071"},{"taxonomy":"product_tag","embeddable":true,"href":"https:\/\/uj.adatbank.ro\/lexikon\/wp-json\/wp\/v2\/product_tag?post=13071"}],"curies":[{"name":"wp","href":"https:\/\/api.w.org\/{rel}","templated":true}]}}